000
CXUS54 KCRP 011708
CF6COT
PRELIMINARY LOCAL CLIMATOLOGICAL DATA (WS FORM: F-6)
STATION: COTULLA
MONTH: OCTOBER
YEAR: 2023
LATITUDE: 28 27 N
LONGITUDE: 99 13 W
TEMPERATURE IN F: :PCPN: SNOW: WIND :SUNSHINE: SKY :PK WND
================================================================================
1 2 3 4 5 6A 6B 7 8 9 10 11 12 13 14 15 16 17 18
12Z AVG MX 2MIN
DY MAX MIN AVG DEP HDD CDD WTR SNW DPTH SPD SPD DIR MIN PSBL S-S WX SPD DR
================================================================================
1 95 78 87 8 0 22 0.02 0.0 0 8.6 22 140 M M 3 1 29 110
2 87 77 82 3 0 17 0.12 0.0 0 7.2 18 100 M M 6 13 26 100
3 98 76 87 9 0 22 0.00 0.0 0 6.9 14 120 M M 5 21 120
4 101 79 90 12 0 25 0.00 0.0 0 9.8 18 140 M M 2 24 140
5 84 73 79 1 0 14 1.12 0.0 0 6.2 23 30 M M 4 138 34 30
6 85 72 79 1 0 14 M 0.0 0 3.5 10 60 M M 1 18 15 60
7 79 66 73 -5 0 8 0.00 0.0 0 5.8 15 60 M M 0 24 40
8 75 61 68 -9 0 3 0.00 0.0 0 4.8 10 130 M M 2 15 140
9 84 62 73 -4 0 8 T 0.0 0 5.8 15 170 M M 5 23 180
10 76 67 72 -5 0 7 0.29 0.0 0 6.8 15 150 M M 7 1 21 140
11 80 67 74 -2 0 9 0.02 0.0 0 6.4 15 120 M M 7 1 19 130
12 90 69 80 4 0 15 0.00 0.0 0 8.9 17 140 M M 6 1 23 160
13 91 74 83 7 0 18 0.00 0.0 0 6.1 16 50 M M 7 26 60
14 81 61 71 -5 0 6 0.00 0.0 0 6.6 16 50 M M 8 24 60
15 79 56 68 -7 0 3 0.00 0.0 0 6.2 13 20 M M 6 19 10
16 80 48 64 -11 1 0 0.00 0.0 0 4.1 14 330 M M 0 22 290
17 82 50 66 -9 0 1 0.00 0.0 0 6.1 12 170 M M 0 18 170
18 87 53 70 -4 0 5 0.00 0.0 0 7.3 15 170 M M 0 24 160
19 92 61 77 3 0 12 0.00 0.0 0 4.5 12 30 M M 0 17 40
20 95 57 76 2 0 11 0.00 0.0 0 3.5 8 260 M M 0 14 260
21 94 60 77 4 0 12 0.00 0.0 0 5.9 15 130 M M 0 19 140
22 93 71 82 9 0 17 0.00 0.0 0 9.7 20 120 M M 2 27 120
23 94 75 85 12 0 20 0.00 0.0 0 14.1 24 130 M M 4 34 130
24 90 78 84 12 0 19 T 0.0 0 14.8 23 130 M M 7 32 150
25 92 77 85 13 0 20 0.01 0.0 0 12.7 22 130 M M 7 28 140
26 93 78 86 15 0 21 0.01 0.0 0 9.1 20 150 M M 6 1 29 140
27 94 76 85 14 0 20 0.00 0.0 0 8.6 22 130 M M 4 1 32 140
28 93 75 84 13 0 19 0.00 0.0 0 9.5 18 140 M M 3 27 150
29 92 49 71 1 0 6 0.15 0.0 0 11.6 22 10 M M 7 1 34 20
30 50 45 48 -22 17 0 0.10 0.0 0 13.3 22 350 M M 10 1 31 10
31 63 41 52 -18 13 0 0.04 0.0 0 6.5 17 340 M M 6 24 340
================================================================================
SM 2669 2032 31 374 1.88 0.0 240.9 M 125
================================================================================
AV 86.1 65.5 7.8 FASTST M M 4 MAX(MPH)
MISC ----> 24 130 # 34 30
================================================================================
NOTES:
# LAST OF SEVERAL OCCURRENCES
COLUMN 17 PEAK WIND IN M.P.H.
PRELIMINARY LOCAL CLIMATOLOGICAL DATA (WS FORM: F-6) , PAGE 2
STATION: COTULLA
MONTH: OCTOBER
YEAR: 2023
LATITUDE: 28 27 N
LONGITUDE: 99 13 W
[TEMPERATURE DATA] [PRECIPITATION DATA] SYMBOLS USED IN COLUMN 16
AVERAGE MONTHLY: 75.8 TOTAL FOR MONTH: 1.88 1 = FOG OR MIST
DPTR FM NORMAL: 1.1 DPTR FM NORMAL: -0.51 2 = FOG REDUCING VISIBILITY
HIGHEST: 101 ON 4 GRTST 24HR 1.12 ON 5- 5 TO 1/4 MILE OR LESS
LOWEST: 41 ON 31 3 = THUNDER
SNOW, ICE PELLETS, HAIL 4 = ICE PELLETS
TOTAL MONTH: 0.0 INCH 5 = HAIL
GRTST 24HR 0.0 6 = FREEZING RAIN OR DRIZZLE
GRTST DEPTH: 0 7 = DUSTSTORM OR SANDSTORM:
VSBY 1/2 MILE OR LESS
8 = SMOKE OR HAZE
[NO. OF DAYS WITH] [WEATHER - DAYS WITH] 9 = BLOWING SNOW
X = TORNADO
MAX 32 OR BELOW: 0 0.01 INCH OR MORE: 10
MAX 90 OR ABOVE: 16 0.10 INCH OR MORE: 5
MIN 32 OR BELOW: 0 0.50 INCH OR MORE: 1
MIN 0 OR BELOW: 0 1.00 INCH OR MORE: 1
[HDD (BASE 65) ]
TOTAL THIS MO. 31 CLEAR (SCALE 0-3) 13
DPTR FM NORMAL 15 PTCLDY (SCALE 4-7) 17
TOTAL FM JUL 1 31 CLOUDY (SCALE 8-10) 1
DPTR FM NORMAL 18
[CDD (BASE 65) ]
TOTAL THIS MO. 374
DPTR FM NORMAL 58 [PRESSURE DATA]
TOTAL FM JAN 1 4817 HIGHEST SLP 30.46 ON 31
DPTR FM NORMAL 992 LOWEST SLP 29.57 ON 12
[REMARKS]
#FINAL-10-23#