000
CXUS52 KJAX 120339
CF6CRG
PRELIMINARY LOCAL CLIMATOLOGICAL DATA (WS FORM: F-6)
STATION: CRAIG EXEC ARPT
MONTH: MAY
YEAR: 2022
LATITUDE: 30 19 N
LONGITUDE: 81 31 W
TEMPERATURE IN F: :PCPN: SNOW: WIND :SUNSHINE: SKY :PK WND
================================================================================
1 2 3 4 5 6A 6B 7 8 9 10 11 12 13 14 15 16 17 18
12Z AVG MX 2MIN
DY MAX MIN AVG DEP HDD CDD WTR SNW DPTH SPD SPD DIR MIN PSBL S-S WX SPD DR
================================================================================
1 83 62 73 2 0 8 0.00 0.0 0 5.9 16 110 M M 1 13 23 140
2 86 66 76 4 0 11 0.00 0.0 0 6.5 16 150 M M 0 22 140
3 86 70 78 6 0 13 0.00 0.0 0 8.6 17 140 M M 1 23 140
4 91 65 78 6 0 13 T 0.0 0 5.2 16 180 M M 0 25 180
5 94 69 82 10 0 17 0.00 0.0 0 6.3 14 250 M M 2 21 260
6 91 72 82 10 0 17 0.07 0.0 0 10.1 23 220 M M 1 3 37 260
7 87 72 80 7 0 15 0.52 0.0 0 11.7 26 250 M M 3 13 40 250
8 81 62 72 -1 0 7 0.00 0.0 0 8.1 17 70 M M 3 25 70
9 73 59 66 -7 0 1 0.00 0.0 0 9.1 17 30 M M 5 25 50
10 77 55 66 -7 0 1 0.00 0.0 0 6.5 20 50 M M 0 28 50
11 78 59 69 -4 0 4 0.00 0.0 0 6.9 18 60 M M 0 26 360
12 78 60 69 -5 0 4 T 0.0 0 8.7 18 40 M M 5 26 70
13 81 67 74 0 0 9 0.04 0.0 0 5.2 14 110 M M 5 20 110
14 83 62 73 -1 0 8 0.02 0.0 0 4.4 14 90 M M 1 3 19 100
15 87 68 78 4 0 13 0.15 0.0 0 3.3 28 340 M M 4 13 36 340
16 91 66 79 5 0 14 0.00 0.0 0 6.2 16 250 M M 1 1 23 290
17 92 73 83 8 0 18 0.00 0.0 0 4.8 13 100 M M 2 17 100
18 89 69 79 4 0 14 0.00 0.0 0 6.1 18 150 M M 0 1 23 150
19 95 74 85 10 0 20 0.00 0.0 0 7.7 17 220 M M 0 26 230
20 93 70 82 7 0 17 0.06 0.0 0 6.6 25 190 M M 1 3 38 180
21 87 70 79 4 0 14 1.38 0.0 0 6.8 26 230 M M 3 13 36 230
22 89 70 80 4 0 15 0.00 0.0 0 7.6 16 150 M M 3 3 23 150
23 89 77 83 7 0 18 0.00 0.0 0 8.9 17 190 M M 3 23 150
24 88 72 80 4 0 15 0.00 0.0 0 8.4 18 150 M M 1 26 140
25 87 69 78 2 0 13 0.00 0.0 0 9.0 20 140 M M 3 29 150
26 91 72 82 6 0 17 0.00 0.0 0 10.4 21 150 M M 1 28 140
27 87 74 81 4 0 16 0.90 0.0 0 8.4 21 230 M M 3 13 26 230
28 91 72 82 5 0 17 0.00 0.0 0 8.0 16 230 M M 3 23 280
29 88 69 79 2 0 14 0.00 0.0 0 6.2 17 140 M M 1 26 110
30 88 73 81 4 0 16 0.00 0.0 0 7.4 17 110 M M 2 28 100
31 87 72 80 3 0 15 0.00 0.0 0 5.4 16 90 M M 2 23 80
================================================================================
SM 2688 2110 0 394 3.14 0.0 224.4 M 60
================================================================================
AV 86.7 68.1 7.2 FASTST M M 2 MAX(MPH)
MISC ----> 28 340 40 250
================================================================================
NOTES:
# LAST OF SEVERAL OCCURRENCES
COLUMN 17 PEAK WIND IN M.P.H.
PRELIMINARY LOCAL CLIMATOLOGICAL DATA (WS FORM: F-6) , PAGE 2
STATION: CRAIG EXEC ARPT
MONTH: MAY
YEAR: 2022
LATITUDE: 30 19 N
LONGITUDE: 81 31 W
[TEMPERATURE DATA] [PRECIPITATION DATA] SYMBOLS USED IN COLUMN 16
AVERAGE MONTHLY: 77.4 TOTAL FOR MONTH: 3.14 1 = FOG OR MIST
DPTR FM NORMAL: 3.0 DPTR FM NORMAL: 0.10 2 = FOG REDUCING VISIBILITY
HIGHEST: 95 ON 19 GRTST 24HR 1.38 ON 21-21 TO 1/4 MILE OR LESS
LOWEST: 55 ON 10 3 = THUNDER
SNOW, ICE PELLETS, HAIL 4 = ICE PELLETS
TOTAL MONTH: 0.0 INCH 5 = HAIL
GRTST 24HR 0.0 6 = FREEZING RAIN OR DRIZZLE
GRTST DEPTH: 0 7 = DUSTSTORM OR SANDSTORM:
VSBY 1/2 MILE OR LESS
8 = SMOKE OR HAZE
[NO. OF DAYS WITH] [WEATHER - DAYS WITH] 9 = BLOWING SNOW
X = TORNADO
MAX 32 OR BELOW: 0 0.01 INCH OR MORE: 8
MAX 90 OR ABOVE: 9 0.10 INCH OR MORE: 4
MIN 32 OR BELOW: 0 0.50 INCH OR MORE: 3
MIN 0 OR BELOW: 0 1.00 INCH OR MORE: 1
[HDD (BASE 65) ]
TOTAL THIS MO. 0 CLEAR (SCALE 0-3) 24
DPTR FM NORMAL -2 PTCLDY (SCALE 4-7) 7
TOTAL FM JUL 1 783 CLOUDY (SCALE 8-10) 0
DPTR FM NORMAL -327
[CDD (BASE 65) ]
TOTAL THIS MO. 394
DPTR FM NORMAL 102 [PRESSURE DATA]
TOTAL FM JAN 1 764 HIGHEST SLP 30.30 ON 21
DPTR FM NORMAL 237 LOWEST SLP 29.66 ON 7
[REMARKS]
#FINAL-05-22#