000
CXUS56 KSGX 011045
CF6CRQ
PRELIMINARY LOCAL CLIMATOLOGICAL DATA (WS FORM: F-6)
STATION: CARLSBAD PALOMAR AIRPORT CA
MONTH: MAY
YEAR: 2022
LATITUDE: 33 7 N
LONGITUDE: 117 17 W
TEMPERATURE IN F: :PCPN: SNOW: WIND :SUNSHINE: SKY :PK WND
================================================================================
1 2 3 4 5 6A 6B 7 8 9 10 11 12 13 14 15 16 17 18
12Z AVG MX 2MIN
DY MAX MIN AVG DEP HDD CDD WTR SNW DPTH SPD SPD DIR MIN PSBL S-S WX SPD DR
================================================================================
1 67 56 62 1 3 0 0.00 M M 8.3 20 220 M M 8 18 24 210
2 64 57 61 -1 4 0 0.00 M M 6.9 14 260 M M 7 19 250
3 63 55 59 -3 6 0 0.00 M M 6.5 15 220 M M 5 18 19 260
4 67 52 60 -2 5 0 0.00 M M 3.4 12 260 M M 4 8 15 270
5 69 58 64 2 1 0 0.00 M M 3.7 13 260 M M 6 1 17 260
6 66 56 61 -1 4 0 0.00 M M 4.9 12 260 M M 4 18 16 240
7 66 59 63 1 2 0 0.00 M M 6.9 15 260 M M 7 18 260
8 64 56 60 -2 5 0 0.00 M M 9.7 17 230 M M 9 23 210
9 63 54 59 -3 6 0 0.00 M M 7.0 15 250 M M 3 21 250
10 65 51 58 -4 7 0 0.00 M M 4.8 15 260 M M 0 22 280
11 64 49 57 -5 8 0 0.00 M M 6.3 17 260 M M 0 24 240
12 73 49 61 -1 4 0 0.00 M M 4.4 14 250 M M 0 17 250
13 77 55 66 4 0 1 0.00 M M 3.0 13 270 M M 0 16 250
14 80 59 70 8 0 5 0.00 M M 2.5 12 250 M M 0 14 260
15 71 58 65 3 0 0 0.00 M M 5.0 13 240 M M 2 16 240
16 65 57 61 -2 4 0 0.00 M M 5.6 13 260 M M 6 17 250
17 64 58 61 -2 4 0 0.00 M M 6.8 13 230 M M 6 19 210
18 65 58 62 -1 3 0 0.00 M M 5.8 13 250 M M 5 18 240
19 64 57 61 -2 4 0 0.00 M M 5.9 14 210 M M 10 18 17 260
20 64 56 60 -3 5 0 0.01 M M 7.6 16 220 M M 10 1 20 190
21 63 58 61 -2 4 0 0.00 M M 4.9 13 250 M M 10 8 16 240
22 65 58 62 -1 3 0 0.00 M M 5.0 16 250 M M 8 21 240
23 61 57 59 -4 6 0 0.00 M M 4.2 10 210 M M 10 1 16 240
24 64 57 61 -2 4 0 0.00 M M 3.0 12 240 M M 8 8 17 260
25 66 55 61 -2 4 0 0.00 M M 4.4 10 260 M M 4 18 14 230
26 65 58 62 -1 3 0 0.00 M M 4.1 13 240 M M 10 1 17 230
27 67 59 63 0 2 0 0.00 M M 4.0 12 260 M M 8 17 250
28 64 60 62 -1 3 0 T M M 6.6 13 240 M M 10 19 250
29 67 58 63 0 2 0 0.01 M M 7.5 16 230 M M 7 1 24 230
30 67 60 64 1 1 0 0.00 M M 5.7 13 240 M M 5 17 240
31 67 60 64 1 1 0 0.00 M M 5.5 13 210 M M 3 17 220
================================================================================
SM 2057 1750 108 6 0.02 M 169.9 M 175
================================================================================
AV 66.4 56.5 5.5 FASTST M M 6 MAX(MPH)
MISC ----> 20 220 # 24 210
================================================================================
NOTES:
# LAST OF SEVERAL OCCURRENCES
COLUMN 17 PEAK WIND IN M.P.H.
PRELIMINARY LOCAL CLIMATOLOGICAL DATA (WS FORM: F-6) , PAGE 2
STATION: CARLSBAD PALOMAR AIRPORT CA
MONTH: MAY
YEAR: 2022
LATITUDE: 33 7 N
LONGITUDE: 117 17 W
[TEMPERATURE DATA] [PRECIPITATION DATA] SYMBOLS USED IN COLUMN 16
AVERAGE MONTHLY: 61.4 TOTAL FOR MONTH: 0.02 1 = FOG OR MIST
DPTR FM NORMAL: -1.1 DPTR FM NORMAL: -0.26 2 = FOG REDUCING VISIBILITY
HIGHEST: 80 ON 14 GRTST 24HR 0.01 ON 20-20 TO 1/4 MILE OR LESS
LOWEST: 49 ON 12,11 3 = THUNDER
SNOW, ICE PELLETS, HAIL 4 = ICE PELLETS
TOTAL MONTH: M 5 = HAIL
GRTST 24HR M ON M 6 = FREEZING RAIN OR DRIZZLE
GRTST DEPTH: M ON M 7 = DUSTSTORM OR SANDSTORM:
VSBY 1/2 MILE OR LESS
8 = SMOKE OR HAZE
[NO. OF DAYS WITH] [WEATHER - DAYS WITH] 9 = BLOWING SNOW
X = TORNADO
MAX 32 OR BELOW: 0 0.01 INCH OR MORE: 2
MAX 90 OR ABOVE: 0 0.10 INCH OR MORE: 0
MIN 32 OR BELOW: 0 0.50 INCH OR MORE: 0
MIN 0 OR BELOW: 0 1.00 INCH OR MORE: 0
[HDD (BASE 65) ]
TOTAL THIS MO. 108 CLEAR (SCALE 0-3) 8
DPTR FM NORMAL 19 PTCLDY (SCALE 4-7) 13
TOTAL FM JUL 1 1435 CLOUDY (SCALE 8-10) 10
DPTR FM NORMAL -45
[CDD (BASE 65) ]
TOTAL THIS MO. 6
DPTR FM NORMAL -6 [PRESSURE DATA]
TOTAL FM JAN 1 62 HIGHEST SLP 30.15 ON 11
DPTR FM NORMAL 27 LOWEST SLP 29.76 ON 20
[REMARKS]
#FINAL-05-22#