000
CXUS54 KFWD 010830
CF6CRS
PRELIMINARY LOCAL CLIMATOLOGICAL DATA (WS FORM: F-6)
STATION: CORSICANA
MONTH: NOVEMBER
YEAR: 2021
LATITUDE: 32 1 N
LONGITUDE: 96 24 W
TEMPERATURE IN F: :PCPN: SNOW: WIND :SUNSHINE: SKY :PK WND
================================================================================
1 2 3 4 5 6A 6B 7 8 9 10 11 12 13 14 15 16 17 18
12Z AVG MX 2MIN
DY MAX MIN AVG DEP HDD CDD WTR SNW DPTH SPD SPD DIR MIN PSBL S-S WX SPD DR
================================================================================
1 79 54 67 5 0 2 0.00 M M 6.5 13 160 M M 0 18 180
2 72 54 63 1 2 0 0.00 M M 5.7 14 10 M M 6 21 10
3 55 47 51 -11 14 0 0.79 M M 9.2 20 110 M M 10 13 32 40
4 60 45 53 -8 12 0 0.00 M M 6.1 13 30 M M 5 19 360
5 62 39 51 -10 14 0 0.00 M M 2.9 10 70 M M 0 14 70
6 67 40 54 -6 11 0 0.00 M M 2.2 8 80 M M 0 11 80
7 73 43 58 -2 7 0 0.00 M M 7.3 14 160 M M 0 18 150
8 76 48 62 2 3 0 0.00 M M 8.6 16 200 M M 0 1 21 210
9 75 53 64 5 1 0 0.00 M M 8.0 16 200 M M 1 12 23 160
10 79 59 69 10 0 4 T M M 12.5 22 170 M M 7 13 29 170
11 70 47 59 0 6 0 0.42 M M 6.9 16 340 M M 1 13 23 290
12 71 42 57 -1 8 0 0.00 M M 8.2 18 300 M M 0 24 300
13 65 36 51 -7 14 0 0.00 M M 4.9 12 170 M M 0 8 14 30
14 76 47 62 4 3 0 0.00 M M 6.3 14 190 M M 0 8 19 190
15 81 49 65 8 0 0 0.00 M M 8.3 20 210 M M 0 1 26 200
16 80 61 71 14 0 6 0.00 M M 14.7 26 180 M M 4 37 170
17 83 59 71 14 0 6 0.00 M M 15.2 30 200 M M 3 8 40 200
18 65 43 54 -2 11 0 0.00 M M 11.4 21 30 M M 3 31 40
19 63 37 50 -6 15 0 0.00 M M 5.8 14 120 M M 0 20 110
20 74 45 60 4 5 0 0.00 M M 10.2 22 180 M M 2 33 200
21 76 56 66 11 0 1 T M M 10.6 20 300 M M 7 1 27 330
22 68 44 56 1 9 0 0.00 M M 6.6 15 340 M M 0 22 340
23 69 39 54 -1 11 0 0.00 M M 9.5 17 160 M M 0 8 23 160
24 78 54 66 12 0 1 0.03 M M 13.8 25 190 M M 6 1 36 170
25 67 45 56 2 9 0 0.19 M M 13.0 24 340 M M 5 13 35 350
26 52 39 46 -8 19 0 0.00 M M 4.0 10 350 M M 0 14 350
27 56 41 49 -5 16 0 0.41 M M 7.1 12 210 M M 7 1 15 170
28 68 44 56 3 9 0 T M M 6.7 15 360 M M 4 1 20 330
29 71 38 55 2 10 0 0.00 M M 7.0 14 210 M M 0 18 190
30 75 46 61 8 4 0 0.00 M M 9.1 16 200 M M 0 22 180
================================================================================
SM 2106 1394 213 20 1.84 M 248.3 M 71
================================================================================
AV 70.2 46.5 8.3 FASTST M M 2 MAX(MPH)
MISC ----> 30 200 40 200
================================================================================
NOTES:
# LAST OF SEVERAL OCCURRENCES
COLUMN 17 PEAK WIND IN M.P.H.
PRELIMINARY LOCAL CLIMATOLOGICAL DATA (WS FORM: F-6) , PAGE 2
STATION: CORSICANA
MONTH: NOVEMBER
YEAR: 2021
LATITUDE: 32 1 N
LONGITUDE: 96 24 W
[TEMPERATURE DATA] [PRECIPITATION DATA] SYMBOLS USED IN COLUMN 16
AVERAGE MONTHLY: 58.3 TOTAL FOR MONTH: 1.84 1 = FOG OR MIST
DPTR FM NORMAL: 1.0 DPTR FM NORMAL: -1.34 2 = FOG REDUCING VISIBILITY
HIGHEST: 83 ON 17 GRTST 24HR 0.79 ON 3- 3 TO 1/4 MILE OR LESS
LOWEST: 36 ON 13 3 = THUNDER
SNOW, ICE PELLETS, HAIL 4 = ICE PELLETS
TOTAL MONTH: M 5 = HAIL
GRTST 24HR M ON M 6 = FREEZING RAIN OR DRIZZLE
GRTST DEPTH: M ON M 7 = DUSTSTORM OR SANDSTORM:
VSBY 1/2 MILE OR LESS
8 = SMOKE OR HAZE
[NO. OF DAYS WITH] [WEATHER - DAYS WITH] 9 = BLOWING SNOW
X = TORNADO
MAX 32 OR BELOW: 0 0.01 INCH OR MORE: 5
MAX 90 OR ABOVE: 0 0.10 INCH OR MORE: 4
MIN 32 OR BELOW: 0 0.50 INCH OR MORE: 1
MIN 0 OR BELOW: 0 1.00 INCH OR MORE: 0
[HDD (BASE 65) ]
TOTAL THIS MO. 213 CLEAR (SCALE 0-3) 19
DPTR FM NORMAL -46 PTCLDY (SCALE 4-7) 10
TOTAL FM JUL 1 234 CLOUDY (SCALE 8-10) 1
DPTR FM NORMAL -86
[CDD (BASE 65) ]
TOTAL THIS MO. 20
DPTR FM NORMAL -10 [PRESSURE DATA]
TOTAL FM JAN 1 2702 HIGHEST SLP 30.50 ON 19
DPTR FM NORMAL -59 LOWEST SLP 29.81 ON 10
[REMARKS]
#FINAL-11-21#