000
CXUS52 KFFC 011533
CF6CSG
PRELIMINARY LOCAL CLIMATOLOGICAL DATA (WS FORM: F-6)
STATION: COLUMBUS
MONTH: NOVEMBER
YEAR: 2021
LATITUDE: 32 31 N
LONGITUDE: 84 56 W
TEMPERATURE IN F: :PCPN: SNOW: WIND :SUNSHINE: SKY :PK WND
================================================================================
1 2 3 4 5 6A 6B 7 8 9 10 11 12 13 14 15 16 17 18
12Z AVG MX 2MIN
DY MAX MIN AVG DEP HDD CDD WTR SNW DPTH SPD SPD DIR MIN PSBL S-S WX SPD DR
================================================================================
1 73 45 59 -3 6 0 0.00 0.0 M 1.4 9 100 M M 0 16 120
2 74 49 62 1 3 0 0.00 0.0 M 3.9 12 330 M M 0 19 330
3 70 47 59 -2 6 0 0.00 0.0 M 6.4 15 90 M M 1 21 80
4 60 50 55 -6 10 0 0.00 0.0 M 7.6 14 80 M M 8 19 80
5 58 47 53 -7 12 0 0.00 0.0 M 9.5 20 90 M M 4 31 80
6 62 46 54 -6 11 0 0.00 0.0 M 7.5 16 30 M M 0 24 50
7 69 43 56 -4 9 0 0.00 0.0 M 4.0 12 320 M M 0 16 330
8 75 39 57 -2 8 0 0.00 0.0 M 1.4 10 100 M M 0 15 110
9 76 40 58 -1 7 0 0.00 0.0 M 1.0 7 230 M M 0 11 200
10 76 45 61 2 4 0 0.00 0.0 M 0.5 8 150 M M 0 12 170
11 78 51 65 7 0 0 0.15 0.0 M 6.9 20 210 M M 6 1 28 230
12 71 49 60 2 5 0 0.00 0.0 M 2.2 10 210 M M 0 12 13 230
13 62 43 53 -5 12 0 0.00 0.0 M 6.4 17 320 M M 0 27 30
14 62 33 48 -10 17 0 0.00 0.0 M 4.4 14 310 M M 0 19 330
15 68 36 52 -5 13 0 0.00 0.0 M 2.0 12 330 M M 0 15 330
16 73 40 57 0 8 0 0.00 0.0 M 1.2 10 210 M M 1 14 200
17 75 43 59 2 6 0 0.00 0.0 M 1.6 12 210 M M 0 16 240
18 77 48 63 7 2 0 0.00 0.0 M 4.3 17 10 M M 2 26 40
19 68 42 55 -1 10 0 0.00 0.0 M 5.8 14 10 M M 0 21 10
20 64 40 52 -4 13 0 0.00 0.0 M 8.5 20 80 M M 0 26 80
21 69 46 58 2 7 0 0.00 0.0 M 4.2 13 110 M M 3 18 90
22 64 45 55 0 10 0 0.37 M M 7.4 20 330 M M 4 1 29 330
23 59 35 47 -8 18 0 0.00 0.0 M 3.1 9 30 M M 0 14 350
24 61 31 46 -9 19 0 0.00 0.0 M 2.7 10 120 M M 0 18 130
25 67 35 51 -4 14 0 0.00 0.0 M 2.3 10 270 M M 2 15 220
26 59 42 51 -3 14 0 0.06 M M 9.1 18 350 M M 3 1 26 350
27 63 32 48 -6 17 0 0.00 0.0 M 2.7 8 230 M M 0 8 12 240
28 56 38 47 -7 18 0 T 0.0 M 3.6 9 260 M M 2 13 230
29 59 35 47 -7 18 0 0.00 0.0 M 5.2 15 340 M M 0 22 320
30 68 30 49 -5 16 0 0.00 0.0 M 2.1 12 270 M M 0 16 280
================================================================================
SM 2016 1245 313 0 0.58 0.0 128.9 M 36
================================================================================
AV 67.2 41.5 4.3 FASTST M M 1 MAX(MPH)
MISC ----> # 20 90 31 80
================================================================================
NOTES:
# LAST OF SEVERAL OCCURRENCES
COLUMN 17 PEAK WIND IN M.P.H.
PRELIMINARY LOCAL CLIMATOLOGICAL DATA (WS FORM: F-6) , PAGE 2
STATION: COLUMBUS
MONTH: NOVEMBER
YEAR: 2021
LATITUDE: 32 31 N
LONGITUDE: 84 56 W
[TEMPERATURE DATA] [PRECIPITATION DATA] SYMBOLS USED IN COLUMN 16
AVERAGE MONTHLY: 54.4 TOTAL FOR MONTH: 0.58 1 = FOG OR MIST
DPTR FM NORMAL: -3.0 DPTR FM NORMAL: -3.38 2 = FOG REDUCING VISIBILITY
HIGHEST: 78 ON 11 GRTST 24HR 0.37 ON 22-22 TO 1/4 MILE OR LESS
LOWEST: 30 ON 30 3 = THUNDER
SNOW, ICE PELLETS, HAIL 4 = ICE PELLETS
TOTAL MONTH: 0.0 INCH 5 = HAIL
GRTST 24HR 0.0 6 = FREEZING RAIN OR DRIZZLE
GRTST DEPTH: M ON M 7 = DUSTSTORM OR SANDSTORM:
VSBY 1/2 MILE OR LESS
8 = SMOKE OR HAZE
[NO. OF DAYS WITH] [WEATHER - DAYS WITH] 9 = BLOWING SNOW
X = TORNADO
MAX 32 OR BELOW: 0 0.01 INCH OR MORE: 3
MAX 90 OR ABOVE: 0 0.10 INCH OR MORE: 2
MIN 32 OR BELOW: 3 0.50 INCH OR MORE: 0
MIN 0 OR BELOW: 0 1.00 INCH OR MORE: 0
[HDD (BASE 65) ]
TOTAL THIS MO. 313 CLEAR (SCALE 0-3) 25
DPTR FM NORMAL 57 PTCLDY (SCALE 4-7) 4
TOTAL FM JUL 1 355 CLOUDY (SCALE 8-10) 1
DPTR FM NORMAL 40
[CDD (BASE 65) ]
TOTAL THIS MO. 0
DPTR FM NORMAL -23 [PRESSURE DATA]
TOTAL FM JAN 1 2245 HIGHEST SLP 30.44 ON 20
DPTR FM NORMAL -283 LOWEST SLP 29.93 ON 11
[REMARKS]
#FINAL-11-21#