000
CXUS52 KFFC 011110
CF6CSG
PRELIMINARY LOCAL CLIMATOLOGICAL DATA (WS FORM: F-6)
STATION: COLUMBUS
MONTH: APRIL
YEAR: 2020
LATITUDE: 32 31 N
LONGITUDE: 84 56 W
TEMPERATURE IN F: :PCPN: SNOW: WIND :SUNSHINE: SKY :PK WND
================================================================================
1 2 3 4 5 6A 6B 7 8 9 10 11 12 13 14 15 16 17 18
12Z AVG MX 2MIN
DY MAX MIN AVG DEP HDD CDD WTR SNW DPTH SPD SPD DIR MIN PSBL S-S WX SPD DR
================================================================================
1 69 44 57 -4 8 0 0.00 0.0 0 8.4 17 330 M M 0 25 320
2 73 45 59 -2 6 0 0.00 0.0 0 4.2 13 300 M M 0 8 18 310
3 82 46 64 2 1 0 0.00 0.0 0 2.7 13 310 M M 0 18 320
4 84 53 69 7 0 4 0.00 0.0 0 3.2 12 330 M M 1 17 10
5 82 62 72 10 0 7 0.00 0.0 0 3.4 9 210 M M 4 8 12 200
6 85 57 71 9 0 6 T 0.0 0 3.0 10 220 M M 0 14 200
7 77 M M M M M 0.06 0.0 0 2.4 9 230 M M 5 12 270
8 84 63 74 11 0 9 0.27 0.0 0 5.0 18 350 M M 6 13 26 340
9 86 62 74 11 0 9 T 0.0 0 7.2 16 330 M M 3 1 21 310
10 69 51 60 -3 5 0 0.00 0.0 0 8.5 22 10 M M 2 31 10
11 74 41 58 -5 7 0 0.00 0.0 0 3.5 12 240 M M 0 8 15 80
12 80 48 64 0 1 0 0.01 M 0 10.0 26 200 M M 6 3 35 190
13 81 61 71 7 0 6 1.51 0.0 0 10.3 38 270 M M 0 13 58 290
14 79 53 66 2 0 1 0.00 0.0 0 5.9 15 330 M M 1 19 360
15 68 47 58 -6 7 0 0.00 0.0 0 9.0 18 330 M M 1 25 10
16 72 47 60 -5 5 0 0.00 0.0 0 6.7 17 70 M M 0 27 90
17 78 46 62 -3 3 0 0.00 0.0 0 4.3 16 130 M M 0 8 21 140
18 80 60 70 5 0 5 0.00 0.0 0 6.5 20 330 M M 4 1 23 340
19 62 52 57 -8 8 0 5.92 0.0 0 6.8 28 330 M M 8 13 36 340
20 78 58 68 2 0 3 0.40 0.0 0 7.2 17 310 M M 5 13 25 300
21 81 49 65 -1 0 0 0.00 0.0 0 6.6 22 310 M M 0 29 300
22 76 51 64 -2 1 0 T 0.0 0 3.4 13 140 M M 2 15 140
23 64 56 60 -6 5 0 1.67 0.0 0 8.6 25 360 M M 4 13 34 360
24 78 59 69 2 0 4 0.00 0.0 0 5.5 15 330 M M 5 20 290
25 85 56 71 4 0 6 T 0.0 0 8.5 22 240 M M 1 28 330
26 76 56 66 -1 0 1 0.00 0.0 0 13.5 26 330 M M 0 35 330
27 77 48 63 -5 2 0 0.00 0.0 0 5.5 14 20 M M 0 19 350
28 81 53 67 -1 0 2 0.00 0.0 0 3.7 13 230 M M 0 16 210
29 75 56 66 -2 0 1 0.73 0.0 0 7.7 26 330 M M 6 1 37 320
30 70 54 62 -6 3 0 0.00 0.0 0 7.4 20 310 M M 5 1 25 310
================================================================================
SM 2306 1534 62 64 10.57 0.0 188.6 M 69
================================================================================
AV 76.9 52.9 6.3 FASTST M M 2 MAX(MPH)
MISC ----> # 38 270 # 58 290
================================================================================
NOTES:
# LAST OF SEVERAL OCCURRENCES
COLUMN 17 PEAK WIND IN M.P.H.
PRELIMINARY LOCAL CLIMATOLOGICAL DATA (WS FORM: F-6) , PAGE 2
STATION: COLUMBUS
MONTH: APRIL
YEAR: 2020
LATITUDE: 32 31 N
LONGITUDE: 84 56 W
[TEMPERATURE DATA] [PRECIPITATION DATA] SYMBOLS USED IN COLUMN 16
AVERAGE MONTHLY: 64.9 TOTAL FOR MONTH: 10.57 1 = FOG OR MIST
DPTR FM NORMAL: 0.3 DPTR FM NORMAL: 7.02 2 = FOG REDUCING VISIBILITY
HIGHEST: 86 ON 9 GRTST 24HR 5.92 ON 19-19 TO 1/4 MILE OR LESS
LOWEST: 41 ON 11 3 = THUNDER
SNOW, ICE PELLETS, HAIL 4 = ICE PELLETS
TOTAL MONTH: 0.0 INCH 5 = HAIL
GRTST 24HR 0.0 6 = FREEZING RAIN OR DRIZZLE
GRTST DEPTH: 0 7 = DUSTSTORM OR SANDSTORM:
VSBY 1/2 MILE OR LESS
8 = SMOKE OR HAZE
[NO. OF DAYS WITH] [WEATHER - DAYS WITH] 9 = BLOWING SNOW
X = TORNADO
MAX 32 OR BELOW: 0 0.01 INCH OR MORE: 8
MAX 90 OR ABOVE: 0 0.10 INCH OR MORE: 6
MIN 32 OR BELOW: 0 0.50 INCH OR MORE: 4
MIN 0 OR BELOW: 0 1.00 INCH OR MORE: 3
[HDD (BASE 65) ]
TOTAL THIS MO. 62 CLEAR (SCALE 0-3) 19
DPTR FM NORMAL -27 PTCLDY (SCALE 4-7) 11
TOTAL FM JUL 1 1570 CLOUDY (SCALE 8-10) 0
DPTR FM NORMAL -542
[CDD (BASE 65) ]
TOTAL THIS MO. 64
DPTR FM NORMAL -13 [PRESSURE DATA]
TOTAL FM JAN 1 204 HIGHEST SLP 30.28 ON 16
DPTR FM NORMAL 100 LOWEST SLP 29.55 ON 20
[REMARKS]
#FINAL-04-20#