000
CXUS52 KFFC 011010
CF6CSG
PRELIMINARY LOCAL CLIMATOLOGICAL DATA (WS FORM: F-6)
STATION: COLUMBUS
MONTH: OCTOBER
YEAR: 2023
LATITUDE: 32 31 N
LONGITUDE: 84 56 W
TEMPERATURE IN F: :PCPN: SNOW: WIND :SUNSHINE: SKY :PK WND
================================================================================
1 2 3 4 5 6A 6B 7 8 9 10 11 12 13 14 15 16 17 18
12Z AVG MX 2MIN
DY MAX MIN AVG DEP HDD CDD WTR SNW DPTH SPD SPD DIR MIN PSBL S-S WX SPD DR
================================================================================
1 86 64 75 2 0 10 0.00 0.0 M 8.2 20 80 M M 1 27 80
2 86 62 74 1 0 9 0.00 0.0 M 5.5 17 90 M M 1 27 80
3 87 59 73 1 0 8 0.00 0.0 M 4.2 17 80 M M 0 24 80
4 88 60 74 2 0 9 0.00 0.0 M 5.8 17 90 M M 0 22 90
5 87 63 75 3 0 10 0.00 0.0 M 5.3 13 130 M M 0 17 130
6 89 67 78 7 0 13 0.01 0.0 M 5.2 14 360 M M 4 23 360
7 76 57 67 -4 0 2 0.00 0.0 M 9.4 21 340 M M 0 30 320
8 73 46 60 -11 5 0 0.00 0.0 M 4.6 16 320 M M 0 22 320
9 79 44 62 -8 3 0 0.00 0.0 M 2.7 14 240 M M 0 20 290
10 83 49 66 -4 0 1 0.00 0.0 M 2.7 13 300 M M 0 18 290
11 70 60 65 -5 0 0 1.23 0.0 M 3.2 17 100 M M 5 1 24 90
12 66 60 63 -6 2 0 1.63 0.0 M 11.3 21 90 M M 10 1 29 80
13 67 63 65 -4 0 0 0.10 0.0 M 6.2 14 90 M M 10 1 19 70
14 76 61 69 1 0 4 0.00 0.0 M 7.3 18 300 M M 7 1 24 290
15 67 55 61 -7 4 0 0.00 0.0 M 10.2 20 320 M M 7 27 310
16 66 49 58 -10 7 0 0.00 0.0 M 10.7 21 320 M M 5 28 340
17 69 47 58 -9 7 0 0.00 0.0 M 3.5 12 330 M M 0 17 280
18 74 45 60 -7 5 0 0.00 0.0 M 1.0 8 160 M M 0 12 200
19 75 48 62 -4 3 0 T M M 2.8 15 220 M M 2 20 190
20 81 56 69 3 0 4 0.03 0.0 M 7.1 21 290 M M 3 1 29 290
21 78 48 63 -3 2 0 0.00 0.0 M 3.7 15 290 M M 0 8 19 300
22 83 52 68 3 0 3 0.00 0.0 M 2.6 12 20 M M 0 18 30
23 79 48 64 -1 1 0 0.00 0.0 M 4.9 13 160 M M 0 8 18 120
24 78 53 66 2 0 1 0.00 0.0 M 8.5 14 100 M M 0 19 110
25 81 56 69 5 0 4 0.00 0.0 M 8.2 16 130 M M 4 22 120
26 82 61 72 8 0 7 0.00 0.0 M 6.0 14 160 M M 3 18 150
27 81 60 71 8 0 6 0.00 0.0 M 2.6 9 40 M M 4 12 20
28 82 56 69 6 0 4 0.00 0.0 M 1.4 12 150 M M 3 15 150
29 84 59 72 9 0 7 0.00 0.0 M 2.5 10 240 M M 2 15 240
30 85 56 71 9 0 6 0.00 0.0 M 5.8 17 350 M M 1 24 340
31 65 49 57 -5 8 0 0.00 0.0 M 11.1 18 340 M M 5 30 330
================================================================================
SM 2423 1713 47 108 3.00 0.0 174.2 M 77
================================================================================
AV 78.2 55.3 5.6 FASTST M M 2 MAX(MPH)
MISC ----> # 21 340 # 30 320
================================================================================
NOTES:
# LAST OF SEVERAL OCCURRENCES
COLUMN 17 PEAK WIND IN M.P.H.
PRELIMINARY LOCAL CLIMATOLOGICAL DATA (WS FORM: F-6) , PAGE 2
STATION: COLUMBUS
MONTH: OCTOBER
YEAR: 2023
LATITUDE: 32 31 N
LONGITUDE: 84 56 W
[TEMPERATURE DATA] [PRECIPITATION DATA] SYMBOLS USED IN COLUMN 16
AVERAGE MONTHLY: 66.7 TOTAL FOR MONTH: 3.00 1 = FOG OR MIST
DPTR FM NORMAL: -0.9 DPTR FM NORMAL: 0.22 2 = FOG REDUCING VISIBILITY
HIGHEST: 89 ON 6 GRTST 24HR 2.86 ON 11-12 TO 1/4 MILE OR LESS
LOWEST: 44 ON 9 3 = THUNDER
SNOW, ICE PELLETS, HAIL 4 = ICE PELLETS
TOTAL MONTH: 0.0 INCH 5 = HAIL
GRTST 24HR 0.0 6 = FREEZING RAIN OR DRIZZLE
GRTST DEPTH: M ON M 7 = DUSTSTORM OR SANDSTORM:
VSBY 1/2 MILE OR LESS
8 = SMOKE OR HAZE
[NO. OF DAYS WITH] [WEATHER - DAYS WITH] 9 = BLOWING SNOW
X = TORNADO
MAX 32 OR BELOW: 0 0.01 INCH OR MORE: 5
MAX 90 OR ABOVE: 0 0.10 INCH OR MORE: 3
MIN 32 OR BELOW: 0 0.50 INCH OR MORE: 2
MIN 0 OR BELOW: 0 1.00 INCH OR MORE: 2
[HDD (BASE 65) ]
TOTAL THIS MO. 47 CLEAR (SCALE 0-3) 21
DPTR FM NORMAL -12 PTCLDY (SCALE 4-7) 8
TOTAL FM JUL 1 47 CLOUDY (SCALE 8-10) 2
DPTR FM NORMAL -12
[CDD (BASE 65) ]
TOTAL THIS MO. 108
DPTR FM NORMAL -30 [PRESSURE DATA]
TOTAL FM JAN 1 2462 HIGHEST SLP 30.32 ON 25
DPTR FM NORMAL -43 LOWEST SLP 29.67 ON 12
[REMARKS]
#FINAL-10-23#