000
CXUS55 KOHX 011110
CF6CSV
PRELIMINARY LOCAL CLIMATOLOGICAL DATA (WS FORM: F-6)
STATION: CROSSVILLE
MONTH: JUNE
YEAR: 2023
LATITUDE: 35 57 N
LONGITUDE: 85 5 W
TEMPERATURE IN F: :PCPN: SNOW: WIND :SUNSHINE: SKY :PK WND
================================================================================
1 2 3 4 5 6A 6B 7 8 9 10 11 12 13 14 15 16 17 18
12Z AVG MX 2MIN
DY MAX MIN AVG DEP HDD CDD WTR SNW DPTH SPD SPD DIR MIN PSBL S-S WX SPD DR
================================================================================
1 78 57 68 1 0 3 0.00 M M 1.0 10 10 M M 5 18 17 40
2 83 57 70 3 0 5 0.00 M M 3.5 15 50 M M 1 1 22 40
3 84 54 69 2 0 4 0.00 M M 3.6 16 50 M M 1 22 40
4 82 56 69 1 0 4 0.00 M M 2.7 9 40 M M 1 13 15 210
5 82 57 70 2 0 5 0.03 M M 3.8 16 280 M M 1 13 20 270
6 81 56 69 1 0 4 0.00 M M 2.9 12 320 M M 1 18 17 290
7 74 52 63 -5 2 0 0.01 M M 2.7 14 330 M M 6 18 19 320
8 74 51 63 -6 2 0 0.00 M M 5.4 14 60 M M 3 18 19 50
9 76 46 61 -8 4 0 0.00 M M 2.3 12 10 M M 0 18 19 320
10 78 47 63 -6 2 0 0.00 M M 2.7 15 260 M M 1 1 20 270
11 76 61 69 0 0 4 0.38 M M 8.9 36 280 M M 7 13 55 290
12 68 52 60 -10 5 0 0.02 M M 7.4 20 290 M M 7 1 27 280
13 72 47 60 -10 5 0 0.00 M M 4.6 16 260 M M 1 1 25 260
14 75 56 66 -4 0 1 0.01 M M 3.8 17 260 M M 3 1 23 260
15 80 58 69 -1 0 4 0.00 M M 1.9 10 160 M M 2 1 17 190
16 83 58 71 1 0 6 0.00 M M 5.6 18 270 M M 2 1 24 270
17 80 53 67 -4 0 2 0.00 M M 3.3 13 280 M M 0 18 19 270
18 81 52 67 -4 0 2 0.71 M M 2.8 12 210 M M 3 138 19 240
19 79 65 72 1 0 7 0.38 M M 7.8 20 280 M M 8 13 30 260
20 78 65 72 1 0 7 0.21 M M 5.3 15 60 M M 8 13 22 60
21 73 61 67 -5 0 2 0.27 M M 6.7 18 50 M M 9 13 23 50
22 66 59 63 -9 2 0 0.65 M M 3.2 7 10 M M 10 1 10 350
23 73 60 67 -5 0 2 0.00 M M 4.1 12 280 M M 8 1 16 290
24 81 61 71 -1 0 6 0.00 M M 4.0 13 300 M M 5 1 18 360
25 77 61 69 -3 0 4 1.46 M M 3.5 17 50 M M 3 123 24 50
26 81 61 71 -1 0 6 0.63 M M 7.1 22 20 M M 5 13 34 30
27 79 59 69 -4 0 4 0.00 M M 5.9 16 280 M M 2 1 23 270
28 82 58 70 -3 0 5 0.00 M M 2.3 10 300 M M 0 18 17 300
29 80 61 71 -2 0 6 0.11 M M 4.0 30 330 M M 1 18 50 310
30 84 61 73 0 0 8 2.40 M M 7.3 28 140 M M 4 123 47 140
================================================================================
SM 2340 1702 22 101 7.27 M 130.1 M 108
================================================================================
AV 78.0 56.7 4.3 FASTST M M 4 MAX(MPH)
MISC ----> 36 280 55 290
================================================================================
NOTES:
# LAST OF SEVERAL OCCURRENCES
COLUMN 17 PEAK WIND IN M.P.H.
PRELIMINARY LOCAL CLIMATOLOGICAL DATA (WS FORM: F-6) , PAGE 2
STATION: CROSSVILLE
MONTH: JUNE
YEAR: 2023
LATITUDE: 35 57 N
LONGITUDE: 85 5 W
[TEMPERATURE DATA] [PRECIPITATION DATA] SYMBOLS USED IN COLUMN 16
AVERAGE MONTHLY: 67.4 TOTAL FOR MONTH: 7.27 1 = FOG OR MIST
DPTR FM NORMAL: -2.8 DPTR FM NORMAL: 2.34 2 = FOG REDUCING VISIBILITY
HIGHEST: 84 ON 30, 3 GRTST 24HR 2.40 ON 30-30 TO 1/4 MILE OR LESS
LOWEST: 46 ON 9 3 = THUNDER
SNOW, ICE PELLETS, HAIL 4 = ICE PELLETS
TOTAL MONTH: M 5 = HAIL
GRTST 24HR M ON M 6 = FREEZING RAIN OR DRIZZLE
GRTST DEPTH: M ON M 7 = DUSTSTORM OR SANDSTORM:
VSBY 1/2 MILE OR LESS
8 = SMOKE OR HAZE
[NO. OF DAYS WITH] [WEATHER - DAYS WITH] 9 = BLOWING SNOW
X = TORNADO
MAX 32 OR BELOW: 0 0.01 INCH OR MORE: 14
MAX 90 OR ABOVE: 0 0.10 INCH OR MORE: 10
MIN 32 OR BELOW: 0 0.50 INCH OR MORE: 5
MIN 0 OR BELOW: 0 1.00 INCH OR MORE: 2
[HDD (BASE 65) ]
TOTAL THIS MO. 22 CLEAR (SCALE 0-3) 17
DPTR FM NORMAL 7 PTCLDY (SCALE 4-7) 9
TOTAL FM JUL 1 3924 CLOUDY (SCALE 8-10) 4
DPTR FM NORMAL -466
[CDD (BASE 65) ]
TOTAL THIS MO. 101
DPTR FM NORMAL -71 [PRESSURE DATA]
TOTAL FM JAN 1 143 HIGHEST SLP 30.17 ON 30
DPTR FM NORMAL -102 LOWEST SLP 29.64 ON 11
[REMARKS]
#FINAL-06-23#