000
CXUS52 KTAE 010800
CF6CTY
PRELIMINARY LOCAL CLIMATOLOGICAL DATA (WS FORM: F-6)
STATION: CROSS CITY
MONTH: AUGUST
YEAR: 2023
LATITUDE: 29 37 N
LONGITUDE: 83 6 W
TEMPERATURE IN F: :PCPN: SNOW: WIND :SUNSHINE: SKY :PK WND
================================================================================
1 2 3 4 5 6A 6B 7 8 9 10 11 12 13 14 15 16 17 18
12Z AVG MX 2MIN
DY MAX MIN AVG DEP HDD CDD WTR SNW DPTH SPD SPD DIR MIN PSBL S-S WX SPD DR
================================================================================
1 93 73 83 1 0 18 0.27 0.0 0 3.6 12 240 M M 3 1 18 180
2 91 73 82 0 0 17 0.00 0.0 0 4.5 10 70 M M 3 18 M M
3 93 73 83 1 0 18 0.00 0.0 0 2.7 8 260 M M 1 M M
4 88 73 81 -1 0 16 0.86 0.0 0 3.2 9 220 M M 2 13 32 260
5 84 73 79 -3 0 14 1.07 0.0 0 3.4 14 260 M M 4 13 21 260
6 93 73 83 1 0 18 0.00 0.0 M 4.8 10 260 M M 1 1 M M
7 95 75 85 3 0 20 0.00 0.0 0 5.4 13 240 M M 2 20 260
8 93 77 85 3 0 20 0.00 0.0 0 6.0 14 280 M M 2 20 250
9 95 77 86 4 0 21 0.00 0.0 0 5.0 13 260 M M 2 20 260
10 95 79 87 5 0 22 0.00 0.0 0 6.4 16 290 M M 2 18 280
11 95 75 85 3 0 20 0.00 0.0 0 5.7 13 270 M M 2 18 20 270
12 97 77 87 5 0 22 0.00 0.0 0 4.5 10 290 M M 0 M M
13 100 75 88 6 0 23 0.00 0.0 0 3.2 8 250 M M 2 1 M M
14 97 75 86 4 0 21 0.04 0.0 0 2.7 10 250 M M 2 38 17 290
15 91 75 83 1 0 18 0.01 0.0 0 3.3 14 220 M M 1 13 21 220
16 91 75 83 1 0 18 0.85 0.0 0 5.2 10 90 M M 4 13 17 0
17 88 73 81 -1 0 16 0.33 0.0 0 4.4 12 250 M M 3 138 M M
18 91 75 83 1 0 18 0.78 0.0 0 2.8 10 200 M M 5 1 M M
19 95 73 84 3 0 19 0.00 0.0 0 2.7 10 260 M M 3 1 16 90
20 95 75 85 4 0 20 0.22 0.0 0 4.4 12 70 M M 2 13 24 80
21 95 75 85 4 0 20 0.00 0.0 0 4.8 10 80 M M 1 1 16 100
22 95 68 82 1 0 17 0.00 0.0 0 2.5 9 40 M M 2 M M
23 95 75 85 4 0 20 0.00 0.0 0 3.8 10 30 M M 4 16 70
24 95 73 84 3 0 19 0.00 0.0 0 4.6 8 20 M M 1 M M
25 95 72 84 3 0 19 0.00 0.0 0 2.9 9 300 M M 1 M M
26 97 73 85 4 0 20 0.00 0.0 0 3.2 7 90 M M 3 M M
27 97 73 85 4 0 20 0.00 0.0 0 3.1 7 70 M M 3 M M
28 97 73 85 4 0 20 2.64 0.0 0 3.7 8 220 M M 3 13 M M
29 93 73 83 2 0 18 1.11 0.0 0 4.6 9 60 M M 4 13 M M
30 77 75 76 -5 0 11 1.10 0.0 0 14.6 20 100 M M 6 1 39 130
31 90 74 82 1 0 17 1.53 0.0 0 M M M M M M M M
================================================================================
SM 2886 2298 0 580 10.81 0.0 131.7 M 74
================================================================================
AV 93.1 74.1 4.4 FASTST M M 2 MAX(MPH)
MISC ----> 20 100 39 130
================================================================================
NOTES:
# LAST OF SEVERAL OCCURRENCES
COLUMN 17 PEAK WIND IN M.P.H.
PRELIMINARY LOCAL CLIMATOLOGICAL DATA (WS FORM: F-6) , PAGE 2
STATION: CROSS CITY
MONTH: AUGUST
YEAR: 2023
LATITUDE: 29 37 N
LONGITUDE: 83 6 W
[TEMPERATURE DATA] [PRECIPITATION DATA] SYMBOLS USED IN COLUMN 16
AVERAGE MONTHLY: 83.6 TOTAL FOR MONTH: 10.81 1 = FOG OR MIST
DPTR FM NORMAL: 2.2 DPTR FM NORMAL: 2.71 2 = FOG REDUCING VISIBILITY
HIGHEST: 100 ON 13 GRTST 24HR 2.64 ON 28-28 TO 1/4 MILE OR LESS
LOWEST: 68 ON 22 3 = THUNDER
SNOW, ICE PELLETS, HAIL 4 = ICE PELLETS
TOTAL MONTH: 0.0 INCH 5 = HAIL
GRTST 24HR 0.0 6 = FREEZING RAIN OR DRIZZLE
GRTST DEPTH: 0 7 = DUSTSTORM OR SANDSTORM:
VSBY 1/2 MILE OR LESS
8 = SMOKE OR HAZE
[NO. OF DAYS WITH] [WEATHER - DAYS WITH] 9 = BLOWING SNOW
X = TORNADO
MAX 32 OR BELOW: 0 0.01 INCH OR MORE: 13
MAX 90 OR ABOVE: 27 0.10 INCH OR MORE: 11
MIN 32 OR BELOW: 0 0.50 INCH OR MORE: 8
MIN 0 OR BELOW: 0 1.00 INCH OR MORE: 5
[HDD (BASE 65) ]
TOTAL THIS MO. 0 CLEAR (SCALE 0-3) 21
DPTR FM NORMAL 0 PTCLDY (SCALE 4-7) 9
TOTAL FM JUL 1 0 CLOUDY (SCALE 8-10) 1
DPTR FM NORMAL 0
[CDD (BASE 65) ]
TOTAL THIS MO. 580
DPTR FM NORMAL 72 [PRESSURE DATA]
TOTAL FM JAN 1 2243 HIGHEST SLP M ON M
DPTR FM NORMAL 265 LOWEST SLP M ON M
[REMARKS]
#FINAL-08-23#