000
CXUS51 KILN 012128
CF6CVG
PRELIMINARY LOCAL CLIMATOLOGICAL DATA (WS FORM: F-6)...CORRECTED...
STATION: CINCINNATI OH
MONTH: FEBRUARY
YEAR: 2021
LATITUDE: 39 2 N
LONGITUDE: 84 40 W
TEMPERATURE IN F: :PCPN: SNOW: WIND :SUNSHINE: SKY :PK WND
================================================================================
1 2 3 4 5 6A 6B 7 8 9 10 11 12 13 14 15 16 17 18
12Z AVG MX 2MIN
DY MAX MIN AVG DEP HDD CDD WTR SNW DPTH SPD SPD DIR MIN PSBL S-S WX SPD DR
================================================================================
1 32 28 30 -2 35 0 0.20 2.2 1 14.5 22 330 M M 10 18 29 330
2 33 17 25 -7 40 0 T T 2 13.5 23 330 M M 4 18 29 340
3 36 20 28 -4 37 0 0.00 0.0 2 6.9 15 340 M M 2 18 18 310
4 39 22 31 -1 34 0 0.14 T 1 11.7 28 270 M M 10 14 35 270
5 38 26 32 0 33 0 0.00 0.0 T 15.4 29 290 M M 7 37 280
6 38 20 29 -3 36 0 T T T 6.8 21 270 M M 6 28 290
7 28 13 21 -12 44 0 T 0.1 T 9.8 20 350 M M 6 8 26 360
8 37 15 26 -7 39 0 0.32 5.7 0 6.5 13 70 M M 8 12 19 350
9 30 23 27 -6 38 0 0.22 4.1 9 7.4 13 360 M M 10 128 19 350
10 23 20 22 -11 43 0 0.29 3.1 7 12.1 16 30 M M 10 1469 20 70
11 26 19 23 -10 42 0 T 0.2 9 14.2 21 40 M M 10 18 24 30
12 32 19 26 -8 39 0 0.01 0.2 8 10.4 18 20 M M 9 18 25 230
13 26 24 25 -9 40 0 0.00 0.0 7 9.5 16 330 M M 10 8 19 330
14 27 20 24 -10 41 0 T T 6 11.4 20 10 M M 10 18 24 360
15 21 16 19 -15 46 0 0.42 3.7 6 14.5 21 330 M M 10 1489 27 50
16 20 5 13 -22 52 0 0.03 0.6 8 9.1 17 260 M M 9 19 21 270
17 23 4 14 -21 51 0 0.02 0.3 8 7.4 16 60 M M 8 18 18 80
18 28 20 24 -11 41 0 0.09 1.7 10 8.3 14 340 M M 10 158 18 20
19 27 10 19 -16 46 0 T T 9 8.8 17 320 M M 7 18 23 330
20 33 8 21 -15 44 0 0.00 0.0 8 5.8 12 290 M M 5 18 18 210
21 42 17 30 -6 35 0 0.00 0.0 8 11.5 26 140 M M 6 18 35 150
22 46 33 40 4 25 0 0.04 0.0 4 13.4 29 270 M M 9 18 39 210
23 54 34 44 8 21 0 0.00 0.0 2 11.5 26 280 M M 2 32 280
24 64 38 51 14 14 0 0.03 0.0 T 13.3 25 220 M M 6 35 250
25 47 30 39 2 26 0 0.00 0.0 0 7.5 15 10 M M 5 17 30
26 46 31 39 2 26 0 0.03 0.0 0 10.6 22 90 M M 9 1 27 100
27 59 43 51 13 14 0 0.03 0.0 0 7.5 16 290 M M 8 1 20 350
28 61 50 56 18 9 0 2.08 0.0 0 7.7 22 320 M M 10 1 28 280
================================================================================
SM 1016 625 991 0 3.95 21.9 287.0 M 216
================================================================================
AV 36.3 22.3 10.3 FASTST M M 8 MAX(MPH)
MISC ----> # 29 290 39 210
================================================================================
NOTES:
# LAST OF SEVERAL OCCURRENCES
COLUMN 17 PEAK WIND IN M.P.H.
PRELIMINARY LOCAL CLIMATOLOGICAL DATA (WS FORM: F-6) , PAGE 2
STATION: CINCINNATI OH
MONTH: FEBRUARY
YEAR: 2021
LATITUDE: 39 2 N
LONGITUDE: 84 40 W
[TEMPERATURE DATA] [PRECIPITATION DATA] SYMBOLS USED IN COLUMN 16
AVERAGE MONTHLY: 29.3 TOTAL FOR MONTH: 3.95 1 = FOG OR MIST
DPTR FM NORMAL: -5.2 DPTR FM NORMAL: 1.14 2 = FOG REDUCING VISIBILITY
HIGHEST: 64 ON 24 GRTST 24HR 2.08 ON 28-28 TO 1/4 MILE OR LESS
LOWEST: 4 ON 17 3 = THUNDER
SNOW, ICE PELLETS, HAIL 4 = ICE PELLETS
TOTAL MONTH: 21.9 INCHES 5 = HAIL
GRTST 24HR 5.7 ON 8- 8 6 = FREEZING RAIN OR DRIZZLE
GRTST DEPTH: 10 ON 18 7 = DUSTSTORM OR SANDSTORM:
VSBY 1/2 MILE OR LESS
8 = SMOKE OR HAZE
[NO. OF DAYS WITH] [WEATHER - DAYS WITH] 9 = BLOWING SNOW
X = TORNADO
MAX 32 OR BELOW: 13 0.01 INCH OR MORE: 15
MAX 90 OR ABOVE: 0 0.10 INCH OR MORE: 7
MIN 32 OR BELOW: 23 0.50 INCH OR MORE: 1
MIN 0 OR BELOW: 0 1.00 INCH OR MORE: 1
[HDD (BASE 65) ]
TOTAL THIS MO. 991 CLEAR (SCALE 0-3) 2
DPTR FM NORMAL 136 PTCLDY (SCALE 4-7) 11
TOTAL FM JUL 1 3644 CLOUDY (SCALE 8-10) 15
DPTR FM NORMAL -183
[CDD (BASE 65) ]
TOTAL THIS MO. 0
DPTR FM NORMAL 0 [PRESSURE DATA]
TOTAL FM JAN 1 0 HIGHEST SLP 30.46 ON 21
DPTR FM NORMAL 0 LOWEST SLP 29.52 ON 4
[REMARKS]
#FINAL-02-21#