000
CXUS55 KCYS 070539 CCA
CF6CYS
PRELIMINARY LOCAL CLIMATOLOGICAL DATA (WS FORM: F-6)...CORRECTED
STATION: CHEYENNE WYOMING AIRPORT
MONTH: MARCH
YEAR: 2023
LATITUDE: 41 9 N
LONGITUDE: 104 49 W
TEMPERATURE IN F: :PCPN: SNOW: WIND :SUNSHINE: SKY :PK WND
================================================================================
1 2 3 4 5 6A 6B 7 8 9 10 11 12 13 14 15 16 17 18
12Z AVG MX 2MIN
DY MAX MIN AVG DEP HDD CDD WTR SNW DPTH SPD SPD DIR MIN PSBL S-S WX SPD DR
================================================================================
1 29 16 23 -9 42 0 0.04 0.8 0 9.7 24 170 M M 5 18 31 160
2 43 12 28 -5 37 0 0.00 0.0 1 10.0 28 260 M M 0 39 280
3 42 23 33 0 32 0 T T 0 16.5 30 280 M M 4 8 44 270
4 35 13 24 -10 41 0 0.00 0.0 0 10.9 26 200 M M 3 34 200
5 48 24 36 2 29 0 T T 0 15.7 36 290 M M 5 50 260
6 38 19 29 -5 36 0 0.00 0.0 0 11.6 22 170 M M 5 12 31 180
7 34 21 28 -7 37 0 T T 0 8.0 16 350 M M 9 126 23 40
8 30 23 27 -8 38 0 T T 0 14.4 21 160 M M 10 12 29 140
9 42 22 32 -3 33 0 0.03 0.3 T 17.2 35 280 M M 4 12 46 280
10 48 24 36 0 29 0 0.00 0.0 0 9.8 21 200 M M 3 1 27 200
11 46 25 36 0 29 0 0.01 T 0 15.4 31 280 M M 1 1 42 290
12 37 14 26 -10 39 0 T T 0 4.6 13 180 M M 6 M M
13 47 20 34 -3 31 0 T T 0 8.1 18 190 M M 4 23 170
14 56 30 43 6 22 0 0.00 0.0 0 16.6 40 250 M M 1 53 250
15 61 25 43 6 22 0 T T 0 13.7 32 360 M M 5 1 45 350
16 31 19 25 -13 40 0 T T 0 18.8 32 360 M M 7 18 46 350
17 33 14 24 -14 41 0 0.00 0.0 0 15.4 31 320 M M 1 44 310
18 38 14 26 -12 39 0 0.00 0.0 0 12.6 29 320 M M 0 39 320
19 50 14 32 -6 33 0 0.00 0.0 0 17.3 33 270 M M 0 43 280
20 49 25 37 -1 28 0 0.00 0.0 0 10.3 23 210 M M 6 30 170
21 49 29 39 0 26 0 T T 0 17.3 39 270 M M 4 52 250
22 33 25 29 -10 36 0 0.25 3.2 3 9.1 20 200 M M 9 128 28 180
23 47 19 33 -6 32 0 0.00 0.0 2 8.3 22 220 M M 3 1 31 220
24 48 24 36 -3 29 0 T T 0 12.6 30 270 M M 1 38 270
25 33 21 27 -13 38 0 0.01 0.1 T 18.7 36 280 M M 9 1 52 280
26 36 17 27 -13 38 0 0.00 0.0 0 8.5 22 260 M M 4 29 260
27 29 14 22 -18 43 0 0.12 1.6 T 13.1 28 310 M M 6 1 39 330
28 39 15 27 -13 38 0 0.00 0.0 T 10.9 22 250 M M 2 30 250
29 42 21 32 -8 33 0 0.00 0.0 0 11.3 21 190 M M 1 26 200
30 62 24 43 3 22 0 T T 0 13.0 33 280 M M 5 1 47 270
31 42 29 36 -4 29 0 0.00 0.0 0 21.2 49 310 M M 1 72 310
================================================================================
SM 1297 635 1042 0 0.46 6.0 400.6 M 124
================================================================================
AV 41.8 20.5 12.9 FASTST M M 4 MAX(MPH)
MISC ----> 49 310 72 310
================================================================================
NOTES:
# LAST OF SEVERAL OCCURRENCES
COLUMN 17 PEAK WIND IN M.P.H.
PRELIMINARY LOCAL CLIMATOLOGICAL DATA (WS FORM: F-6) , PAGE 2
STATION: CHEYENNE WYOMING AIRPORT
MONTH: MARCH
YEAR: 2023
LATITUDE: 41 9 N
LONGITUDE: 104 49 W
[TEMPERATURE DATA] [PRECIPITATION DATA] SYMBOLS USED IN COLUMN 16
AVERAGE MONTHLY: 31.2 TOTAL FOR MONTH: 0.46 1 = FOG OR MIST
DPTR FM NORMAL: -5.9 DPTR FM NORMAL: -0.50 2 = FOG REDUCING VISIBILITY
HIGHEST: 62 ON 30 GRTST 24HR 0.25 ON 22-22 TO 1/4 MILE OR LESS
LOWEST: 12 ON 2 3 = THUNDER
SNOW, ICE PELLETS, HAIL 4 = ICE PELLETS
TOTAL MONTH: 6.0 INCHES 5 = HAIL
GRTST 24HR 3.2 ON 22-22 6 = FREEZING RAIN OR DRIZZLE
GRTST DEPTH: 3 ON 22 7 = DUSTSTORM OR SANDSTORM:
VSBY 1/2 MILE OR LESS
8 = SMOKE OR HAZE
[NO. OF DAYS WITH] [WEATHER - DAYS WITH] 9 = BLOWING SNOW
X = TORNADO
MAX 32 OR BELOW: 4 0.01 INCH OR MORE: 6
MAX 90 OR ABOVE: 0 0.10 INCH OR MORE: 2
MIN 32 OR BELOW: 31 0.50 INCH OR MORE: 0
MIN 0 OR BELOW: 0 1.00 INCH OR MORE: 0
[HDD (BASE 65) ]
TOTAL THIS MO. 1042 CLEAR (SCALE 0-3) 12
DPTR FM NORMAL 177 PTCLDY (SCALE 4-7) 15
TOTAL FM JUL 1 6019 CLOUDY (SCALE 8-10) 4
DPTR FM NORMAL 239
[CDD (BASE 65) ]
TOTAL THIS MO. 0
DPTR FM NORMAL 0 [PRESSURE DATA]
TOTAL FM JAN 1 0 HIGHEST SLP 30.48 ON 27
DPTR FM NORMAL 0 LOWEST SLP 29.32 ON 30
[REMARKS]
MARCH 1...USED COOP BACKUP FOR PRECIPITATION AND SNOWFALL
MARCH 9...USED COOP BACKUP FOR PRECIPITATION AND SNOWFALL
MARCH 12...ASOS ANEMOMETER OUTAGE CAUSED MISSING WIND
MARCH 22...USED COOP BACKUP FOR PRECIPITATION AND SNOWFALL
MARCH 25...USED COOP BACKUP FOR PRECIPITATION AND SNOWFALL
MARCH 27...USED COOP BACKUP FOR PRECIPITATION AND SNOWFALL
*ALL DATES...USED COOP BACKUP FOR SNOW DEPTH
#FINAL-03-23#