000
CXUS52 KMLB 010732
CF6DAB
PRELIMINARY LOCAL CLIMATOLOGICAL DATA (WS FORM: F-6)
STATION: DAYTONA BEACH
MONTH: FEBRUARY
YEAR: 2023
LATITUDE: 29 10 N
LONGITUDE: 81 3 W
TEMPERATURE IN F: :PCPN: SNOW: WIND :SUNSHINE: SKY :PK WND
================================================================================
1 2 3 4 5 6A 6B 7 8 9 10 11 12 13 14 15 16 17 18
12Z AVG MX 2MIN
DY MAX MIN AVG DEP HDD CDD WTR SNW DPTH SPD SPD DIR MIN PSBL S-S WX SPD DR
================================================================================
1 83 62 73 13 0 8 0.00 0.0 0 4.1 14 250 M M 3 1 17 250
2 83 61 72 12 0 7 0.00 0.0 0 4.6 14 250 M M 3 1 17 250
3 76 53 65 5 0 0 0.17 0.0 0 10.6 24 350 M M 7 1 35 360
4 73 53 63 3 2 0 0.00 0.0 0 11.4 23 70 M M 4 30 80
5 70 51 61 1 4 0 T 0.0 0 5.6 15 30 M M 6 19 20
6 71 50 61 1 4 0 0.00 0.0 0 6.0 17 30 M M 0 1 20 50
7 75 47 61 1 4 0 0.00 0.0 0 4.0 15 90 M M 2 21 110
8 78 53 66 5 0 1 0.00 0.0 0 3.3 15 80 M M 3 1 19 80
9 81 60 71 10 0 6 T 0.0 0 4.1 13 120 M M 6 1 20 130
10 85 66 76 15 0 11 0.75 0.0 0 7.5 16 300 M M 7 13 25 190
11 77 64 71 10 0 6 0.01 0.0 0 5.3 18 230 M M 9 1 24 230
12 71 50 61 0 4 0 T 0.0 0 17.3 33 260 M M 7 1 46 270
13 70 44 57 -4 8 0 0.00 0.0 0 6.9 14 280 M M 2 23 290
14 75 42 59 -2 6 0 0.00 0.0 0 4.3 13 80 M M 1 17 160
15 80 54 67 5 0 2 0.00 0.0 0 4.7 16 110 M M 3 1 25 140
16 82 60 71 9 0 6 0.00 0.0 0 5.8 15 150 M M 4 1 21 160
17 87 62 75 13 0 10 T 0.0 0 10.9 23 280 M M 5 1 30 270
18 69 52 61 -1 4 0 0.00 0.0 0 13.3 23 10 M M 6 28 20
19 79 50 65 3 0 0 0.00 0.0 0 3.5 M M M M 4 1 M M
20 83 56 70 8 0 5 0.00 0.0 0 8.5 21 250 M M 4 1 26 250
21 85 63 74 12 0 9 0.00 0.0 0 10.9 21 250 M M 5 26 240
22 83 59 71 9 0 6 0.00 0.0 0 4.6 13 210 M M 2 1 18 210
23 87 65 76 14 0 11 0.00 0.0 0 5.4 14 190 M M 5 1 18 220
24 85 63 74 11 0 9 0.00 0.0 0 2.8 12 70 M M 5 128 18 70
25 86 64 75 12 0 10 0.00 0.0 0 4.5 13 260 M M 5 1 17 260
26 84 58 71 8 0 6 0.00 0.0 0 5.2 10 70 M M 2 1 14 10
27 83 60 72 9 0 7 0.00 0.0 0 10.7 23 250 M M 3 1 29 250
28 88 68 78 15 0 13 0.00 0.0 0 12.6 23 240 M M 3 32 270
================================================================================
SM 2229 1590 36 133 0.93 0.0 198.4 M 116
================================================================================
AV 79.6 56.8 7.1 FASTST M M 4 MAX(MPH)
MISC ----> 33 260 46 270
================================================================================
NOTES:
# LAST OF SEVERAL OCCURRENCES
COLUMN 17 PEAK WIND IN M.P.H.
PRELIMINARY LOCAL CLIMATOLOGICAL DATA (WS FORM: F-6) , PAGE 2
STATION: DAYTONA BEACH
MONTH: FEBRUARY
YEAR: 2023
LATITUDE: 29 10 N
LONGITUDE: 81 3 W
[TEMPERATURE DATA] [PRECIPITATION DATA] SYMBOLS USED IN COLUMN 16
AVERAGE MONTHLY: 68.2 TOTAL FOR MONTH: 0.93 1 = FOG OR MIST
DPTR FM NORMAL: 6.8 DPTR FM NORMAL: -1.41 2 = FOG REDUCING VISIBILITY
HIGHEST: 88 ON 28 GRTST 24HR 0.75 ON 9-10 TO 1/4 MILE OR LESS
LOWEST: 42 ON 14 3 = THUNDER
SNOW, ICE PELLETS, HAIL 4 = ICE PELLETS
TOTAL MONTH: 0.0 INCH 5 = HAIL
GRTST 24HR 0.0 6 = FREEZING RAIN OR DRIZZLE
GRTST DEPTH: 0 7 = DUSTSTORM OR SANDSTORM:
VSBY 1/2 MILE OR LESS
8 = SMOKE OR HAZE
[NO. OF DAYS WITH] [WEATHER - DAYS WITH] 9 = BLOWING SNOW
X = TORNADO
MAX 32 OR BELOW: 0 0.01 INCH OR MORE: 3
MAX 90 OR ABOVE: 0 0.10 INCH OR MORE: 2
MIN 32 OR BELOW: 0 0.50 INCH OR MORE: 1
MIN 0 OR BELOW: 0 1.00 INCH OR MORE: 0
[HDD (BASE 65) ]
TOTAL THIS MO. 36 CLEAR (SCALE 0-3) 9
DPTR FM NORMAL -110 PTCLDY (SCALE 4-7) 18
TOTAL FM JUL 1 373 CLOUDY (SCALE 8-10) 1
DPTR FM NORMAL -228
[CDD (BASE 65) ]
TOTAL THIS MO. 133
DPTR FM NORMAL 88 [PRESSURE DATA]
TOTAL FM JAN 1 206 HIGHEST SLP M ON M
DPTR FM NORMAL 127 LOWEST SLP 29.81 ON 12
[REMARKS]
#FINAL-02-23#