000
CXUS52 KMLB 010654
CF6DAB
PRELIMINARY LOCAL CLIMATOLOGICAL DATA (WS FORM: F-6)
STATION: DAYTONA BEACH
MONTH: JULY
YEAR: 2022
LATITUDE: 29 10 N
LONGITUDE: 81 3 W
TEMPERATURE IN F: :PCPN: SNOW: WIND :SUNSHINE: SKY :PK WND
================================================================================
1 2 3 4 5 6A 6B 7 8 9 10 11 12 13 14 15 16 17 18
12Z AVG MX 2MIN
DY MAX MIN AVG DEP HDD CDD WTR SNW DPTH SPD SPD DIR MIN PSBL S-S WX SPD DR
================================================================================
1 90 74 82 1 0 17 0.19 0.0 0 3.1 15 150 M M 8 13 22 160
2 89 73 81 0 0 16 0.01 0.0 0 4.1 15 160 M M 5 3 26 170
3 91 74 83 2 0 18 0.11 0.0 0 3.7 14 300 M M 6 13 19 110
4 86 73 80 -2 0 15 0.07 0.0 0 3.2 13 90 M M 3 1 17 110
5 91 75 83 1 0 18 0.00 0.0 0 4.1 14 110 M M 4 1 19 70
6 93 75 84 2 0 19 0.00 0.0 0 4.9 16 60 M M 4 1 20 50
7 93 75 84 2 0 19 0.00 0.0 0 5.8 17 270 M M 4 3 21 270
8 95 76 86 4 0 21 0.00 0.0 0 6.2 15 100 M M 3 21 100
9 97 76 87 5 0 22 0.40 0.0 0 5.6 21 330 M M 5 13 26 330
10 94 74 84 2 0 19 0.22 0.0 0 6.5 25 240 M M 5 1 31 240
11 94 76 85 3 0 20 0.47 0.0 0 5.9 29 220 M M 4 138 33 220
12 96 76 86 4 0 21 T 0.0 0 5.8 16 20 M M 5 19 360
13 93 74 84 2 0 19 0.90 0.0 0 6.0 24 220 M M 6 13 30 220
14 91 74 83 1 0 18 0.00 0.0 0 4.5 15 220 M M 6 3 19 220
15 86 72 79 -3 0 14 0.00 0.0 0 5.8 13 100 M M 4 8 21 90
16 87 75 81 -1 0 16 0.20 0.0 0 4.3 18 150 M M 7 138 25 150
17 89 74 82 0 0 17 0.38 0.0 0 3.6 16 220 M M 6 13 25 210
18 94 74 84 2 0 19 0.10 0.0 0 6.3 21 290 M M 6 138 28 300
19 94 75 85 3 0 20 0.57 0.0 0 4.6 24 350 M M 5 13 34 360
20 93 74 84 2 0 19 0.66 0.0 0 5.0 30 260 M M 6 38 40 270
21 93 74 84 2 0 19 0.00 0.0 0 5.3 14 90 M M 3 17 80
22 93 76 85 3 0 20 0.00 0.0 0 4.8 14 160 M M 3 3 19 140
23 90 77 84 2 0 19 0.55 0.0 0 3.7 23 60 M M 3 13 27 60
24 90 76 83 1 0 18 0.00 0.0 0 4.0 15 90 M M 3 20 70
25 90 76 83 1 0 18 0.00 0.0 0 4.0 15 80 M M 4 13 21 60
26 92 75 84 2 0 19 0.59 0.0 0 3.8 16 250 M M 5 138 22 70
27 93 73 83 1 0 18 0.00 0.0 0 4.6 13 150 M M 3 18 140
28 93 75 84 2 0 19 0.00 0.0 0 4.7 12 110 M M 4 18 16 110
29 94 75 85 3 0 20 0.00 0.0 0 5.3 13 70 M M 2 16 80
30 92 75 84 2 0 19 0.00 0.0 0 5.0 13 80 M M 2 16 100
31 91 74 83 1 0 18 0.00 0.0 0 4.7 14 80 M M 1 1 19 80
================================================================================
SM 2847 2315 0 574 5.42 0.0 148.9 M 135
================================================================================
AV 91.8 74.7 4.8 FASTST M M 4 MAX(MPH)
MISC ----> 30 260 40 270
================================================================================
NOTES:
# LAST OF SEVERAL OCCURRENCES
COLUMN 17 PEAK WIND IN M.P.H.
PRELIMINARY LOCAL CLIMATOLOGICAL DATA (WS FORM: F-6) , PAGE 2
STATION: DAYTONA BEACH
MONTH: JULY
YEAR: 2022
LATITUDE: 29 10 N
LONGITUDE: 81 3 W
[TEMPERATURE DATA] [PRECIPITATION DATA] SYMBOLS USED IN COLUMN 16
AVERAGE MONTHLY: 83.3 TOTAL FOR MONTH: 5.42 1 = FOG OR MIST
DPTR FM NORMAL: 1.4 DPTR FM NORMAL: -0.59 2 = FOG REDUCING VISIBILITY
HIGHEST: 97 ON 9 GRTST 24HR 0.90 ON 13-13 TO 1/4 MILE OR LESS
LOWEST: 72 ON 15 3 = THUNDER
SNOW, ICE PELLETS, HAIL 4 = ICE PELLETS
TOTAL MONTH: 0.0 INCH 5 = HAIL
GRTST 24HR 0.0 6 = FREEZING RAIN OR DRIZZLE
GRTST DEPTH: 0 7 = DUSTSTORM OR SANDSTORM:
VSBY 1/2 MILE OR LESS
8 = SMOKE OR HAZE
[NO. OF DAYS WITH] [WEATHER - DAYS WITH] 9 = BLOWING SNOW
X = TORNADO
MAX 32 OR BELOW: 0 0.01 INCH OR MORE: 15
MAX 90 OR ABOVE: 26 0.10 INCH OR MORE: 13
MIN 32 OR BELOW: 0 0.50 INCH OR MORE: 5
MIN 0 OR BELOW: 0 1.00 INCH OR MORE: 0
[HDD (BASE 65) ]
TOTAL THIS MO. 0 CLEAR (SCALE 0-3) 6
DPTR FM NORMAL 0 PTCLDY (SCALE 4-7) 25
TOTAL FM JUL 1 0 CLOUDY (SCALE 8-10) 0
DPTR FM NORMAL 0
[CDD (BASE 65) ]
TOTAL THIS MO. 574
DPTR FM NORMAL 52 [PRESSURE DATA]
TOTAL FM JAN 1 2000 HIGHEST SLP M ON M
DPTR FM NORMAL 351 LOWEST SLP 29.88 ON 11
[REMARKS]
#FINAL-07-22#
USED DIAF1 FOR MAX TEMP ON 7/15 DUE TO ASOS ISSUES