000
CXUS55 KVEF 010910
CF6DAG
PRELIMINARY LOCAL CLIMATOLOGICAL DATA (WS FORM: F-6)
STATION: BARSTOW-DAGGETT CA
MONTH: JANUARY
YEAR: 2022
LATITUDE: 34 51 N
LONGITUDE: 116 47 W
TEMPERATURE IN F: :PCPN: SNOW: WIND :SUNSHINE: SKY :PK WND
================================================================================
1 2 3 4 5 6A 6B 7 8 9 10 11 12 13 14 15 16 17 18
12Z AVG MX 2MIN
DY MAX MIN AVG DEP HDD CDD WTR SNW DPTH SPD SPD DIR MIN PSBL S-S WX SPD DR
================================================================================
1 50 30 40 -7 25 0 0.00 0.0 0 6.2 20 20 M M 2 27 20
2 50 23 37 -10 28 0 0.00 0.0 0 4.5 12 70 M M 0 15 80
3 54 24 39 -8 26 0 0.00 0.0 0 6.0 14 270 M M 0 16 270
4 56 32 44 -3 21 0 0.00 0.0 0 5.6 15 290 M M 0 18 300
5 62 34 48 0 17 0 0.00 0.0 0 8.3 14 310 M M 0 17 330
6 66 38 52 4 13 0 0.00 0.0 0 5.8 14 270 M M 0 15 270
7 74 34 54 6 11 0 0.00 0.0 0 9.5 31 260 M M 0 38 260
8 65 38 52 4 13 0 0.00 0.0 0 8.6 29 260 M M 0 34 260
9 62 32 47 -1 18 0 0.00 0.0 0 5.4 14 80 M M 0 17 70
10 58 32 45 -3 20 0 0.00 0.0 0 4.1 10 280 M M 0 11 280
11 63 30 47 -1 18 0 0.00 0.0 0 6.0 13 280 M M 0 15 270
12 66 34 50 2 15 0 0.00 0.0 0 4.5 15 280 M M 0 16 280
13 64 43 54 6 11 0 0.00 0.0 M 6.7 16 280 M M 1 19 290
14 69 39 54 5 11 0 0.00 0.0 0 5.0 17 60 M M 0 21 70
15 60 39 50 1 15 0 0.00 0.0 0 3.4 9 270 M M 0 10 90
16 64 34 49 0 16 0 0.00 0.0 0 3.4 12 270 M M 0 15 280
17 65 40 53 4 12 0 T M 0 4.3 13 290 M M 5 15 290
18 66 47 57 8 8 0 T 0.0 0 9.3 18 290 M M 3 22 290
19 67 42 55 6 10 0 0.00 0.0 0 7.5 15 270 M M 0 17 270
20 65 39 52 3 13 0 0.00 0.0 0 6.2 13 270 M M 0 15 280
21 66 37 52 3 13 0 0.00 0.0 0 13.1 33 10 M M 2 8 40 10
22 62 43 53 3 12 0 0.00 0.0 0 9.7 24 10 M M 0 29 10
23 65 38 52 2 13 0 0.00 0.0 0 5.5 14 280 M M 0 8 15 300
24 69 40 55 5 10 0 0.00 0.0 0 11.8 20 280 M M 0 22 270
25 66 40 53 3 12 0 0.00 0.0 0 8.9 24 30 M M 0 29 40
26 59 29 44 -6 21 0 0.00 0.0 0 4.2 12 70 M M 0 15 60
27 62 32 47 -3 18 0 0.00 0.0 0 6.9 16 270 M M 0 19 270
28 60 30 45 -5 20 0 0.00 0.0 0 4.0 14 90 M M 0 16 100
29 54 28 41 -9 24 0 0.00 0.0 0 8.2 15 280 M M 1 17 280
30 66 32 49 -1 16 0 0.00 0.0 0 11.9 21 290 M M 0 24 280
31 59 35 47 -3 18 0 0.00 0.0 0 7.2 15 270 M M 0 18 270
================================================================================
SM 1934 1088 498 0 T 0.0 211.7 M 14
================================================================================
AV 62.4 35.1 6.8 FASTST M M 0 MAX(MPH)
MISC ----> 33 10 40 10
================================================================================
NOTES:
# LAST OF SEVERAL OCCURRENCES
COLUMN 17 PEAK WIND IN M.P.H.
PRELIMINARY LOCAL CLIMATOLOGICAL DATA (WS FORM: F-6) , PAGE 2
STATION: BARSTOW-DAGGETT CA
MONTH: JANUARY
YEAR: 2022
LATITUDE: 34 51 N
LONGITUDE: 116 47 W
[TEMPERATURE DATA] [PRECIPITATION DATA] SYMBOLS USED IN COLUMN 16
AVERAGE MONTHLY: 48.7 TOTAL FOR MONTH: T 1 = FOG OR MIST
DPTR FM NORMAL: -0.1 DPTR FM NORMAL: -0.57 2 = FOG REDUCING VISIBILITY
HIGHEST: 74 ON 7 GRTST 24HR 0.02 ON 18-18 TO 1/4 MILE OR LESS
LOWEST: 23 ON 2 3 = THUNDER
SNOW, ICE PELLETS, HAIL 4 = ICE PELLETS
TOTAL MONTH: 0.0 INCH 5 = HAIL
GRTST 24HR 0.0 6 = FREEZING RAIN OR DRIZZLE
GRTST DEPTH: 0 7 = DUSTSTORM OR SANDSTORM:
VSBY 1/2 MILE OR LESS
8 = SMOKE OR HAZE
[NO. OF DAYS WITH] [WEATHER - DAYS WITH] 9 = BLOWING SNOW
X = TORNADO
MAX 32 OR BELOW: 0 0.01 INCH OR MORE: 0
MAX 90 OR ABOVE: 0 0.10 INCH OR MORE: 0
MIN 32 OR BELOW: 12 0.50 INCH OR MORE: 0
MIN 0 OR BELOW: 0 1.00 INCH OR MORE: 0
[HDD (BASE 65) ]
TOTAL THIS MO. 498 CLEAR (SCALE 0-3) 30
DPTR FM NORMAL -4 PTCLDY (SCALE 4-7) 1
TOTAL FM JUL 1 1160 CLOUDY (SCALE 8-10) 0
DPTR FM NORMAL -211
[CDD (BASE 65) ]
TOTAL THIS MO. 0
DPTR FM NORMAL 0 [PRESSURE DATA]
TOTAL FM JAN 1 0 HIGHEST SLP M ON M
DPTR FM NORMAL 0 LOWEST SLP 29.74 ON 7
[REMARKS]
#FINAL-01-22#