000
CXUS54 KFWD 131822
CF6DAL
PRELIMINARY LOCAL CLIMATOLOGICAL DATA (WS FORM: F-6)
STATION: DALLAS LOVE FIELD
MONTH: DECEMBER
YEAR: 2021
LATITUDE: 32 50 N
LONGITUDE: 96 51 W
TEMPERATURE IN F: :PCPN: SNOW: WIND :SUNSHINE: SKY :PK WND
================================================================================
1 2 3 4 5 6A 6B 7 8 9 10 11 12 13 14 15 16 17 18
12Z AVG MX 2MIN
DY MAX MIN AVG DEP HDD CDD WTR SNW DPTH SPD SPD DIR MIN PSBL S-S WX SPD DR
================================================================================
1 75 50 63 10 2 0 0.00 0.0 0 4.8 13 220 M M 2 19 200
2 79 45 62 9 3 0 0.00 0.0 0 4.5 10 160 M M 4 15 180
3 75 59 67 15 0 2 0.00 0.0 0 7.3 17 160 M M 7 1 25 150
4 74 58 66 14 0 1 0.00 0.0 0 5.4 14 310 M M 7 1 20 170
5 75 56 66 14 0 1 0.00 0.0 0 8.1 20 180 M M 8 28 190
6 68 40 54 2 11 0 0.00 0.0 0 11.7 28 360 M M 3 38 20
7 58 35 47 -4 18 0 0.00 0.0 0 4.9 12 150 M M 5 16 160
8 58 43 51 0 14 0 0.00 0.0 0 6.4 16 140 M M 9 18 25 140
9 79 56 68 17 0 3 0.00 0.0 0 10.7 16 180 M M 8 18 29 210
10 81 67 74 24 0 9 0.00 0.0 0 9.0 17 210 M M 7 27 210
11 72 36 54 4 11 0 T 0.0 0 11.5 33 330 M M 6 8 43 320
12 57 31 44 -6 21 0 0.00 0.0 0 7.0 15 150 M M 0 22 190
13 66 41 54 4 11 0 T 0.0 0 8.7 16 120 M M 3 1 22 150
14 72 55 64 14 1 0 T 0.0 0 9.2 15 160 M M 8 1 23 170
15 79 67 73 24 0 8 T 0.0 0 15.8 26 170 M M 8 43 180
16 76 62 69 20 0 4 0.00 0.0 0 7.9 16 330 M M 8 8 29 70
17 77 62 70 21 0 5 0.01 0.0 0 10.5 23 180 M M 9 33 170
18 70 38 54 5 11 0 0.34 0.0 0 15.0 24 350 M M 7 13 38 350
19 49 33 41 -8 24 0 0.00 0.0 0 6.0 18 360 M M 6 29 220
20 53 40 47 -1 18 0 0.07 0.0 0 4.2 12 140 M M 8 15 130
21 62 34 48 0 17 0 0.00 0.0 0 4.2 13 160 M M 1 1 18 160
22 66 43 55 7 10 0 0.00 0.0 0 7.9 13 140 M M 2 19 140
23 75 54 65 17 0 0 0.00 0.0 0 11.6 22 180 M M 7 1 32 170
24 79 61 70 22 0 5 0.00 0.0 0 13.3 25 180 M M 7 37 170
25 81 62 72 24 0 7 0.00 0.0 0 6.2 15 180 M M 6 25 180
26 76 59 68 20 0 3 0.00 0.0 0 9.8 18 180 M M 7 128 32 180
27 79 65 72 24 0 7 0.00 0.0 0 8.1 15 160 M M 6 1 21 210
28 81 57 69 21 0 4 T 0.0 0 8.9 22 180 M M 6 33 170
29 74 55 65 18 0 0 0.11 0.0 0 4.2 16 290 M M 7 13 22 280
30 76 47 62 15 3 0 0.00 0.0 0 2.1 10 330 M M 6 16 310
31 70 52 61 14 4 0 T 0.0 0 5.9 15 160 M M 9 18 21 180
================================================================================
SM 2212 1563 179 59 0.53 0.0 250.8 M 187
================================================================================
AV 71.4 50.4 8.1 FASTST M M 6 MAX(MPH)
MISC ----> 33 330 # 43 320
================================================================================
NOTES:
# LAST OF SEVERAL OCCURRENCES
COLUMN 17 PEAK WIND IN M.P.H.
PRELIMINARY LOCAL CLIMATOLOGICAL DATA (WS FORM: F-6) , PAGE 2
STATION: DALLAS LOVE FIELD
MONTH: DECEMBER
YEAR: 2021
LATITUDE: 32 50 N
LONGITUDE: 96 51 W
[TEMPERATURE DATA] [PRECIPITATION DATA] SYMBOLS USED IN COLUMN 16
AVERAGE MONTHLY: 60.9 TOTAL FOR MONTH: 0.53 1 = FOG OR MIST
DPTR FM NORMAL: 11.4 DPTR FM NORMAL: -2.70 2 = FOG REDUCING VISIBILITY
HIGHEST: 81 ON 28,10 GRTST 24HR 0.34 ON 17-18 TO 1/4 MILE OR LESS
LOWEST: 31 ON 12 3 = THUNDER
SNOW, ICE PELLETS, HAIL 4 = ICE PELLETS
TOTAL MONTH: 0.0 INCH 5 = HAIL
GRTST 24HR 0.0 6 = FREEZING RAIN OR DRIZZLE
GRTST DEPTH: 0 7 = DUSTSTORM OR SANDSTORM:
VSBY 1/2 MILE OR LESS
8 = SMOKE OR HAZE
[NO. OF DAYS WITH] [WEATHER - DAYS WITH] 9 = BLOWING SNOW
X = TORNADO
MAX 32 OR BELOW: 0 0.01 INCH OR MORE: 4
MAX 90 OR ABOVE: 0 0.10 INCH OR MORE: 2
MIN 32 OR BELOW: 1 0.50 INCH OR MORE: 0
MIN 0 OR BELOW: 0 1.00 INCH OR MORE: 0
[HDD (BASE 65) ]
TOTAL THIS MO. 179 CLEAR (SCALE 0-3) 5
DPTR FM NORMAL -308 PTCLDY (SCALE 4-7) 23
TOTAL FM JUL 1 446 CLOUDY (SCALE 8-10) 3
DPTR FM NORMAL -349
[CDD (BASE 65) ]
TOTAL THIS MO. 59
DPTR FM NORMAL 53 [PRESSURE DATA]
TOTAL FM JAN 1 3046 HIGHEST SLP 30.42 ON 19
DPTR FM NORMAL -80 LOWEST SLP 29.55 ON 28
[REMARKS]
#FINAL-12-21#