000
CXUS51 KLWX 010829
CF6DCA
PRELIMINARY LOCAL CLIMATOLOGICAL DATA (WS FORM: F-6)
STATION: WASHINGTON NATIONAL DC
MONTH: FEBRUARY
YEAR: 2022
LATITUDE: 38 50 N
LONGITUDE: 77 2 W
TEMPERATURE IN F: :PCPN: SNOW: WIND :SUNSHINE: SKY :PK WND
================================================================================
1 2 3 4 5 6A 6B 7 8 9 10 11 12 13 14 15 16 17 18
12Z AVG MX 2MIN
DY MAX MIN AVG DEP HDD CDD WTR SNW DPTH SPD SPD DIR MIN PSBL S-S WX SPD DR
================================================================================
1 44 25 35 -3 30 0 0.00 0.0 0 4.2 12 100 M M 2 14 90
2 49 29 39 1 26 0 0.00 0.0 0 4.5 9 170 M M 7 18 13 190
3 57 40 49 11 16 0 0.50 0.0 0 5.3 18 190 M M 10 12 27 180
4 62 35 49 11 16 0 1.08 0.0 0 13.2 22 330 M M 10 1 30 350
5 35 26 31 -7 34 0 0.00 0.0 0 15.0 26 320 M M 4 37 330
6 39 23 31 -7 34 0 0.00 0.0 0 4.8 14 110 M M 3 15 120
7 44 32 38 -1 27 0 0.07 0.0 0 5.2 10 340 M M 10 1 13 330
8 50 31 41 2 24 0 0.00 0.0 0 6.2 17 290 M M 3 23 300
9 54 30 42 3 23 0 0.00 0.0 0 7.0 14 180 M M 1 17 170
10 62 37 50 11 15 0 0.00 0.0 0 7.6 25 240 M M 4 36 270
11 67 33 50 11 15 0 0.00 0.0 0 9.0 23 210 M M 3 32 180
12 62 44 53 14 12 0 T 0.0 0 10.4 21 340 M M 7 27 350
13 44 28 36 -4 29 0 0.05 T 0 10.5 20 350 M M 8 18 25 350
14 33 25 29 -11 36 0 T T 0 10.4 22 340 M M 6 8 27 340
15 39 21 30 -10 35 0 0.00 0.0 0 6.9 13 170 M M 3 19 160
16 54 28 41 1 24 0 0.00 0.0 0 8.5 15 180 M M 8 19 190
17 70 47 59 19 6 0 T 0.0 0 14.9 24 200 M M 9 35 220
18 68 31 50 9 15 0 0.01 0.0 0 18.3 33 310 M M 6 49 310
19 51 26 39 -2 26 0 0.00 0.0 0 15.0 36 320 M M 2 50 310
20 43 23 33 -8 32 0 0.00 0.0 0 9.1 18 340 M M 1 22 340
21 66 32 49 8 16 0 0.00 0.0 0 7.7 13 180 M M 3 17 180
22 66 42 54 12 11 0 0.07 0.0 0 11.3 29 200 M M 9 1 40 210
23 77 42 60 18 5 0 0.01 0.0 0 14.3 26 340 M M 8 33 330
24 42 33 38 -4 27 0 0.35 T 0 10.0 21 10 M M 10 148 25 10
25 59 33 46 4 19 0 0.19 0.0 0 12.0 28 330 M M 8 1 39 340
26 44 33 39 -3 26 0 0.00 0.0 0 9.2 26 350 M M 9 32 360
27 56 35 46 3 19 0 0.00 0.0 0 6.5 21 270 M M 6 29 280
28 51 36 44 1 21 0 0.00 0.0 0 9.0 20 10 M M 3 25 360
================================================================================
SM 1488 900 619 0 2.33 T 266.0 M 163
================================================================================
AV 53.1 32.1 9.5 FASTST M M 6 MAX(MPH)
MISC ----> 36 320 50 310
================================================================================
NOTES:
# LAST OF SEVERAL OCCURRENCES
COLUMN 17 PEAK WIND IN M.P.H.
PRELIMINARY LOCAL CLIMATOLOGICAL DATA (WS FORM: F-6) , PAGE 2
STATION: WASHINGTON NATIONAL DC
MONTH: FEBRUARY
YEAR: 2022
LATITUDE: 38 50 N
LONGITUDE: 77 2 W
[TEMPERATURE DATA] [PRECIPITATION DATA] SYMBOLS USED IN COLUMN 16
AVERAGE MONTHLY: 42.6 TOTAL FOR MONTH: 2.33 1 = FOG OR MIST
DPTR FM NORMAL: 2.6 DPTR FM NORMAL: -0.29 2 = FOG REDUCING VISIBILITY
HIGHEST: 77 ON 23 GRTST 24HR 1.10 ON 3- 4 TO 1/4 MILE OR LESS
LOWEST: 21 ON 15 3 = THUNDER
SNOW, ICE PELLETS, HAIL 4 = ICE PELLETS
TOTAL MONTH: T 5 = HAIL
GRTST 24HR T ON 13-13 6 = FREEZING RAIN OR DRIZZLE
GRTST DEPTH: 0 7 = DUSTSTORM OR SANDSTORM:
VSBY 1/2 MILE OR LESS
8 = SMOKE OR HAZE
[NO. OF DAYS WITH] [WEATHER - DAYS WITH] 9 = BLOWING SNOW
X = TORNADO
MAX 32 OR BELOW: 0 0.01 INCH OR MORE: 9
MAX 90 OR ABOVE: 0 0.10 INCH OR MORE: 4
MIN 32 OR BELOW: 15 0.50 INCH OR MORE: 2
MIN 0 OR BELOW: 0 1.00 INCH OR MORE: 1
[HDD (BASE 65) ]
TOTAL THIS MO. 619 CLEAR (SCALE 0-3) 8
DPTR FM NORMAL -80 PTCLDY (SCALE 4-7) 10
TOTAL FM JUL 1 2645 CLOUDY (SCALE 8-10) 10
DPTR FM NORMAL -278
[CDD (BASE 65) ]
TOTAL THIS MO. 0
DPTR FM NORMAL 0 [PRESSURE DATA]
TOTAL FM JAN 1 0 HIGHEST SLP 30.70 ON 16
DPTR FM NORMAL 0 LOWEST SLP 29.45 ON 18
[REMARKS]
#FINAL-02-22#