000
CXUS53 KDDC 011720
CLSDDC
CLIMATE REPORT
NATIONAL WEATHER SERVICE DODGE CITY, KANSAS
1120 AM CST TUE MAR 01 2022
...................................
...THE DODGE CITY KS CLIMATE SUMMARY FOR THE SEASON, FROM
12/1/2021 TO 2/28/2022...
CLIMATE NORMAL PERIOD 1991 TO 2020
CLIMATE RECORD PERIOD 1875 TO 2022
WEATHER OBSERVED NORMAL DEPART LAST YEAR`S
VALUE DATE(S) VALUE FROM VALUE DATE(S)
NORMAL
................................................................
TEMPERATURE (F)
RECORD
HIGH 88 02/18/2016
LOW -26 02/12/1899
HIGHEST 80 12/02 MM MM 76 02/27
LOWEST -6 01/02 MM MM -14 02/15
AVG. MAXIMUM 50.9 47.0 3.9 44.9
AVG. MINIMUM 19.1 21.8 -2.7 20.1
MEAN 35.0 34.4 0.6 32.5
DAYS MAX >= 90 0 0.0 0.0 0
DAYS MAX <= 32 12 16.2 -4.2 17
DAYS MIN <= 32 83 81.7 1.3 86
DAYS MIN <= 0 3 1.9 1.1 5
PRECIPITATION (INCHES)
RECORD
MAXIMUM 5.70 1877
MINIMUM 0.06 1922
TOTALS 0.86 2.18 -1.32 1.51
DAYS >= .01 8 12.2 -4.2 14
DAYS >= .10 3 5.3 -2.3 7
DAYS >= .50 0 1.1 -1.1 0
DAYS >= 1.00 0 0.2 -0.2 0
GREATEST
24 HR. TOTAL 0.33 01/25 TO 01/26 0.42 12/02 TO 12/03
SNOWFALL (INCHES)
RECORDS
TOTAL MM 2021
24 HR TOTAL 3.5 12/12/2020 TO 12/13/2020
SNOW DEPTH 4 12/13/2020
12/16/2020
12/17/2020
TOTALS 16.5 12.6 3.9 15.3
SINCE 7/1 16.5 14.6 1.9 17.0
SNOWDEPTH AVG. 0 0
DAYS >= TRACE 16 9.0 7.0 22
DAYS >= 1.0 4 3.6 0.4 7
GREATEST
SNOW DEPTH 8R 01/26 4 12/13
12/16
12/17
24 HR TOTAL 8.3R 01/25 TO 01/25 3.5
DEGREE DAYS
HEATING TOTAL 2668 2762 -94 2884
SINCE 7/1 3416 3743 -327 3831
COOLING TOTAL 0 0 0 0
SINCE 1/1 0 0 0 0
................................................................
WIND (MPH)
AVERAGE WIND SPEED 12.7
RESULTANT WIND SPEED/DIRECTION 3/290
HIGHEST WIND SPEED/DIRECTION 55/230 DATE 12/15
HIGHEST GUST SPEED/DIRECTION 84/250 DATE 12/15
SKY COVER
POSSIBLE SUNSHINE (PERCENT) MM
AVERAGE SKY COVER 0.11
NUMBER OF DAYS FAIR 78
NUMBER OF DAYS PC 8
NUMBER OF DAYS CLOUDY 4
AVERAGE RH (PERCENT) 52
WEATHER CONDITIONS. NUMBER OF DAYS WITH
THUNDERSTORM 0 MIXED PRECIP 0
HEAVY RAIN 0 RAIN 0
LIGHT RAIN 0 FREEZING RAIN 0
LT FREEZING RAIN 0 HAIL 0
HEAVY SNOW 1 SNOW 3
LIGHT SNOW 13 SLEET 0
FOG 13 FOG W/VIS <= 1/4 MILE 2
HAZE 27
- INDICATES NEGATIVE NUMBERS.
R INDICATES RECORD WAS SET OR TIED.
MM INDICATES DATA IS MISSING.
T INDICATES TRACE AMOUNT.
$$