000
CXUS55 KBOU 011517
CF6DEN
PRELIMINARY LOCAL CLIMATOLOGICAL DATA (WS FORM: F-6)
STATION: DENVER CO
MONTH: DECEMBER
YEAR: 2023
LATITUDE: 39 52 N
LONGITUDE: 104 40 W
TEMPERATURE IN F: :PCPN: SNOW: WIND :SUNSHINE: SKY :PK WND
================================================================================
1 2 3 4 5 6A 6B 7 8 9 10 11 12 13 14 15 16 17 18
12Z AVG MX 2MIN
DY MAX MIN AVG DEP HDD CDD WTR SNW DPTH SPD SPD DIR MIN PSBL S-S WX SPD DR
================================================================================
1 41 20 31 -3 34 0 0.00 0.0 0 6.8 14 190 M M 7 17 210
2 43 18 31 -2 34 0 0.00 0.0 0 12.7 32 290 M M 5 41 290
3 40 24 32 -1 33 0 T T 0 10.0 24 320 M M 6 34 310
4 60 23 42 9 23 0 0.00 0.0 0 12.6 29 270 M M 4 38 260
5 67 28 48 16 17 0 0.00 0.0 0 9.3 17 210 M M 2 21 210
6 71 36 54 22 11 0 0.00 0.0 0 8.0 16 240 M M 1 19 230
7 63 26 45 13 20 0 0.00 0.0 0 16.1 33 270 M M 2 46 270
8 41 25 33 1 32 0 0.04 0.4 0 8.7 21 30 M M 8 1 27 320
9 38 19 29 -3 36 0 T T T 10.7 25 350 M M 5 1 31 350
10 53 21 37 6 28 0 0.00 0.0 T 13.3 33 270 M M 6 43 270
11 53 28 41 10 24 0 0.00 0.0 0 8.5 17 50 M M 6 21 50
12 34 25 30 -1 35 0 0.00 0.0 0 5.0 14 40 M M 9 12 17 50
13 41 24 33 2 32 0 0.07 1.0 T 3.8 14 140 M M 9 1 17 90
14 38 21 30 -1 35 0 0.00 0.0 1 5.2 10 230 M M 8 128 13 230
15 52 23 38 7 27 0 0.00 0.0 T 9.4 22 360 M M 2 18 29 20
16 63 23 43 13 22 0 0.00 0.0 0 8.9 16 210 M M 2 20 200
17 60 23 42 12 23 0 0.00 0.0 0 9.2 21 50 M M 3 26 50
18 58 22 40 10 25 0 0.00 0.0 0 8.3 17 220 M M 5 24 220
19 67 37 52 22 13 0 0.00 0.0 0 10.1 20 220 M M 8 25 250
20 59 38 49 19 16 0 0.00 0.0 0 7.3 15 200 M M 8 17 200
21 59 32 46 16 19 0 0.00 0.0 0 7.9 14 160 M M 5 17 80
22 59 27 43 13 22 0 0.00 0.0 0 9.3 15 170 M M 4 18 200
23 53 32 43 13 22 0 T T T 8.2 26 10 M M 9 1 35 10
24 32 19 26 -4 39 0 T T 0 15.6 31 10 M M 9 1 42 10
25 32 8 20 -10 45 0 0.00 0.0 0 8.3 29 310 M M 6 42 310
26 41 25 33 2 32 0 0.01 T T 21.0 43 330 M M 9 89 64 320
27 48 19 34 3 31 0 0.00 0.0 T 12.6 29 10 M M 6 39 10
28 46 14 30 -1 35 0 0.00 0.0 0 8.4 15 170 M M 1 17 230
29 52 26 39 8 26 0 0.00 0.0 0 9.9 14 170 M M 2 19 230
30 58 26 42 11 23 0 0.00 0.0 0 9.4 16 80 M M 3 21 80
31 42 22 32 1 33 0 0.00 0.0 0 5.6 12 200 M M 6 13 200
================================================================================
SM 1564 754 847 0 0.12 1.4 300.1 M 166
================================================================================
AV 50.5 24.3 9.7 FASTST M M 5 MAX(MPH)
MISC ----> 43 330 64 320
================================================================================
NOTES:
# LAST OF SEVERAL OCCURRENCES
COLUMN 17 PEAK WIND IN M.P.H.
PRELIMINARY LOCAL CLIMATOLOGICAL DATA (WS FORM: F-6) , PAGE 2
STATION: DENVER CO
MONTH: DECEMBER
YEAR: 2023
LATITUDE: 39 52 N
LONGITUDE: 104 40 W
[TEMPERATURE DATA] [PRECIPITATION DATA] SYMBOLS USED IN COLUMN 16
AVERAGE MONTHLY: 37.4 TOTAL FOR MONTH: 0.12 1 = FOG OR MIST
DPTR FM NORMAL: 6.2 DPTR FM NORMAL: -0.23 2 = FOG REDUCING VISIBILITY
HIGHEST: 71 ON 6 GRTST 24HR 0.07 ON 13-13 TO 1/4 MILE OR LESS
LOWEST: 8 ON 25 3 = THUNDER
SNOW, ICE PELLETS, HAIL 4 = ICE PELLETS
TOTAL MONTH: 1.4 INCHES 5 = HAIL
GRTST 24HR 1.0 ON 13-13 6 = FREEZING RAIN OR DRIZZLE
GRTST DEPTH: 1 ON 14 7 = DUSTSTORM OR SANDSTORM:
VSBY 1/2 MILE OR LESS
8 = SMOKE OR HAZE
[NO. OF DAYS WITH] [WEATHER - DAYS WITH] 9 = BLOWING SNOW
X = TORNADO
MAX 32 OR BELOW: 2 0.01 INCH OR MORE: 3
MAX 90 OR ABOVE: 0 0.10 INCH OR MORE: 0
MIN 32 OR BELOW: 28 0.50 INCH OR MORE: 0
MIN 0 OR BELOW: 0 1.00 INCH OR MORE: 0
[HDD (BASE 65) ]
TOTAL THIS MO. 847 CLEAR (SCALE 0-3) 8
DPTR FM NORMAL -201 PTCLDY (SCALE 4-7) 18
TOTAL FM JUL 1 1924 CLOUDY (SCALE 8-10) 5
DPTR FM NORMAL -443
[CDD (BASE 65) ]
TOTAL THIS MO. 0
DPTR FM NORMAL 0 [PRESSURE DATA]
TOTAL FM JAN 1 791 HIGHEST SLP 30.48 ON 9
DPTR FM NORMAL -58 LOWEST SLP 29.49 ON 7
[REMARKS]
#FINAL-12-23#