000
CXUS56 KOTX 010910
CF6DEW
PRELIMINARY LOCAL CLIMATOLOGICAL DATA (WS FORM: F-6)
STATION: DEER_PARK WA AIRPORT
MONTH: MARCH
YEAR: 2021
LATITUDE: 47 58 N
LONGITUDE: 117 25 W
TEMPERATURE IN F: :PCPN: SNOW: WIND :SUNSHINE: SKY :PK WND
================================================================================
1 2 3 4 5 6A 6B 7 8 9 10 11 12 13 14 15 16 17 18
12Z AVG MX 2MIN
DY MAX MIN AVG DEP HDD CDD WTR SNW DPTH SPD SPD DIR MIN PSBL S-S WX SPD DR
================================================================================
1 52 27 40 7 25 0 0.00 M M 4.1 15 190 M M 2 18 190
2 53 27 40 6 25 0 0.00 M M 6.7 21 200 M M 3 26 210
3 56 24 40 6 25 0 0.00 M M 2.2 9 170 M M 0 11 40
4 60 30 45 11 20 0 0.00 M M 4.3 12 30 M M 0 17 190
5 59 27 43 9 22 0 0.00 M M 3.5 10 160 M M 1 16 320
6 50 30 40 5 25 0 0.00 M M 8.7 18 210 M M 4 23 210
7 48 23 36 1 29 0 0.04 M M 4.1 29 210 M M 5 1 44 220
8 48 22 35 0 30 0 0.00 M M 5.9 15 40 M M 0 19 40
9 47 22 35 -1 30 0 0.00 M M 2.6 9 220 M M 4 13 220
10 51 19 35 -1 30 0 0.00 M M 2.6 14 200 M M 1 16 200
11 51 21 36 0 29 0 0.00 M M 4.1 16 230 M M 0 20 230
12 53 20 37 0 28 0 0.00 M M 1.7 12 250 M M 0 16 220
13 57 22 40 3 25 0 0.00 M M 1.7 7 300 M M 0 8 10 210
14 59 24 42 5 23 0 0.00 M M 1.9 8 240 M M 0 11 230
15 48 26 37 -1 28 0 0.00 M M 5.2 13 200 M M 7 21 220
16 53 22 38 0 27 0 0.00 M M 1.4 8 180 M M 1 14 340
17 61 21 41 3 24 0 0.00 M M 2.3 8 170 M M 1 10 360
18 63 27 45 6 20 0 T M M 5.7 23 180 M M 5 30 180
19 53 27 40 1 25 0 T M M 8.4 20 220 M M 7 29 210
20 53 25 39 0 26 0 0.00 M M 9.1 22 210 M M 5 28 210
21 45 30 38 -2 27 0 T M M 9.1 23 210 M M 7 28 230
22 47 24 36 -4 29 0 0.13 M M 4.8 21 330 M M 7 1 26 330
23 52 20 36 -4 29 0 0.00 M M 5.4 15 190 M M 1 1 18 200
24 40 29 35 -5 30 0 0.23 M M 5.2 15 180 M M 8 1 18 170
25 49 28 39 -2 26 0 0.04 M M 2.9 8 60 M M 8 1 11 60
26 54 24 39 -2 26 0 0.00 M M 6.4 17 230 M M 9 12 22 220
27 57 28 43 2 22 0 0.00 M M 7.1 18 180 M M 4 21 170
28 57 34 46 5 19 0 0.04 M M 14.1 44 210 M M 4 8 55 210
29 45 30 38 -4 27 0 0.00 M M 13.4 21 310 M M 4 8 36 320
30 50 20 35 -7 30 0 0.00 M M 4.3 17 270 M M 2 22 270
31 57 20 39 -3 26 0 0.00 M M 3.5 13 170 M M 0 8 20 220
================================================================================
SM 1628 773 807 0 0.48 M 162.4 M 100
================================================================================
AV 52.5 24.9 5.2 FASTST M M 3 MAX(MPH)
MISC ----> 44 210 55 210
================================================================================
NOTES:
# LAST OF SEVERAL OCCURRENCES
COLUMN 17 PEAK WIND IN M.P.H.
PRELIMINARY LOCAL CLIMATOLOGICAL DATA (WS FORM: F-6) , PAGE 2
STATION: DEER_PARK WA AIRPORT
MONTH: MARCH
YEAR: 2021
LATITUDE: 47 58 N
LONGITUDE: 117 25 W
[TEMPERATURE DATA] [PRECIPITATION DATA] SYMBOLS USED IN COLUMN 16
AVERAGE MONTHLY: 38.7 TOTAL FOR MONTH: 0.48 1 = FOG OR MIST
DPTR FM NORMAL: 0.9 DPTR FM NORMAL: -1.61 2 = FOG REDUCING VISIBILITY
HIGHEST: 63 ON 18 GRTST 24HR 0.23 ON 24-24 TO 1/4 MILE OR LESS
LOWEST: 19 ON 10 3 = THUNDER
SNOW, ICE PELLETS, HAIL 4 = ICE PELLETS
TOTAL MONTH: M 5 = HAIL
GRTST 24HR M ON M 6 = FREEZING RAIN OR DRIZZLE
GRTST DEPTH: M ON M 7 = DUSTSTORM OR SANDSTORM:
VSBY 1/2 MILE OR LESS
8 = SMOKE OR HAZE
[NO. OF DAYS WITH] [WEATHER - DAYS WITH] 9 = BLOWING SNOW
X = TORNADO
MAX 32 OR BELOW: 0 0.01 INCH OR MORE: 5
MAX 90 OR ABOVE: 0 0.10 INCH OR MORE: 2
MIN 32 OR BELOW: 30 0.50 INCH OR MORE: 0
MIN 0 OR BELOW: 0 1.00 INCH OR MORE: 0
[HDD (BASE 65) ]
TOTAL THIS MO. 807 CLEAR (SCALE 0-3) 15
DPTR FM NORMAL -35 PTCLDY (SCALE 4-7) 15
TOTAL FM JUL 1 5728 CLOUDY (SCALE 8-10) 1
DPTR FM NORMAL -479
[CDD (BASE 65) ]
TOTAL THIS MO. 0
DPTR FM NORMAL 0 [PRESSURE DATA]
TOTAL FM JAN 1 0 HIGHEST SLP M ON M
DPTR FM NORMAL 0 LOWEST SLP 29.54 ON 28
[REMARKS]
#FINAL-03-21#