000
CXUS53 KIWX 010910
CF6DFI
PRELIMINARY LOCAL CLIMATOLOGICAL DATA (WS FORM: F-6)
STATION: DEFIANCE MEMORIAL
MONTH: FEBRUARY
YEAR: 2023
LATITUDE: 41 20 N
LONGITUDE: 84 26 W
TEMPERATURE IN F: :PCPN: SNOW: WIND :SUNSHINE: SKY :PK WND
================================================================================
1 2 3 4 5 6A 6B 7 8 9 10 11 12 13 14 15 16 17 18
12Z AVG MX 2MIN
DY MAX MIN AVG DEP HDD CDD WTR SNW DPTH SPD SPD DIR MIN PSBL S-S WX SPD DR
================================================================================
1 23 7 15 -10 50 0 0.00 M M 5.4 12 220 M M 0 17 220
2 37 18 28 3 37 0 T M M 11.0 24 320 M M 1 32 230
3 23 7 15 -10 50 0 T M M 7.4 18 320 M M 7 8 25 320
4 38 12 25 -1 40 0 0.00 0.0 M 11.4 21 200 M M 3 33 220
5 45 32 39 13 26 0 0.00 0.0 M 11.7 22 220 M M 5 31 220
6 39 30 35 9 30 0 0.00 0.0 M 7.9 18 320 M M 6 22 330
7 56 28 42 16 23 0 0.00 0.0 0 10.4 20 250 M M 4 33 260
8 43 26 35 9 30 0 0.01 M M 3.4 10 280 M M 2 18 18 280
9 59 38 49 23 16 0 0.74 0.0 0 13.8 31 230 M M 10 1 55 220
10 43 27 35 9 30 0 T M M 9.8 17 310 M M 6 18 31 280
11 41 20 31 4 34 0 0.00 M M 3.8 13 200 M M 0 18 200
12 52 22 37 10 28 0 0.00 M M 3.2 10 230 M M 0 16 250
13 53 29 41 14 24 0 0.00 M M 7.2 21 300 M M 0 31 290
14 55 25 40 13 25 0 0.01 M M 7.4 21 180 M M 2 33 200
15 60 37 49 21 16 0 0.01 M M 14.1 31 230 M M 4 50 240
16 42 32 37 9 28 0 0.04 M M 9.4 22 90 M M 8 1 28 70
17 32 20 26 -2 39 0 T M M 12.9 25 330 M M 9 1 34 320
18 46 21 34 6 31 0 0.00 M M 12.7 22 220 M M 0 33 230
19 54 35 45 16 20 0 0.00 M M 11.8 25 210 M M 3 38 200
20 51 30 41 12 24 0 0.00 M M 3.7 9 90 M M 0 14 30
21 40 28 34 5 31 0 0.00 M M 8.2 24 300 M M 2 36 260
22 34 32 33 3 32 0 2.19 M M 12.6 22 70 M M 9 136 33 290
23 61 33 47 17 18 0 T 0.0 0 10.5 25 260 M M 8 12 44 230
24 33 29 31 1 34 0 0.00 M M 7.5 22 290 M M 9 37 300
25 39 27 33 3 32 0 T M M 6.9 16 320 M M 8 1 22 320
26 52 28 40 9 25 0 0.00 M M 5.8 14 310 M M 0 1 20 310
27 48 28 38 7 27 0 1.56 M M 9.5 28 340 M M 8 13 36 110
28 47 36 42 10 23 0 0.01 M M 8.0 21 280 M M 6 1 36 270
================================================================================
SM 1246 737 823 0 4.57 0.0 247.4 M 120
================================================================================
AV 44.5 26.3 8.8 FASTST M M 4 MAX(MPH)
MISC ----> # 31 230 55 220
================================================================================
NOTES:
# LAST OF SEVERAL OCCURRENCES
COLUMN 17 PEAK WIND IN M.P.H.
PRELIMINARY LOCAL CLIMATOLOGICAL DATA (WS FORM: F-6) , PAGE 2
STATION: DEFIANCE MEMORIAL
MONTH: FEBRUARY
YEAR: 2023
LATITUDE: 41 20 N
LONGITUDE: 84 26 W
[TEMPERATURE DATA] [PRECIPITATION DATA] SYMBOLS USED IN COLUMN 16
AVERAGE MONTHLY: 35.4 TOTAL FOR MONTH: 4.57 1 = FOG OR MIST
DPTR FM NORMAL: 7.6 DPTR FM NORMAL: 2.92 2 = FOG REDUCING VISIBILITY
HIGHEST: 61 ON 23 GRTST 24HR 2.19 ON 22-22 TO 1/4 MILE OR LESS
LOWEST: 7 ON 3, 1 3 = THUNDER
SNOW, ICE PELLETS, HAIL 4 = ICE PELLETS
TOTAL MONTH: 0.0 INCH 5 = HAIL
GRTST 24HR 0.0 6 = FREEZING RAIN OR DRIZZLE
GRTST DEPTH: 0 7 = DUSTSTORM OR SANDSTORM:
VSBY 1/2 MILE OR LESS
8 = SMOKE OR HAZE
[NO. OF DAYS WITH] [WEATHER - DAYS WITH] 9 = BLOWING SNOW
X = TORNADO
MAX 32 OR BELOW: 3 0.01 INCH OR MORE: 8
MAX 90 OR ABOVE: 0 0.10 INCH OR MORE: 3
MIN 32 OR BELOW: 23 0.50 INCH OR MORE: 3
MIN 0 OR BELOW: 0 1.00 INCH OR MORE: 2
[HDD (BASE 65) ]
TOTAL THIS MO. 823 CLEAR (SCALE 0-3) 13
DPTR FM NORMAL -219 PTCLDY (SCALE 4-7) 9
TOTAL FM JUL 1 3919 CLOUDY (SCALE 8-10) 6
DPTR FM NORMAL -692
[CDD (BASE 65) ]
TOTAL THIS MO. 0
DPTR FM NORMAL 0 [PRESSURE DATA]
TOTAL FM JAN 1 0 HIGHEST SLP 30.63 ON 24
DPTR FM NORMAL 0 LOWEST SLP 29.12 ON 27
[REMARKS]
#FINAL-02-23#