000
CXUS53 KIWX 010846
CF6DFI
PRELIMINARY LOCAL CLIMATOLOGICAL DATA (WS FORM: F-6)
STATION: DEFIANCE MEMORIAL
MONTH: JULY
YEAR: 2022
LATITUDE: 41 20 N
LONGITUDE: 84 26 W
TEMPERATURE IN F: :PCPN: SNOW: WIND :SUNSHINE: SKY :PK WND
================================================================================
1 2 3 4 5 6A 6B 7 8 9 10 11 12 13 14 15 16 17 18
12Z AVG MX 2MIN
DY MAX MIN AVG DEP HDD CDD WTR SNW DPTH SPD SPD DIR MIN PSBL S-S WX SPD DR
================================================================================
1 91 69 80 7 0 15 0.11 M M 7.7 31 310 M M 3 13 45 310
2 85 61 73 0 0 8 0.00 M M 4.7 14 330 M M 1 1 19 300
3 88 58 73 0 0 8 0.00 M M 2.1 12 350 M M 1 16 350
4 90 61 76 3 0 11 T M M 5.4 15 190 M M 1 22 210
5 91 69 80 7 0 15 1.21 M M 9.1 31 330 M M 5 13 47 330
6 80 67 74 1 0 9 1.27 M M 6.2 24 350 M M 6 13 34 350
7 84 65 75 2 0 10 0.00 M M 2.5 7 60 M M 0 1 11 90
8 79 69 74 1 0 9 0.01 M M 3.8 12 50 M M 5 16 30
9 81 60 71 -2 0 6 0.00 M M 8.9 16 30 M M 0 22 20
10 83 55 69 -4 0 4 0.00 M M 3.1 9 30 M M 0 15 320
11 86 59 73 0 0 8 0.00 M M 6.9 18 230 M M 3 30 230
12 82 64 73 0 0 8 0.00 M M 8.4 20 300 M M 2 25 300
13 85 59 72 -1 0 7 0.19 M M 5.1 24 350 M M 2 3 29 340
14 81 62 72 -1 0 7 0.00 M M 3.7 10 30 M M 2 18 15 90
15 82 57 70 -3 0 5 0.38 M M 4.5 13 180 M M 5 1 19 170
16 80 68 74 1 0 9 0.11 M M 5.0 12 120 M M 8 1 17 120
17 78 70 74 1 0 9 0.49 M M 4.4 12 20 M M 8 13 15 180
18 86 68 77 4 0 12 0.08 M M 4.5 10 340 M M 5 1 16 330
19 88 64 76 3 0 11 0.00 0.0 0 4.7 13 200 M M 0 19 220
20 91 72 82 9 0 17 T M M 9.9 22 220 M M 2 41 220
21 88 69 79 6 0 14 0.05 M M 7.7 17 300 M M 0 3 26 290
22 86 65 76 3 0 11 0.04 M M 5.0 20 190 M M 1 13 30 210
23 86 66 76 3 0 11 0.47 M M 6.6 18 220 M M 2 13 30 290
24 83 69 76 3 0 11 0.37 M M 8.1 26 340 M M 3 13 36 350
25 78 60 69 -4 0 4 0.00 M M 5.4 13 300 M M 3 17 300
26 80 57 69 -4 0 4 0.00 M M 1.6 8 210 M M 4 11 160
27 83 65 74 1 0 9 T M M 3.9 13 200 M M 7 1 20 270
28 83 64 74 1 0 9 0.00 M M 5.5 17 260 M M 3 1 33 250
29 80 58 69 -3 0 4 0.00 M M 4.1 15 300 M M 2 22 300
30 82 54 68 -4 0 3 0.00 M M 2.2 9 10 M M 1 12 280
31 84 60 72 0 0 7 0.00 M M 3.0 12 200 M M 1 16 200
================================================================================
SM 2604 1964 0 275 4.78 0.0 163.7 M 86
================================================================================
AV 84.0 63.4 5.3 FASTST M M 3 MAX(MPH)
MISC ----> # 31 310 47 330
================================================================================
NOTES:
# LAST OF SEVERAL OCCURRENCES
COLUMN 17 PEAK WIND IN M.P.H.
PRELIMINARY LOCAL CLIMATOLOGICAL DATA (WS FORM: F-6) , PAGE 2
STATION: DEFIANCE MEMORIAL
MONTH: JULY
YEAR: 2022
LATITUDE: 41 20 N
LONGITUDE: 84 26 W
[TEMPERATURE DATA] [PRECIPITATION DATA] SYMBOLS USED IN COLUMN 16
AVERAGE MONTHLY: 73.7 TOTAL FOR MONTH: 4.78 1 = FOG OR MIST
DPTR FM NORMAL: 0.8 DPTR FM NORMAL: 1.15 2 = FOG REDUCING VISIBILITY
HIGHEST: 91 ON 20, 5 GRTST 24HR 2.05 ON 5- 6 TO 1/4 MILE OR LESS
LOWEST: 54 ON 30 3 = THUNDER
SNOW, ICE PELLETS, HAIL 4 = ICE PELLETS
TOTAL MONTH: 0.0 INCH 5 = HAIL
GRTST 24HR 0.0 6 = FREEZING RAIN OR DRIZZLE
GRTST DEPTH: 0 7 = DUSTSTORM OR SANDSTORM:
VSBY 1/2 MILE OR LESS
8 = SMOKE OR HAZE
[NO. OF DAYS WITH] [WEATHER - DAYS WITH] 9 = BLOWING SNOW
X = TORNADO
MAX 32 OR BELOW: 0 0.01 INCH OR MORE: 13
MAX 90 OR ABOVE: 4 0.10 INCH OR MORE: 9
MIN 32 OR BELOW: 0 0.50 INCH OR MORE: 2
MIN 0 OR BELOW: 0 1.00 INCH OR MORE: 2
[HDD (BASE 65) ]
TOTAL THIS MO. 0 CLEAR (SCALE 0-3) 19
DPTR FM NORMAL -4 PTCLDY (SCALE 4-7) 11
TOTAL FM JUL 1 0 CLOUDY (SCALE 8-10) 1
DPTR FM NORMAL 0
[CDD (BASE 65) ]
TOTAL THIS MO. 275
DPTR FM NORMAL 25 [PRESSURE DATA]
TOTAL FM JAN 1 623 HIGHEST SLP 30.22 ON 30
DPTR FM NORMAL 154 LOWEST SLP 29.54 ON 20
[REMARKS]
#FINAL-07-22#