000
CXUS53 KBIS 010830
CF6DIK
PRELIMINARY LOCAL CLIMATOLOGICAL DATA (WS FORM: F-6)
STATION: DICKINSON ND
MONTH: SEPTEMBER
YEAR: 2021
LATITUDE: 46 47 N
LONGITUDE: 102 48 W
TEMPERATURE IN F: :PCPN: SNOW: WIND :SUNSHINE: SKY :PK WND
================================================================================
1 2 3 4 5 6A 6B 7 8 9 10 11 12 13 14 15 16 17 18
12Z AVG MX 2MIN
DY MAX MIN AVG DEP HDD CDD WTR SNW DPTH SPD SPD DIR MIN PSBL S-S WX SPD DR
================================================================================
1 80 62 71 7 0 6 0.00 M M 14.4 28 150 M M 2 1 38 150
2 76 52 64 0 1 0 0.05 M M 8.3 23 30 M M 4 13 28 30
3 65 48 57 -7 8 0 0.06 M M 6.2 16 230 M M 5 1 21 230
4 78 46 62 -1 3 0 0.00 M M 8.3 21 280 M M 0 28 270
5 87 44 66 3 0 1 0.00 M M 6.6 15 230 M M 0 21 220
6 91 54 73 11 0 8 0.00 M M 12.4 30 280 M M 0 8 41 260
7 81 47 64 2 1 0 0.00 M M 11.5 26 300 M M 1 34 280
8 78 47 63 1 2 0 0.00 M M 6.9 13 360 M M 0 19 10
9 92 49 71 10 0 6 0.00 M M 11.6 23 300 M M 0 30 310
10 89 55 72 11 0 7 0.00 M M 8.6 17 220 M M 1 8 24 360
11 70 43 57 -3 8 0 T M M 10.0 18 30 M M 2 25 80
12 81 43 62 2 3 0 0.00 M M 8.7 17 230 M M 2 23 220
13 80 49 65 5 0 0 T M M 8.2 24 320 M M 3 8 32 320
14 77 44 61 2 4 0 0.00 M M 8.0 20 280 M M 1 31 270
15 86 50 68 9 0 3 0.00 M M 11.9 24 270 M M 0 35 270
16 66 45 56 -2 9 0 0.02 M M 11.9 22 320 M M 5 29 330
17 73 38 56 -2 9 0 0.00 M M 13.5 25 180 M M 0 35 160
18 96 48 72 14 0 7 0.00 M M 12.2 22 190 M M 0 30 220
19 79 50 65 8 0 0 0.10 M M 14.9 25 320 M M 3 13 35 330
20 70 42 56 -1 9 0 T M M 11.2 25 290 M M 5 8 34 300
21 72 40 56 0 9 0 0.00 M M 11.0 22 250 M M 1 18 27 220
22 84 44 64 8 1 0 0.00 M M 8.2 16 220 M M 0 23 210
23 80 46 63 8 2 0 T M M 10.8 21 310 M M 1 8 28 310
24 65 37 51 -4 14 0 0.00 M M 9.8 22 290 M M 1 8 31 300
25 86 39 63 9 2 0 0.00 M M 9.2 18 240 M M 0 26 250
26 89 51 70 16 0 5 0.00 M M 7.1 13 140 M M 0 19 150
27 96 50 73 19 0 8 0.00 M M 8.3 18 240 M M 0 8 23 220
28 100 49 75 22 0 10 0.00 M M 14.0 35 270 M M 0 8 45 270
29 70 50 60 8 5 0 0.04 M M 14.7 35 300 M M 8 38 44 300
30 74 45 60 8 5 0 0.00 M M 5.8 13 30 M M 5 17 30
================================================================================
SM 2411 1407 95 61 0.27 M 304.2 M 50
================================================================================
AV 80.4 46.9 10.1 FASTST M M 2 MAX(MPH)
MISC ----> # 35 270 45 270
================================================================================
NOTES:
# LAST OF SEVERAL OCCURRENCES
COLUMN 17 PEAK WIND IN M.P.H.
PRELIMINARY LOCAL CLIMATOLOGICAL DATA (WS FORM: F-6) , PAGE 2
STATION: DICKINSON ND
MONTH: SEPTEMBER
YEAR: 2021
LATITUDE: 46 47 N
LONGITUDE: 102 48 W
[TEMPERATURE DATA] [PRECIPITATION DATA] SYMBOLS USED IN COLUMN 16
AVERAGE MONTHLY: 63.6 TOTAL FOR MONTH: 0.27 1 = FOG OR MIST
DPTR FM NORMAL: 5.1 DPTR FM NORMAL: -1.35 2 = FOG REDUCING VISIBILITY
HIGHEST: 100 ON 28 GRTST 24HR 0.10 ON 19-19 TO 1/4 MILE OR LESS
LOWEST: 37 ON 24 3 = THUNDER
SNOW, ICE PELLETS, HAIL 4 = ICE PELLETS
TOTAL MONTH: M 5 = HAIL
GRTST 24HR M ON M 6 = FREEZING RAIN OR DRIZZLE
GRTST DEPTH: M ON M 7 = DUSTSTORM OR SANDSTORM:
VSBY 1/2 MILE OR LESS
8 = SMOKE OR HAZE
[NO. OF DAYS WITH] [WEATHER - DAYS WITH] 9 = BLOWING SNOW
X = TORNADO
MAX 32 OR BELOW: 0 0.01 INCH OR MORE: 5
MAX 90 OR ABOVE: 5 0.10 INCH OR MORE: 1
MIN 32 OR BELOW: 0 0.50 INCH OR MORE: 0
MIN 0 OR BELOW: 0 1.00 INCH OR MORE: 0
[HDD (BASE 65) ]
TOTAL THIS MO. 95 CLEAR (SCALE 0-3) 23
DPTR FM NORMAL -139 PTCLDY (SCALE 4-7) 7
TOTAL FM JUL 1 127 CLOUDY (SCALE 8-10) 0
DPTR FM NORMAL -183
[CDD (BASE 65) ]
TOTAL THIS MO. 61
DPTR FM NORMAL 23 [PRESSURE DATA]
TOTAL FM JAN 1 674 HIGHEST SLP M ON M
DPTR FM NORMAL 258 LOWEST SLP 29.47 ON 18
[REMARKS]
#FINAL-09-21#