000
CXUS53 KDLH 010920
CF6DLH
PRELIMINARY LOCAL CLIMATOLOGICAL DATA (WS FORM: F-6)
STATION: DULUTH
MONTH: SEPTEMBER
YEAR: 2020
LATITUDE: 46 49 N
LONGITUDE: 92 11 W
TEMPERATURE IN F: :PCPN: SNOW: WIND :SUNSHINE: SKY :PK WND
================================================================================
1 2 3 4 5 6A 6B 7 8 9 10 11 12 13 14 15 16 17 18
12Z AVG MX 2MIN
DY MAX MIN AVG DEP HDD CDD WTR SNW DPTH SPD SPD DIR MIN PSBL S-S WX SPD DR
================================================================================
1 66 45 56 -5 9 0 0.27 0.0 M 12.3 22 210 M M 3 138 30 220
2 73 51 62 1 3 0 0.03 0.0 0 14.0 29 270 M M 2 3 38 190
3 65 47 56 -4 9 0 0.05 0.0 0 19.3 33 290 M M 6 3 51 300
4 69 45 57 -3 8 0 0.00 0.0 0 11.9 24 260 M M 2 33 260
5 72 43 58 -2 7 0 0.00 0.0 0 5.9 17 270 M M 2 24 260
6 75 52 64 5 1 0 0.00 0.0 0 14.2 28 310 M M 5 50 310
7 57 41 49 -10 16 0 0.00 0.0 0 10.4 28 310 M M 4 41 320
8 52 36 44 -15 21 0 0.00 0.0 0 6.0 13 360 M M 3 19 10
9 55 37 46 -12 19 0 0.00 0.0 0 5.0 10 250 M M 2 13 250
10 62 34 48 -10 17 0 0.00 0.0 0 6.4 14 270 M M 0 1 22 290
11 64 39 52 -6 13 0 T 0.0 0 5.9 14 150 M M 3 19 160
12 60 51 56 -1 9 0 0.08 0.0 0 6.0 14 300 M M 10 1 20 310
13 65 42 54 -3 11 0 0.00 0.0 0 7.4 15 340 M M 5 1 22 340
14 62 38 50 -6 15 0 0.00 0.0 0 8.2 15 110 M M 3 18 20 110
15 73 53 63 7 2 0 0.00 0.0 0 12.5 25 260 M M 3 35 260
16 64 41 53 -3 12 0 0.00 0.0 0 10.5 21 340 M M 3 30 330
17 57 31 44 -11 21 0 0.00 0.0 0 5.3 15 290 M M 1 20 340
18 60 28 44 -11 21 0 0.00 0.0 0 4.2 14 230 M M 1 19 190
19 70 41 56 2 9 0 0.00 0.0 0 10.4 18 240 M M 3 26 210
20 70 50 60 6 5 0 T 0.0 0 15.4 23 200 M M 1 33 210
21 74 56 65 12 0 0 0.00 0.0 0 14.1 22 220 M M 0 33 200
22 81 48 65 12 0 0 0.00 0.0 0 4.1 13 250 M M 0 19 300
23 81 50 66 14 0 1 0.20 0.0 0 4.7 26 100 M M 0 13 35 100
24 54 50 52 0 13 0 T 0.0 0 11.0 21 90 M M 10 12 33 90
25 65 50 58 6 7 0 T 0.0 0 6.3 15 160 M M 10 12 17 110
26 62 55 59 8 6 0 0.11 0.0 0 4.4 14 250 M M 10 1238 18 240
27 63 48 56 5 9 0 0.05 0.0 0 12.8 24 270 M M 6 30 260
28 55 46 51 1 14 0 0.02 0.0 0 11.5 20 310 M M 8 18 27 310
29 62 43 53 3 12 0 0.01 0.0 0 9.0 21 350 M M 8 1 32 340
30 58 40 49 -1 16 0 0.03 0.0 0 11.5 26 310 M M 7 15 38 310
================================================================================
SM 1946 1331 305 1 0.85 0.0 280.6 M 121
================================================================================
AV 64.9 44.4 9.4 FASTST M M 4 MAX(MPH)
MISC ----> 33 290 51 300
================================================================================
NOTES:
# LAST OF SEVERAL OCCURRENCES
COLUMN 17 PEAK WIND IN M.P.H.
PRELIMINARY LOCAL CLIMATOLOGICAL DATA (WS FORM: F-6) , PAGE 2
STATION: DULUTH
MONTH: SEPTEMBER
YEAR: 2020
LATITUDE: 46 49 N
LONGITUDE: 92 11 W
[TEMPERATURE DATA] [PRECIPITATION DATA] SYMBOLS USED IN COLUMN 16
AVERAGE MONTHLY: 54.6 TOTAL FOR MONTH: 0.85 1 = FOG OR MIST
DPTR FM NORMAL: -1.0 DPTR FM NORMAL: -3.26 2 = FOG REDUCING VISIBILITY
HIGHEST: 81 ON 23,22 GRTST 24HR 0.27 ON 1- 1 TO 1/4 MILE OR LESS
LOWEST: 28 ON 18 3 = THUNDER
SNOW, ICE PELLETS, HAIL 4 = ICE PELLETS
TOTAL MONTH: 0.0 INCH 5 = HAIL
GRTST 24HR 0.0 6 = FREEZING RAIN OR DRIZZLE
GRTST DEPTH: 0 7 = DUSTSTORM OR SANDSTORM:
VSBY 1/2 MILE OR LESS
8 = SMOKE OR HAZE
[NO. OF DAYS WITH] [WEATHER - DAYS WITH] 9 = BLOWING SNOW
X = TORNADO
MAX 32 OR BELOW: 0 0.01 INCH OR MORE: 10
MAX 90 OR ABOVE: 0 0.10 INCH OR MORE: 3
MIN 32 OR BELOW: 2 0.50 INCH OR MORE: 0
MIN 0 OR BELOW: 0 1.00 INCH OR MORE: 0
[HDD (BASE 65) ]
TOTAL THIS MO. 305 CLEAR (SCALE 0-3) 16
DPTR FM NORMAL 7 PTCLDY (SCALE 4-7) 10
TOTAL FM JUL 1 351 CLOUDY (SCALE 8-10) 4
DPTR FM NORMAL -95
[CDD (BASE 65) ]
TOTAL THIS MO. 1
DPTR FM NORMAL -13 [PRESSURE DATA]
TOTAL FM JAN 1 356 HIGHEST SLP 30.49 ON 10
DPTR FM NORMAL 152 LOWEST SLP 29.37 ON 3
[REMARKS]
#FINAL-09-20#