000
CXUS51 KLWX 010915
CF6DMH
PRELIMINARY LOCAL CLIMATOLOGICAL DATA (WS FORM: F-6)
STATION: BALTIMORE INNER HARBOR
MONTH: JANUARY
YEAR: 2024
LATITUDE: 39 16 N
LONGITUDE: 76 37 W
TEMPERATURE IN F: :PCPN: SNOW: WIND :SUNSHINE: SKY :PK WND
================================================================================
1 2 3 4 5 6A 6B 7 8 9 10 11 12 13 14 15 16 17 18
12Z AVG MX 2MIN
DY MAX MIN AVG DEP HDD CDD WTR SNW DPTH SPD SPD DIR MIN PSBL S-S WX SPD DR
================================================================================
1 48 42 45 7 20 0 0.04 M M M M M M M M M M
2 47 37 42 4 23 0 0.00 M M M M M M M 0 M M
3 50 34 42 4 23 0 0.00 M M M M M M M 0 M M
4 46 35 41 3 24 0 0.00 M M M M M M M 0 M M
5 44 29 37 0 28 0 0.00 M M M M M M M 0 M M
6 41 33 37 0 28 0 1.14 M M M M M M M 0 M M
7 50 38 44 7 21 0 0.00 M M M M M M M 0 M M
8 51 38 45 8 20 0 0.00 M M M M M M M 0 M M
9 60 39 50 13 15 0 3.11 M M M M M M M 0 M M
10 59 45 52 15 13 0 0.00 M M M M M M M 0 M M
11 54 40 47 10 18 0 0.00 M M M M M M M 0 M M
12 55 38 47 10 18 0 0.60 M M M M M M M 0 M M
13 58 37 48 11 17 0 0.10 M M M M M M M 0 M M
14 48 32 40 3 25 0 0.00 M M M M M M M 0 M M
15 32 27 30 -6 35 0 0.31 M M M M M M M 0 M M
16 34 21 28 -8 37 0 0.13 M M M M M M M 0 M M
17 31 18 25 -11 40 0 0.00 M M M M M M M 0 M M
18 37 23 30 -6 35 0 0.00 M M M M M M M 0 M M
19 35 29 32 -4 33 0 0.37 M M M M M M M M M M
20 29 22 26 -10 39 0 0.00 M M M M M M M M M M
21 37 23 30 -6 35 0 0.00 M M M M M M M M M M
22 42 24 33 -3 32 0 0.00 M M M M M M M 0 M M
23 47 31 39 3 26 0 0.00 M M M M M M M 0 M M
24 48 39 44 8 21 0 0.00 M M M M M M M 0 M M
25 58 46 52 15 13 0 0.18 M M M M M M M 0 M M
26 80 53 67 30 0 2 0.03 M M M M M M M M M M
27 63 47 55 18 10 0 0.05 M M M M M M M M M M
28 49 45 47 10 18 0 1.20 M M M M M M M 0 M M
29 49 45 47 10 18 0 0.00 M M M M M M M 0 M M
30 45 40 43 6 22 0 0.00 M M M M M M M 0 M M
31 47 40 44 7 21 0 0.00 M M M M M M M 0 M M
================================================================================
SM 1474 1090 728 2 7.26 M M M 0
================================================================================
AV 47.5 35.2 M FASTST M M 0 MAX(MPH)
MISC ----> M M M M
================================================================================
NOTES:
# LAST OF SEVERAL OCCURRENCES
COLUMN 17 PEAK WIND IN M.P.H.
PRELIMINARY LOCAL CLIMATOLOGICAL DATA (WS FORM: F-6) , PAGE 2
STATION: BALTIMORE INNER HARBOR
MONTH: JANUARY
YEAR: 2024
LATITUDE: 39 16 N
LONGITUDE: 76 37 W
[TEMPERATURE DATA] [PRECIPITATION DATA] SYMBOLS USED IN COLUMN 16
AVERAGE MONTHLY: 41.4 TOTAL FOR MONTH: 7.26 1 = FOG OR MIST
DPTR FM NORMAL: 4.5 DPTR FM NORMAL: 4.19 2 = FOG REDUCING VISIBILITY
HIGHEST: 80 ON 26 GRTST 24HR 3.11 ON 9- 9 TO 1/4 MILE OR LESS
LOWEST: 18 ON 17 3 = THUNDER
SNOW, ICE PELLETS, HAIL 4 = ICE PELLETS
TOTAL MONTH: M 5 = HAIL
GRTST 24HR M ON M 6 = FREEZING RAIN OR DRIZZLE
GRTST DEPTH: M ON M 7 = DUSTSTORM OR SANDSTORM:
VSBY 1/2 MILE OR LESS
8 = SMOKE OR HAZE
[NO. OF DAYS WITH] [WEATHER - DAYS WITH] 9 = BLOWING SNOW
X = TORNADO
MAX 32 OR BELOW: 3 0.01 INCH OR MORE: 12
MAX 90 OR ABOVE: 0 0.10 INCH OR MORE: 9
MIN 32 OR BELOW: 11 0.50 INCH OR MORE: 4
MIN 0 OR BELOW: 0 1.00 INCH OR MORE: 3
[HDD (BASE 65) ]
TOTAL THIS MO. 728 CLEAR (SCALE 0-3) 25
DPTR FM NORMAL -145 PTCLDY (SCALE 4-7) 0
TOTAL FM JUL 1 1773 CLOUDY (SCALE 8-10) 6
DPTR FM NORMAL -468
[CDD (BASE 65) ]
TOTAL THIS MO. 2
DPTR FM NORMAL 2 [PRESSURE DATA]
TOTAL FM JAN 1 2 HIGHEST SLP 30.69 ON 22
DPTR FM NORMAL 2 LOWEST SLP 29.08 ON 10
[REMARKS]
#FINAL-01-24#