000
CXUS54 KFWD 010730
CF6DTO
PRELIMINARY LOCAL CLIMATOLOGICAL DATA (WS FORM: F-6)
STATION: DENTON
MONTH: MARCH
YEAR: 2020
LATITUDE: 33 12 N
LONGITUDE: 97 12 W
TEMPERATURE IN F: :PCPN: SNOW: WIND :SUNSHINE: SKY :PK WND
================================================================================
1 2 3 4 5 6A 6B 7 8 9 10 11 12 13 14 15 16 17 18
12Z AVG MX 2MIN
DY MAX MIN AVG DEP HDD CDD WTR SNW DPTH SPD SPD DIR MIN PSBL S-S WX SPD DR
================================================================================
1 77 55 66 15 0 1 0.00 0.0 0 16.0 26 180 M M 2 33 190
2 69 51 60 9 5 0 0.00 0.0 0 6.8 14 210 M M 1 16 150
3 64 50 57 6 8 0 0.00 0.0 0 5.6 14 20 M M 5 17 20
4 58 50 54 2 11 0 1.07 0.0 0 10.5 22 10 M M 10 13 27 10
5 M M M M M M 0.00 0.0 0 6.6 17 360 M M 0 8 22 360
6 66 33 50 -2 15 0 0.00 0.0 0 5.2 15 40 M M 0 19 20
7 65 35 50 -2 15 0 0.00 0.0 0 9.5 22 160 M M 0 26 160
8 68 47 58 5 7 0 0.00 0.0 0 14.6 26 170 M M 6 36 170
9 78 57 68 15 0 3 0.02 0.0 0 15.8 28 170 M M 6 1 35 170
10 79 43 61 8 4 0 0.00 0.0 0 6.8 17 170 M M 0 21 170
11 87 61 74 20 0 9 0.00 0.0 0 9.6 18 240 M M 0 1 24 230
12 85 67 76 22 0 11 T 0.0 0 9.6 22 210 M M 3 28 220
13 73 54 64 10 1 0 1.77 0.0 0 11.2 21 100 M M 10 13 28 90
14 60 52 56 1 9 0 0.08 0.0 0 8.8 17 340 M M 10 1 26 340
15 56 49 53 -2 12 0 0.80 0.0 0 10.0 16 20 M M 9 13 21 10
16 69 52 61 6 4 0 0.94 0.0 0 6.0 28 90 M M 8 138 38 100
17 66 58 62 6 3 0 0.29 0.0 0 7.5 17 250 M M 9 13 27 210
18 80 62 71 15 0 6 3.98 0.0 0 12.4 29 250 M M 8 13 44 250
19 81 61 71 15 0 6 0.51 0.0 0 15.2 35 240 M M 3 138 50 190
20 63 39 51 -5 14 0 0.01 0.0 0 12.0 23 340 M M 8 1 32 360
21 57 39 48 -9 17 0 0.05 0.0 0 9.1 15 70 M M 3 3 22 50
22 60 53 57 0 8 0 0.12 0.0 0 3.8 8 130 M M 10 1 12 140
23 70 59 65 8 0 0 T 0.0 0 6.9 15 110 M M 10 12 20 110
24 82 56 69 11 0 4 0.00 0.0 0 10.4 21 190 M M 3 128 28 180
25 89 49 69 11 0 4 0.00 0.0 0 8.6 21 200 M M 0 1 27 210
26 88 67 78 20 0 13 T 0.0 0 12.6 22 160 M M 0 18 27 170
27 80 68 74 16 0 9 0.00 0.0 0 11.6 24 190 M M 2 35 200
28 75 47 61 2 4 0 0.06 0.0 0 9.3 24 310 M M 1 3 34 290
29 71 44 58 -1 7 0 0.00 0.0 0 4.9 13 350 M M 2 18 350
30 66 53 60 1 5 0 0.62 0.0 0 8.9 26 130 M M 10 138 37 120
31 67 48 58 -2 7 0 0.00 0.0 0 7.0 20 10 M M 6 26 20
================================================================================
SM 2149 1559 156 66 10.32 0.0 292.8 M 145
================================================================================
AV 71.6 52.0 9.4 FASTST M M 5 MAX(MPH)
MISC ----> # 35 240 # 50 190
================================================================================
NOTES:
# LAST OF SEVERAL OCCURRENCES
COLUMN 17 PEAK WIND IN M.P.H.
PRELIMINARY LOCAL CLIMATOLOGICAL DATA (WS FORM: F-6) , PAGE 2
STATION: DENTON
MONTH: MARCH
YEAR: 2020
LATITUDE: 33 12 N
LONGITUDE: 97 12 W
[TEMPERATURE DATA] [PRECIPITATION DATA] SYMBOLS USED IN COLUMN 16
AVERAGE MONTHLY: 61.8 TOTAL FOR MONTH: 10.32 1 = FOG OR MIST
DPTR FM NORMAL: 6.6 DPTR FM NORMAL: 6.77 2 = FOG REDUCING VISIBILITY
HIGHEST: 89 ON 25 GRTST 24HR 3.98 ON 18-18 TO 1/4 MILE OR LESS
LOWEST: 33 ON 6 3 = THUNDER
SNOW, ICE PELLETS, HAIL 4 = ICE PELLETS
TOTAL MONTH: 0.0 INCH 5 = HAIL
GRTST 24HR 0.0 6 = FREEZING RAIN OR DRIZZLE
GRTST DEPTH: 0 7 = DUSTSTORM OR SANDSTORM:
VSBY 1/2 MILE OR LESS
8 = SMOKE OR HAZE
[NO. OF DAYS WITH] [WEATHER - DAYS WITH] 9 = BLOWING SNOW
X = TORNADO
MAX 32 OR BELOW: 0 0.01 INCH OR MORE: 14
MAX 90 OR ABOVE: 0 0.10 INCH OR MORE: 9
MIN 32 OR BELOW: 0 0.50 INCH OR MORE: 7
MIN 0 OR BELOW: 0 1.00 INCH OR MORE: 3
[HDD (BASE 65) ]
TOTAL THIS MO. 156 CLEAR (SCALE 0-3) 13
DPTR FM NORMAL -169 PTCLDY (SCALE 4-7) 8
TOTAL FM JUL 1 2337 CLOUDY (SCALE 8-10) 10
DPTR FM NORMAL -233
[CDD (BASE 65) ]
TOTAL THIS MO. 66
DPTR FM NORMAL 45 [PRESSURE DATA]
TOTAL FM JAN 1 70 HIGHEST SLP M ON M
DPTR FM NORMAL 45 LOWEST SLP 29.61 ON 27
[REMARKS]
#FINAL-03-20#