000
CXUS51 KPBZ 010730
CF6DUJ
PRELIMINARY LOCAL CLIMATOLOGICAL DATA (WS FORM: F-6)
STATION: DUBOIS PA
MONTH: JUNE
YEAR: 2023
LATITUDE: 41 10 N
LONGITUDE: 78 54 W
TEMPERATURE IN F: :PCPN: SNOW: WIND :SUNSHINE: SKY :PK WND
================================================================================
1 2 3 4 5 6A 6B 7 8 9 10 11 12 13 14 15 16 17 18
12Z AVG MX 2MIN
DY MAX MIN AVG DEP HDD CDD WTR SNW DPTH SPD SPD DIR MIN PSBL S-S WX SPD DR
================================================================================
1 88 53 71 10 0 6 0.00 M M 3.6 12 110 M M 0 17 60
2 91 63 77 15 0 12 0.00 M M 6.1 16 10 M M 0 22 10
3 88 60 74 12 0 9 0.00 M M 9.3 20 10 M M 2 26 20
4 76 52 64 2 1 0 0.00 M M 7.9 17 20 M M 3 20 40
5 73 45 59 -3 6 0 0.00 M M 6.2 16 360 M M 1 8 24 80
6 77 49 63 0 2 0 0.00 M M 8.8 20 310 M M 2 8 26 300
7 71 45 58 -5 7 0 0.00 M M 5.7 16 350 M M 4 18 23 10
8 65 41 53 -10 12 0 0.00 M M 3.4 12 310 M M 9 8 17 310
9 67 50 59 -5 6 0 0.11 M M 5.5 16 290 M M 10 18 23 310
10 78 48 63 -1 2 0 0.00 M M 6.8 16 270 M M 1 21 310
11 83 54 69 5 0 4 0.04 M M 4.3 14 200 M M 3 1 20 190
12 67 52 60 -4 5 0 0.64 M M 8.3 18 260 M M 9 12 26 280
13 66 47 57 -8 8 0 0.19 M M 6.2 17 230 M M 9 12 22 280
14 64 52 58 -7 7 0 0.31 M M 10.8 21 260 M M 8 1 30 270
15 72 48 60 -5 5 0 T M M 5.3 12 270 M M 3 18 15 270
16 66 56 61 -4 4 0 0.21 M M 5.3 13 350 M M 9 13 16 340
17 75 53 64 -2 1 0 0.00 M M 9.2 20 330 M M 4 18 28 290
18 77 50 64 -2 1 0 0.00 M M 2.6 10 230 M M 0 15 320
19 84 51 68 2 0 3 0.00 M M 7.1 13 110 M M 0 18 17 110
20 80 64 72 6 0 7 0.00 M M 6.2 13 120 M M 3 19 120
21 79 61 70 3 0 5 0.00 M M 7.3 16 110 M M 3 21 110
22 64 56 60 -7 5 0 0.66 M M 8.3 14 120 M M 10 1 19 100
23 74 61 68 1 0 3 0.12 M M 6.4 13 110 M M 10 1 18 110
24 75 64 70 3 0 5 0.39 M M 3.9 18 350 M M 9 128 22 340
25 81 60 71 4 0 6 0.75 M M 3.0 25 240 M M 7 123 34 230
26 80 65 73 5 0 8 0.05 M M 7.4 20 230 M M 3 13 27 230
27 72 61 67 -1 0 2 0.23 M M 8.7 20 260 M M 10 18 25 280
28 74 56 65 -3 0 0 0.00 M M 7.1 15 290 M M 9 18 19 280
29 79 50 65 -3 0 0 0.00 M M 2.8 10 220 M M 4 128 13 220
30 79 59 69 1 0 4 0.00 M M 5.6 14 230 M M 7 18 18 230
================================================================================
SM 2265 1626 72 74 3.70 M 189.1 M 152
================================================================================
AV 75.5 54.2 6.3 FASTST M M 5 MAX(MPH)
MISC ----> 25 240 34 230
================================================================================
NOTES:
# LAST OF SEVERAL OCCURRENCES
COLUMN 17 PEAK WIND IN M.P.H.
PRELIMINARY LOCAL CLIMATOLOGICAL DATA (WS FORM: F-6) , PAGE 2
STATION: DUBOIS PA
MONTH: JUNE
YEAR: 2023
LATITUDE: 41 10 N
LONGITUDE: 78 54 W
[TEMPERATURE DATA] [PRECIPITATION DATA] SYMBOLS USED IN COLUMN 16
AVERAGE MONTHLY: 64.9 TOTAL FOR MONTH: 3.70 1 = FOG OR MIST
DPTR FM NORMAL: -0.2 DPTR FM NORMAL: -0.96 2 = FOG REDUCING VISIBILITY
HIGHEST: 91 ON 2 GRTST 24HR 0.80 ON 25-26 TO 1/4 MILE OR LESS
LOWEST: 41 ON 8 3 = THUNDER
SNOW, ICE PELLETS, HAIL 4 = ICE PELLETS
TOTAL MONTH: M 5 = HAIL
GRTST 24HR M ON M 6 = FREEZING RAIN OR DRIZZLE
GRTST DEPTH: M ON M 7 = DUSTSTORM OR SANDSTORM:
VSBY 1/2 MILE OR LESS
8 = SMOKE OR HAZE
[NO. OF DAYS WITH] [WEATHER - DAYS WITH] 9 = BLOWING SNOW
X = TORNADO
MAX 32 OR BELOW: 0 0.01 INCH OR MORE: 12
MAX 90 OR ABOVE: 1 0.10 INCH OR MORE: 10
MIN 32 OR BELOW: 0 0.50 INCH OR MORE: 3
MIN 0 OR BELOW: 0 1.00 INCH OR MORE: 0
[HDD (BASE 65) ]
TOTAL THIS MO. 72 CLEAR (SCALE 0-3) 11
DPTR FM NORMAL -2 PTCLDY (SCALE 4-7) 8
TOTAL FM JUL 1 5565 CLOUDY (SCALE 8-10) 11
DPTR FM NORMAL -1109
[CDD (BASE 65) ]
TOTAL THIS MO. 74
DPTR FM NORMAL -3 [PRESSURE DATA]
TOTAL FM JAN 1 118 HIGHEST SLP 30.20 ON 21
DPTR FM NORMAL 9 LOWEST SLP 29.39 ON 14
[REMARKS]
#FINAL-06-23#