000
CXUS51 KPBZ 010830
CF6DUJ
PRELIMINARY LOCAL CLIMATOLOGICAL DATA (WS FORM: F-6)
STATION: DUBOIS PA
MONTH: FEBRUARY
YEAR: 2024
LATITUDE: 41 10 N
LONGITUDE: 78 54 W
TEMPERATURE IN F: :PCPN: SNOW: WIND :SUNSHINE: SKY :PK WND
================================================================================
1 2 3 4 5 6A 6B 7 8 9 10 11 12 13 14 15 16 17 18
12Z AVG MX 2MIN
DY MAX MIN AVG DEP HDD CDD WTR SNW DPTH SPD SPD DIR MIN PSBL S-S WX SPD DR
================================================================================
1 44 35 40 16 25 0 0.00 M M 12.8 22 240 M M 10 8 30 250
2 42 34 38 14 27 0 T M M 9.0 15 10 M M 10 1 21 20
3 47 29 38 14 27 0 0.00 M M 5.3 12 10 M M 4 18 350
4 52 26 39 14 26 0 0.00 M M 3.6 10 320 M M 0 17 360
5 35 26 31 6 34 0 0.00 M M 7.3 13 20 M M 3 18 40
6 43 20 32 7 33 0 0.00 M M 4.9 13 60 M M 0 17 60
7 51 24 38 13 27 0 0.00 M M 3.1 8 110 M M 0 11 110
8 57 34 46 21 19 0 0.00 M M 7.1 13 120 M M 0 18 120
9 62 42 52 27 13 0 T M M 9.8 18 220 M M 4 27 220
10 57 39 48 22 17 0 0.10 M M 10.0 21 240 M M 7 29 240
11 40 30 35 9 30 0 0.00 M M 3.4 9 330 M M 3 1 13 270
12 45 26 36 10 29 0 0.00 M M 3.0 8 10 M M 3 1 10 230
13 41 29 35 9 30 0 T M M 12.0 21 290 M M 6 32 280
14 35 22 29 3 36 0 T M M 9.5 20 320 M M 6 30 330
15 43 15 29 2 36 0 0.13 M M 10.4 29 290 M M 5 1 51 300
16 36 26 31 4 34 0 0.06 M M 9.6 24 270 M M 9 1 41 280
17 27 17 22 -5 43 0 0.03 M M 11.4 24 270 M M 9 18 38 270
18 32 14 23 -4 42 0 0.00 M M 17.2 26 250 M M 4 37 240
19 38 26 32 4 33 0 0.00 M M 6.1 14 250 M M 4 22 270
20 46 19 33 5 32 0 0.00 M M 6.6 12 120 M M 0 16 120
21 50 30 40 12 25 0 0.00 M M 9.7 14 130 M M 1 23 120
22 42 35 39 11 26 0 0.49 M M 6.8 14 120 M M 9 1 20 130
23 53 34 44 15 21 0 0.01 M M 5.2 17 330 M M 9 12 23 330
24 37 17 27 -2 38 0 0.00 M M 9.1 17 320 M M 4 25 340
25 44 14 29 0 36 0 0.00 M M 6.0 17 230 M M 1 26 230
26 61 34 48 18 17 0 0.00 M M 4.8 13 230 M M 4 17 210
27 62 46 54 24 11 0 0.28 M M 9.0 12 110 M M 4 20 200
28 60 24 42 12 23 0 0.67 M M 14.7 31 280 M M 10 13 47 300
29 33 22 28 -2 37 0 T M M 13.3 25 270 M M 7 40 290
================================================================================
SM 1315 789 827 0 1.77 M 240.7 M 136
================================================================================
AV 45.3 27.2 8.3 FASTST M M 5 MAX(MPH)
MISC ----> 31 280 51 300
================================================================================
NOTES:
# LAST OF SEVERAL OCCURRENCES
COLUMN 17 PEAK WIND IN M.P.H.
PRELIMINARY LOCAL CLIMATOLOGICAL DATA (WS FORM: F-6) , PAGE 2
STATION: DUBOIS PA
MONTH: FEBRUARY
YEAR: 2024
LATITUDE: 41 10 N
LONGITUDE: 78 54 W
[TEMPERATURE DATA] [PRECIPITATION DATA] SYMBOLS USED IN COLUMN 16
AVERAGE MONTHLY: 36.3 TOTAL FOR MONTH: 1.77 1 = FOG OR MIST
DPTR FM NORMAL: 9.5 DPTR FM NORMAL: -0.61 2 = FOG REDUCING VISIBILITY
HIGHEST: 62 ON 27, 9 GRTST 24HR 0.67 ON 28-28 TO 1/4 MILE OR LESS
LOWEST: 14 ON 25,18 3 = THUNDER
SNOW, ICE PELLETS, HAIL 4 = ICE PELLETS
TOTAL MONTH: M 5 = HAIL
GRTST 24HR M ON M 6 = FREEZING RAIN OR DRIZZLE
GRTST DEPTH: M ON M 7 = DUSTSTORM OR SANDSTORM:
VSBY 1/2 MILE OR LESS
8 = SMOKE OR HAZE
[NO. OF DAYS WITH] [WEATHER - DAYS WITH] 9 = BLOWING SNOW
X = TORNADO
MAX 32 OR BELOW: 2 0.01 INCH OR MORE: 8
MAX 90 OR ABOVE: 0 0.10 INCH OR MORE: 5
MIN 32 OR BELOW: 20 0.50 INCH OR MORE: 1
MIN 0 OR BELOW: 0 1.00 INCH OR MORE: 0
[HDD (BASE 65) ]
TOTAL THIS MO. 827 CLEAR (SCALE 0-3) 8
DPTR FM NORMAL -244 PTCLDY (SCALE 4-7) 14
TOTAL FM JUL 1 3862 CLOUDY (SCALE 8-10) 7
DPTR FM NORMAL -1081
[CDD (BASE 65) ]
TOTAL THIS MO. 0
DPTR FM NORMAL 0 [PRESSURE DATA]
TOTAL FM JAN 1 0 HIGHEST SLP 30.46 ON 29
DPTR FM NORMAL 0 LOWEST SLP 29.39 ON 28
[REMARKS]
#FINAL-02-24#