000
CXUS55 KPSR 011005
CF6DVT
PRELIMINARY LOCAL CLIMATOLOGICAL DATA (WS FORM: F-6)
STATION: DEER VLY/PHOENIX AZ
MONTH: OCTOBER
YEAR: 2022
LATITUDE: 33 41 N
LONGITUDE: 112 4 W
TEMPERATURE IN F: :PCPN: SNOW: WIND :SUNSHINE: SKY :PK WND
================================================================================
1 2 3 4 5 6A 6B 7 8 9 10 11 12 13 14 15 16 17 18
12Z AVG MX 2MIN
DY MAX MIN AVG DEP HDD CDD WTR SNW DPTH SPD SPD DIR MIN PSBL S-S WX SPD DR
================================================================================
1 94 73 84 4 0 19 0.00 M M 4.5 12 210 M M 0 16 210
2 94 74 84 4 0 19 0.00 M M 5.9 14 140 M M 0 22 140
3 97 69 83 3 0 18 0.04 M M 7.6 44 10 M M 2 378 62 20
4 91 67 79 0 0 14 0.00 M M 5.7 13 150 M M 0 18 140
5 91 69 80 1 0 15 0.00 M M 3.8 13 280 M M 1 3 17 220
6 91 73 82 4 0 17 0.00 M M 6.2 20 10 M M 1 38 32 80
7 91 71 81 3 0 16 0.00 M M 6.5 22 140 M M 0 29 140
8 88 70 79 1 0 14 0.08 M M 5.5 23 100 M M 3 3 33 90
9 87 68 78 1 0 13 0.00 M M 5.2 13 160 M M 0 19 120
10 88 68 78 1 0 13 0.00 M M 4.8 12 200 M M 0 19 200
11 90 70 80 4 0 15 0.00 M M 4.7 12 40 M M 0 15 220
12 92 66 79 3 0 14 0.00 M M 4.2 10 40 M M 0 17 280
13 94 69 82 6 0 17 0.00 M M 5.3 12 180 M M 0 16 210
14 95 67 81 6 0 16 0.00 M M 3.9 13 210 M M 0 18 190
15 80 63 72 -3 0 7 0.66 M M 7.0 31 150 M M 4 13 43 150
16 77 60 69 -5 0 4 0.39 M M 4.4 17 40 M M 3 13 28 140
17 83 60 72 -2 0 7 0.00 M M 5.2 13 50 M M 1 19 100
18 85 65 75 1 0 10 0.00 M M 7.7 15 70 M M 0 23 80
19 85 65 75 2 0 10 0.00 M M 7.9 17 120 M M 0 27 160
20 87 66 77 4 0 12 0.00 M M 4.4 14 40 M M 0 17 40
21 87 63 75 2 0 10 0.00 M M 4.5 13 230 M M 1 17 180
22 85 62 74 2 0 9 0.00 M M 9.4 24 250 M M 1 33 230
23 74 60 67 -5 0 2 0.00 M M 12.7 28 360 M M 5 39 360
24 71 51 61 -11 4 0 0.00 M M 8.9 25 360 M M 0 37 360
25 74 49 62 -9 3 0 0.00 M M 3.6 10 40 M M 0 14 50
26 75 49 62 -9 3 0 0.00 M M 3.3 9 220 M M 0 14 190
27 78 50 64 -6 1 0 0.00 M M 4.6 16 70 M M 0 23 80
28 78 50 64 -6 1 0 0.00 M M 5.3 14 40 M M 0 19 40
29 79 54 67 -3 0 2 0.00 M M 4.3 12 250 M M 0 18 260
30 76 51 64 -5 1 0 0.00 M M 2.7 10 50 M M 0 14 50
31 80 50 65 -4 0 0 0.00 M M 2.7 9 230 M M 0 13 210
================================================================================
SM 2637 1942 13 293 1.17 M 172.4 M 22
================================================================================
AV 85.1 62.6 5.6 FASTST M M 1 MAX(MPH)
MISC ----> 44 10 62 20
================================================================================
NOTES:
# LAST OF SEVERAL OCCURRENCES
COLUMN 17 PEAK WIND IN M.P.H.
PRELIMINARY LOCAL CLIMATOLOGICAL DATA (WS FORM: F-6) , PAGE 2
STATION: DEER VLY/PHOENIX AZ
MONTH: OCTOBER
YEAR: 2022
LATITUDE: 33 41 N
LONGITUDE: 112 4 W
[TEMPERATURE DATA] [PRECIPITATION DATA] SYMBOLS USED IN COLUMN 16
AVERAGE MONTHLY: 73.9 TOTAL FOR MONTH: 1.17 1 = FOG OR MIST
DPTR FM NORMAL: -0.6 DPTR FM NORMAL: 0.50 2 = FOG REDUCING VISIBILITY
HIGHEST: 97 ON 3 GRTST 24HR 1.05 ON 15-16 TO 1/4 MILE OR LESS
LOWEST: 49 ON 26,25 3 = THUNDER
SNOW, ICE PELLETS, HAIL 4 = ICE PELLETS
TOTAL MONTH: M 5 = HAIL
GRTST 24HR M ON M 6 = FREEZING RAIN OR DRIZZLE
GRTST DEPTH: M ON M 7 = DUSTSTORM OR SANDSTORM:
VSBY 1/2 MILE OR LESS
8 = SMOKE OR HAZE
[NO. OF DAYS WITH] [WEATHER - DAYS WITH] 9 = BLOWING SNOW
X = TORNADO
MAX 32 OR BELOW: 0 0.01 INCH OR MORE: 4
MAX 90 OR ABOVE: 11 0.10 INCH OR MORE: 2
MIN 32 OR BELOW: 0 0.50 INCH OR MORE: 1
MIN 0 OR BELOW: 0 1.00 INCH OR MORE: 0
[HDD (BASE 65) ]
TOTAL THIS MO. 13 CLEAR (SCALE 0-3) 28
DPTR FM NORMAL 3 PTCLDY (SCALE 4-7) 3
TOTAL FM JUL 1 13 CLOUDY (SCALE 8-10) 0
DPTR FM NORMAL 5
[CDD (BASE 65) ]
TOTAL THIS MO. 293
DPTR FM NORMAL -12 [PRESSURE DATA]
TOTAL FM JAN 1 4158 HIGHEST SLP 30.20 ON 28
DPTR FM NORMAL 253 LOWEST SLP 29.53 ON 22
[REMARKS]
#FINAL-10-22#