000
CXUS55 KPSR 011005
CF6DVT
PRELIMINARY LOCAL CLIMATOLOGICAL DATA (WS FORM: F-6)
STATION: DEER VLY/PHOENIX AZ
MONTH: AUGUST
YEAR: 2023
LATITUDE: 33 41 N
LONGITUDE: 112 4 W
TEMPERATURE IN F: :PCPN: SNOW: WIND :SUNSHINE: SKY :PK WND
================================================================================
1 2 3 4 5 6A 6B 7 8 9 10 11 12 13 14 15 16 17 18
12Z AVG MX 2MIN
DY MAX MIN AVG DEP HDD CDD WTR SNW DPTH SPD SPD DIR MIN PSBL S-S WX SPD DR
================================================================================
1 104 84 94 2 0 29 0.00 M M 4.5 15 240 M M 0 22 260
2 107 88 98 6 0 33 0.00 M M 6.0 20 270 M M 1 25 280
3 107 82 95 3 0 30 0.00 M M 5.5 17 280 M M 0 24 290
4 109 78 94 2 0 29 0.00 M M 4.2 14 270 M M 0 21 270
5 111 79 95 3 0 30 0.00 M M 5.4 18 220 M M 0 24 240
6 109 77 93 1 0 28 0.00 0.0 M 7.2 17 230 M M 0 25 260
7 107 88 98 6 0 33 0.00 0.0 M 10.2 18 230 M M 0 26 240
8 104 78 91 -1 0 26 0.12 0.0 0 8.9 20 260 M M 1 3 30 250
9 105 87 96 4 0 31 T 0.0 0 8.2 20 260 M M 0 26 270
10 102 87 95 3 0 30 T 0.0 0 8.2 17 240 M M 1 27 240
11 102 84 93 1 0 28 0.00 0.0 0 6.7 16 180 M M 1 23 200
12 102 83 93 1 0 28 0.00 0.0 0 6.6 17 130 M M 1 23 150
13 105 83 94 2 0 29 0.00 M M 6.9 24 300 M M 0 31 290
14 101 82 92 0 0 27 0.00 M M 4.9 15 150 M M 0 20 160
15 107 87 97 5 0 32 T M M 9.5 25 240 M M 1 3 33 240
16 108 81 95 3 0 30 0.09 M M 6.5 24 40 M M 1 3 36 70
17 110 84 97 5 0 32 0.01 M M 6.5 21 170 M M 0 3 30 210
18 102 82 92 0 0 27 0.00 M M 7.6 20 260 M M 1 3 30 200
19 92 81 87 -4 0 22 0.00 M M 10.3 23 250 M M 0 30 240
20 99 80 90 -1 0 25 T M M 8.9 24 180 M M 3 36 190
21 91 75 83 -8 0 18 0.02 M M 6.5 17 280 M M 6 3 21 290
22 100 74 87 -4 0 22 0.00 M M 5.6 15 280 M M 0 24 270
23 104 81 93 2 0 28 0.00 M M 8.4 21 170 M M 0 31 170
24 101 85 93 2 0 28 0.00 M M 7.2 10 130 M M 0 16 70
25 108 85 97 6 0 32 0.00 M M 5.8 14 290 M M 0 20 230
26 109 87 98 7 0 33 0.00 M M 6.1 15 160 M M 0 21 180
27 109 86 98 7 0 33 0.00 M M 5.9 22 60 M M 0 3 30 50
28 112 88 100 9 0 35 0.00 M M 6.8 24 40 M M 0 33 50
29 110 88 99 8 0 34 0.00 M M 5.8 18 180 M M 0 26 140
30 107 88 98 8 0 33 0.00 M M 5.4 13 290 M M 0 17 210
31 106 74 90 0 0 25 0.12 M M 8.5 40 190 M M 1 38 62 200
================================================================================
SM 3250 2566 0 900 0.36 0.0 214.7 M 18
================================================================================
AV104.8 82.8 6.9 FASTST M M 1 MAX(MPH)
MISC ----> 40 190 62 200
================================================================================
NOTES:
# LAST OF SEVERAL OCCURRENCES
COLUMN 17 PEAK WIND IN M.P.H.
PRELIMINARY LOCAL CLIMATOLOGICAL DATA (WS FORM: F-6) , PAGE 2
STATION: DEER VLY/PHOENIX AZ
MONTH: AUGUST
YEAR: 2023
LATITUDE: 33 41 N
LONGITUDE: 112 4 W
[TEMPERATURE DATA] [PRECIPITATION DATA] SYMBOLS USED IN COLUMN 16
AVERAGE MONTHLY: 93.8 TOTAL FOR MONTH: 0.36 1 = FOG OR MIST
DPTR FM NORMAL: 2.3 DPTR FM NORMAL: -0.60 2 = FOG REDUCING VISIBILITY
HIGHEST: 112 ON 28 GRTST 24HR 0.12 ON 31-31 TO 1/4 MILE OR LESS
LOWEST: 74 ON 31,22 3 = THUNDER
SNOW, ICE PELLETS, HAIL 4 = ICE PELLETS
TOTAL MONTH: 0.0 INCH 5 = HAIL
GRTST 24HR 0.0 6 = FREEZING RAIN OR DRIZZLE
GRTST DEPTH: 0 7 = DUSTSTORM OR SANDSTORM:
VSBY 1/2 MILE OR LESS
8 = SMOKE OR HAZE
[NO. OF DAYS WITH] [WEATHER - DAYS WITH] 9 = BLOWING SNOW
X = TORNADO
MAX 32 OR BELOW: 0 0.01 INCH OR MORE: 5
MAX 90 OR ABOVE: 31 0.10 INCH OR MORE: 2
MIN 32 OR BELOW: 0 0.50 INCH OR MORE: 0
MIN 0 OR BELOW: 0 1.00 INCH OR MORE: 0
[HDD (BASE 65) ]
TOTAL THIS MO. 0 CLEAR (SCALE 0-3) 30
DPTR FM NORMAL 0 PTCLDY (SCALE 4-7) 1
TOTAL FM JUL 1 0 CLOUDY (SCALE 8-10) 0
DPTR FM NORMAL 0
[CDD (BASE 65) ]
TOTAL THIS MO. 900
DPTR FM NORMAL 79 [PRESSURE DATA]
TOTAL FM JAN 1 3048 HIGHEST SLP 29.97 ON 21
DPTR FM NORMAL 81 LOWEST SLP 29.60 ON 31
[REMARKS]
#FINAL-08-23#