000
CXUS54 KHGX 072354
CF6DWH
PRELIMINARY LOCAL CLIMATOLOGICAL DATA (WS FORM: F-6)
STATION: HOUSTON/D.W._HOOKS
MONTH: JULY
YEAR: 2021
LATITUDE: 30 4 N
LONGITUDE: 95 33 W
TEMPERATURE IN F: :PCPN: SNOW: WIND :SUNSHINE: SKY :PK WND
================================================================================
1 2 3 4 5 6A 6B 7 8 9 10 11 12 13 14 15 16 17 18
12Z AVG MX 2MIN
DY MAX MIN AVG DEP HDD CDD WTR SNW DPTH SPD SPD DIR MIN PSBL S-S WX SPD DR
================================================================================
1 93 74 84 0 0 19 0.00 0.0 0 2.5 8 120 M M 2 1 15 170
2 93 75 84 0 0 19 0.00 0.0 0 3.3 10 100 M M 1 17 90
3 85 75 80 -4 0 15 0.22 0.0 0 2.0 10 330 M M 4 13 14 310
4 89 74 82 -2 0 17 2.44 0.0 0 2.4 17 140 M M 7 1238 23 130
5 88 75 82 -2 0 17 0.37 0.0 0 2.7 18 90 M M 5 1238 22 90
6 89 75 82 -2 0 17 0.31 0.0 0 4.2 14 120 M M 5 1 19 110
7 88 74 81 -3 0 16 0.01 0.0 0 4.5 12 130 M M 4 1 19 130
8 86 75 81 -3 0 16 0.25 0.0 0 7.7 18 120 M M 7 1 23 100
9 80 70 75 -9 0 10 1.09 0.0 0 6.1 18 130 M M 7 13 28 180
10 92 76 84 0 0 19 T 0.0 0 4.7 15 200 M M 6 1 23 180
11 90 75 83 -1 0 18 0.00 0.0 0 5.2 15 20 M M 4 18 21 30
12 89 72 81 -3 0 16 0.13 0.0 0 5.8 21 340 M M 4 13 31 340
13 93 72 83 -1 0 18 0.24 0.0 0 2.6 21 130 M M 2 138 26 120
14 89 71 80 -4 0 15 0.00 0.0 0 3.3 14 130 M M 2 13 19 120
15 91 74 83 -1 0 18 0.86 0.0 0 3.3 18 260 M M 3 123 23 210
16 91 75 83 -1 0 18 0.09 0.0 0 2.7 21 200 M M 2 13 29 200
17 94 74 84 0 0 19 0.00 0.0 0 2.7 10 190 M M 2 1 23 270
18 94 75 85 0 0 20 0.16 0.0 0 3.2 15 140 M M 2 13 20 130
19 94 76 85 0 0 20 0.00 0.0 0 4.9 13 350 M M 1 1 18 350
20 90 76 83 -2 0 18 T 0.0 0 4.4 14 360 M M 5 18 30
21 92 74 83 -2 0 18 0.06 0.0 0 1.8 14 200 M M 2 13 18 190
22 90 74 82 -3 0 17 0.72 0.0 0 2.5 23 260 M M 2 138 34 270
23 95 74 85 0 0 20 0.00 0.0 0 5.8 14 200 M M 2 1 20 210
24 95 75 85 0 0 20 0.00 0.0 0 5.6 12 210 M M 1 1 16 200
25 95 72 84 -1 0 19 0.00 0.0 0 2.9 12 250 M M 1 1 16 260
26 97 75 86 1 0 21 0.00 0.0 0 3.1 10 290 M M 1 1 15 300
27 95 74 85 0 0 20 0.32 0.0 0 3.3 14 110 M M 2 13 21 80
28 95 72 84 -1 0 19 0.00 0.0 0 2.6 10 70 M M 0 15 90
29 97 79 88 3 0 23 0.00 0.0 0 3.1 10 60 M M 3 1 16 90
30 97 77 87 2 0 22 0.00 0.0 0 1.8 13 130 M M 2 13 22 130
31 96 77 87 2 0 22 0.24 0.0 0 3.3 16 190 M M 2 13 23 120
================================================================================
SM 2842 2306 0 566 7.51 0.0 114.0 M 93
================================================================================
AV 91.7 74.4 3.7 FASTST M M 3 MAX(MPH)
MISC ----> 23 260 34 270
================================================================================
NOTES:
# LAST OF SEVERAL OCCURRENCES
COLUMN 17 PEAK WIND IN M.P.H.
PRELIMINARY LOCAL CLIMATOLOGICAL DATA (WS FORM: F-6) , PAGE 2
STATION: HOUSTON/D.W._HOOKS
MONTH: JULY
YEAR: 2021
LATITUDE: 30 4 N
LONGITUDE: 95 33 W
[TEMPERATURE DATA] [PRECIPITATION DATA] SYMBOLS USED IN COLUMN 16
AVERAGE MONTHLY: 83.0 TOTAL FOR MONTH: 7.51 1 = FOG OR MIST
DPTR FM NORMAL: -1.5 DPTR FM NORMAL: 3.78 2 = FOG REDUCING VISIBILITY
HIGHEST: 97 ON 30,29 GRTST 24HR 2.81 ON 4- 5 TO 1/4 MILE OR LESS
LOWEST: 70 ON 9 3 = THUNDER
SNOW, ICE PELLETS, HAIL 4 = ICE PELLETS
TOTAL MONTH: 0.0 INCH 5 = HAIL
GRTST 24HR 0.0 6 = FREEZING RAIN OR DRIZZLE
GRTST DEPTH: 0 7 = DUSTSTORM OR SANDSTORM:
VSBY 1/2 MILE OR LESS
8 = SMOKE OR HAZE
[NO. OF DAYS WITH] [WEATHER - DAYS WITH] 9 = BLOWING SNOW
X = TORNADO
MAX 32 OR BELOW: 0 0.01 INCH OR MORE: 16
MAX 90 OR ABOVE: 22 0.10 INCH OR MORE: 13
MIN 32 OR BELOW: 0 0.50 INCH OR MORE: 4
MIN 0 OR BELOW: 0 1.00 INCH OR MORE: 2
[HDD (BASE 65) ]
TOTAL THIS MO. 0 CLEAR (SCALE 0-3) 20
DPTR FM NORMAL 0 PTCLDY (SCALE 4-7) 11
TOTAL FM JUL 1 0 CLOUDY (SCALE 8-10) 0
DPTR FM NORMAL 0
[CDD (BASE 65) ]
TOTAL THIS MO. 566
DPTR FM NORMAL -37 [PRESSURE DATA]
TOTAL FM JAN 1 1714 HIGHEST SLP 30.19 ON 14
DPTR FM NORMAL -79 LOWEST SLP 29.87 ON 7
[REMARKS]
#FINAL-07-21#