000
CXUS54 KEWX 011110
CF6DZB
PRELIMINARY LOCAL CLIMATOLOGICAL DATA (WS FORM: F-6)
STATION: HORSESHOE BAY
MONTH: JANUARY
YEAR: 2023
LATITUDE: 30 31 N
LONGITUDE: 98 22 W
TEMPERATURE IN F: :PCPN: SNOW: WIND :SUNSHINE: SKY :PK WND
================================================================================
1 2 3 4 5 6A 6B 7 8 9 10 11 12 13 14 15 16 17 18
12Z AVG MX 2MIN
DY MAX MIN AVG DEP HDD CDD WTR SNW DPTH SPD SPD DIR MIN PSBL S-S WX SPD DR
================================================================================
1 85 49 67 M 0 2 0.00 M M 3.8 12 160 M M 0 8 17 160
2 81 61 71 M 0 6 0.00 M M 8.7 15 180 M M 3 18 29 190
3 73 44 59 M 6 0 0.00 M M 4.3 10 330 M M 2 8 16 320
4 71 40 56 M 9 0 0.00 M M 5.5 12 340 M M 0 20 280
5 68 33 51 M 14 0 0.00 M M 1.8 7 150 M M 0 M M
6 77 41 59 M 6 0 0.00 M M 6.7 18 200 M M 2 26 190
7 68 56 62 M 3 0 0.00 M M 2.5 9 350 M M 9 1 M M
8 67 44 56 M 9 0 0.00 M M 4.0 8 350 M M 2 M M
9 76 37 57 M 8 0 0.00 M M 4.5 14 200 M M 0 21 200
10 86 43 65 M 0 0 0.00 M M 5.8 15 220 M M 0 1 22 200
11 86 53 70 M 0 5 0.00 M M 8.9 21 210 M M 0 28 210
12 71 47 59 M 6 0 0.00 M M 10.4 18 350 M M 0 25 350
13 62 31 47 M 18 0 0.00 M M 2.5 7 360 M M 0 M M
14 67 31 49 M 16 0 0.00 M M 5.4 13 180 M M 0 27 180
15 72 51 62 M 3 0 0.00 M M 8.8 17 160 M M 0 26 190
16 78 50 64 M 1 0 0.00 M M 4.4 10 190 M M 3 18 160
17 83 44 64 M 1 0 0.00 M M 3.0 10 140 M M 1 1 18 150
18 75 50 63 M 2 0 0.00 M M 6.3 16 300 M M 4 1 28 270
19 66 45 56 M 9 0 0.00 M M 4.1 9 320 M M 0 M M
20 60 40 50 M 15 0 0.00 M M 4.2 10 120 M M 9 M M
21 71 46 59 M 6 0 0.00 M M 3.5 9 140 M M 5 M M
22 60 33 47 M 18 0 0.00 M M 4.5 10 330 M M 0 20 330
23 58 29 44 M 21 0 0.00 M M 5.1 12 120 M M 5 20 120
24 54 41 48 M 17 0 0.69 M M 9.2 17 320 M M 9 25 320
25 54 32 43 M 22 0 0.00 M M 8.7 16 340 M M 3 23 320
26 55 28 42 M 23 0 0.00 M M 2.7 9 350 M M 0 M M
27 61 28 45 M 20 0 0.00 M M 4.9 13 200 M M 3 25 220
28 66 49 58 M 7 0 0.00 M M 5.9 15 210 M M 9 12 23 200
29 68 37 53 M 12 0 0.03 M M 4.7 12 340 M M 9 1 17 10
30 38 29 34 M 31 0 0.01 M M 8.0 12 340 M M 10 1 17 M
31 31 28 30 M 35 0 0.00 M M 8.5 15 330 M M 10 1 20 330
================================================================================
SM 2088 1270 338 13 0.73 M 171.1 M 98
================================================================================
AV 67.4 41.0 5.5 FASTST M M 3 MAX(MPH)
MISC ----> 21 210 29 190
================================================================================
NOTES:
# LAST OF SEVERAL OCCURRENCES
COLUMN 17 PEAK WIND IN M.P.H.
PRELIMINARY LOCAL CLIMATOLOGICAL DATA (WS FORM: F-6) , PAGE 2
STATION: HORSESHOE BAY
MONTH: JANUARY
YEAR: 2023
LATITUDE: 30 31 N
LONGITUDE: 98 22 W
[TEMPERATURE DATA] [PRECIPITATION DATA] SYMBOLS USED IN COLUMN 16
AVERAGE MONTHLY: 54.2 TOTAL FOR MONTH: 0.73 1 = FOG OR MIST
DPTR FM NORMAL: 0.0 DPTR FM NORMAL: M 2 = FOG REDUCING VISIBILITY
HIGHEST: 86 ON 11,10 GRTST 24HR 1.23 ON 24-24 TO 1/4 MILE OR LESS
LOWEST: 28 ON 31,27 3 = THUNDER
SNOW, ICE PELLETS, HAIL 4 = ICE PELLETS
TOTAL MONTH: M 5 = HAIL
GRTST 24HR M ON M 6 = FREEZING RAIN OR DRIZZLE
GRTST DEPTH: M ON M 7 = DUSTSTORM OR SANDSTORM:
VSBY 1/2 MILE OR LESS
8 = SMOKE OR HAZE
[NO. OF DAYS WITH] [WEATHER - DAYS WITH] 9 = BLOWING SNOW
X = TORNADO
MAX 32 OR BELOW: 1 0.01 INCH OR MORE: 3
MAX 90 OR ABOVE: 0 0.10 INCH OR MORE: 1
MIN 32 OR BELOW: 8 0.50 INCH OR MORE: 1
MIN 0 OR BELOW: 0 1.00 INCH OR MORE: 0
[HDD (BASE 65) ]
TOTAL THIS MO. 338 CLEAR (SCALE 0-3) 21
DPTR FM NORMAL M PTCLDY (SCALE 4-7) 3
TOTAL FM JUL 1 1079 CLOUDY (SCALE 8-10) 7
DPTR FM NORMAL M
[CDD (BASE 65) ]
TOTAL THIS MO. 13
DPTR FM NORMAL M [PRESSURE DATA]
TOTAL FM JAN 1 13 HIGHEST SLP M ON M
DPTR FM NORMAL M LOWEST SLP M ON M
[REMARKS]
#FINAL-01-23#