000
CXUS54 KMAF 011210
CF6E38
PRELIMINARY LOCAL CLIMATOLOGICAL DATA (WS FORM: F-6)
STATION: ALPINE-CASPARIS MUNICIPAL
MONTH: DECEMBER
YEAR: 2021
LATITUDE: 30 23 N
LONGITUDE: 103 41 W
TEMPERATURE IN F: :PCPN: SNOW: WIND :SUNSHINE: SKY :PK WND
================================================================================
1 2 3 4 5 6A 6B 7 8 9 10 11 12 13 14 15 16 17 18
12Z AVG MX 2MIN
DY MAX MIN AVG DEP HDD CDD WTR SNW DPTH SPD SPD DIR MIN PSBL S-S WX SPD DR
================================================================================
1 77 42 60 M 5 0 M M M 6.3 12 220 M M 0 M M
2 78 49 64 M 1 0 M M M 8.9 16 250 M M 1 22 230
3 77 47 62 M 3 0 M M M 8.9 18 250 M M 0 26 250
4 71 38 55 M 10 0 M M M 3.5 12 210 M M 0 M M
5 74 44 59 M 6 0 M M M 6.9 12 220 M M 0 16 220
6 59 32 46 M 19 0 M M M 8.5 24 30 M M 1 33 30
7 71 40 56 M 9 0 M M M 9.4 17 230 M M 0 23 230
8 74 39 57 M 8 0 M M M 8.1 21 220 M M 0 24 230
9 77 49 63 M 2 0 M M M 10.1 17 220 M M 0 24 220
10 72 53 63 M 2 0 M M M 15.2 28 250 M M 1 38 260
11 57 34 46 M 19 0 M M M 5.9 14 30 M M 0 24 30
12 68 37 53 M 12 0 M M M 6.0 14 250 M M 0 21 220
13 74 44 59 M 6 0 M M M 8.4 16 240 M M 0 20 240
14 80 45 63 M 2 0 M M M 8.6 16 220 M M 0 24 220
15 77 56 67 M 0 2 M M M 11.1 20 230 M M 0 28 230
16 69 44 57 M 8 0 M M M 4.7 12 230 M M 0 M M
17 76 50 63 M 2 0 M M M 9.0 20 250 M M 1 25 250
18 63 36 50 M 15 0 M M M 9.6 15 50 M M 5 20 50
19 51 35 43 M 22 0 M M M 5.0 13 240 M M 6 16 360
20 65 38 52 M 13 0 M M M 13.2 23 250 M M 0 26 230
21 71 35 53 M 12 0 M M M 10.1 16 250 M M 0 20 220
22 75 48 62 M 3 0 M M M 9.3 15 290 M M 0 22 270
23 78 48 63 M 2 0 M M M 9.7 15 260 M M 0 22 230
24 82 54 68 M 0 3 M M M 10.5 20 240 M M 0 33 240
25 78 56 67 M 0 2 M M M 11.2 21 260 M M 0 28 220
26 78 53 66 M 0 1 M M M 9.0 20 250 M M 0 28 240
27 78 52 65 M 0 0 M M M 9.3 17 220 M M 0 26 220
28 71 48 60 M 5 0 M M M 12.2 20 240 M M 1 31 250
29 67 46 57 M 8 0 M M M 10.8 23 230 M M 1 31 230
30 69 43 56 M 9 0 M M M 7.8 20 230 M M 1 24 230
31 72 48 60 M 5 0 0.01 M M 10.6 28 220 M M 4 36 220
================================================================================
SM 2229 1383 208 8 0.01 M 277.8 M 22
================================================================================
AV 71.9 44.6 9.0 FASTST M M 1 MAX(MPH)
MISC ----> # 28 250 38 260
================================================================================
NOTES:
# LAST OF SEVERAL OCCURRENCES
COLUMN 17 PEAK WIND IN M.P.H.
PRELIMINARY LOCAL CLIMATOLOGICAL DATA (WS FORM: F-6) , PAGE 2
STATION: ALPINE-CASPARIS MUNICIPAL
MONTH: DECEMBER
YEAR: 2021
LATITUDE: 30 23 N
LONGITUDE: 103 41 W
[TEMPERATURE DATA] [PRECIPITATION DATA] SYMBOLS USED IN COLUMN 16
AVERAGE MONTHLY: 58.3 TOTAL FOR MONTH: 0.01 1 = FOG OR MIST
DPTR FM NORMAL: 0.0 DPTR FM NORMAL: M 2 = FOG REDUCING VISIBILITY
HIGHEST: 82 ON 24 GRTST 24HR 0.01 ON 31-31 TO 1/4 MILE OR LESS
LOWEST: 32 ON 6 3 = THUNDER
SNOW, ICE PELLETS, HAIL 4 = ICE PELLETS
TOTAL MONTH: M 5 = HAIL
GRTST 24HR M ON M 6 = FREEZING RAIN OR DRIZZLE
GRTST DEPTH: M ON M 7 = DUSTSTORM OR SANDSTORM:
VSBY 1/2 MILE OR LESS
8 = SMOKE OR HAZE
[NO. OF DAYS WITH] [WEATHER - DAYS WITH] 9 = BLOWING SNOW
X = TORNADO
MAX 32 OR BELOW: 0 0.01 INCH OR MORE: 1
MAX 90 OR ABOVE: 0 0.10 INCH OR MORE: 0
MIN 32 OR BELOW: 1 0.50 INCH OR MORE: 0
MIN 0 OR BELOW: 0 1.00 INCH OR MORE: 0
[HDD (BASE 65) ]
TOTAL THIS MO. 208 CLEAR (SCALE 0-3) 28
DPTR FM NORMAL M PTCLDY (SCALE 4-7) 3
TOTAL FM JUL 1 469 CLOUDY (SCALE 8-10) 0
DPTR FM NORMAL M
[CDD (BASE 65) ]
TOTAL THIS MO. 8
DPTR FM NORMAL M [PRESSURE DATA]
TOTAL FM JAN 1 1837 HIGHEST SLP M ON M
DPTR FM NORMAL M LOWEST SLP M ON M
[REMARKS]
#FINAL-12-21#