000
CXUS54 KMAF 011110
CF6E38
PRELIMINARY LOCAL CLIMATOLOGICAL DATA (WS FORM: F-6)
STATION: ALPINE-CASPARIS MUNICIPAL
MONTH: APRIL
YEAR: 2020
LATITUDE: 30 23 N
LONGITUDE: 103 41 W
TEMPERATURE IN F: :PCPN: SNOW: WIND :SUNSHINE: SKY :PK WND
================================================================================
1 2 3 4 5 6A 6B 7 8 9 10 11 12 13 14 15 16 17 18
12Z AVG MX 2MIN
DY MAX MIN AVG DEP HDD CDD WTR SNW DPTH SPD SPD DIR MIN PSBL S-S WX SPD DR
================================================================================
1 80 53 67 M 0 2 M M M 8.9 14 240 M M 1 20 240
2 82 52 67 M 0 2 M M M 11.2 22 280 M M 0 32 280
3 70 48 59 M 6 0 M M M 7.9 17 80 M M 0 24 20
4 62 45 54 M 11 0 M M M 5.6 10 40 M M 4 M M
5 76 51 64 M 1 0 M M M 9.0 22 230 M M 6 33 230
6 77 52 65 M 0 0 M M M 10.0 18 210 M M 5 23 220
7 80 53 67 M 0 2 M M M 8.8 20 240 M M 3 25 240
8 84 54 69 M 0 4 M M M 5.5 12 220 M M 1 21 220
9 78 54 66 M 0 1 M M M 9.1 23 230 M M 4 36 260
10 83 48 66 M 0 1 M M M 6.9 20 220 M M 1 28 210
11 81 52 67 M 0 2 M M M 9.2 20 200 M M 0 31 200
12 73 50 62 M 3 0 M M M 17.5 38 260 M M 0 49 260
13 71 34 53 M 12 0 M M M 6.3 15 50 M M 0 22 50
14 59 34 47 M 18 0 M M M 7.4 13 50 M M 1 18 60
15 73 34 54 M 11 0 M M M 7.4 18 240 M M 1 22 240
16 81 43 62 M 3 0 M M M 7.6 17 200 M M 0 24 200
17 68 42 55 M 10 0 M M M 6.3 15 10 M M 1 21 90
18 86 41 64 M 1 0 M M M 8.8 18 240 M M 0 28 230
19 79 47 63 M 2 0 M M M 12.1 24 250 M M 0 32 250
20 84 45 65 M 0 0 M M M 8.6 18 270 M M 0 26 270
21 90 52 71 M 0 6 M M M 6.8 17 230 M M 0 21 230
22 82 66 74 M 0 9 M M M 14.8 28 270 M M 0 38 270
23 84 52 68 M 0 3 M M M 11.5 22 270 M M 0 29 270
24 90 55 73 M 0 8 M M M 8.6 15 300 M M 0 32 300
25 78 53 66 M 0 1 M M M 8.1 13 50 M M 0 20 50
26 87 51 69 M 0 4 M M M 7.8 14 160 M M 0 23 170
27 95 66 81 M 0 16 M M M 10.1 18 230 M M 0 25 210
28 92 62 77 M 0 12 M M M 11.2 22 290 M M 0 36 300
29 78 55 67 M 0 2 M M M 12.8 23 40 M M 1 32 60
30 90 50 70 M 0 5 M M M 7.3 15 170 M M 0 3 21 240
================================================================================
SM 2393 1494 78 80 M M 272.8 M 29
================================================================================
AV 79.8 49.8 9.1 FASTST M M 1 MAX(MPH)
MISC ----> 38 260 49 260
================================================================================
NOTES:
# LAST OF SEVERAL OCCURRENCES
COLUMN 17 PEAK WIND IN M.P.H.
PRELIMINARY LOCAL CLIMATOLOGICAL DATA (WS FORM: F-6) , PAGE 2
STATION: ALPINE-CASPARIS MUNICIPAL
MONTH: APRIL
YEAR: 2020
LATITUDE: 30 23 N
LONGITUDE: 103 41 W
[TEMPERATURE DATA] [PRECIPITATION DATA] SYMBOLS USED IN COLUMN 16
AVERAGE MONTHLY: 64.8 TOTAL FOR MONTH: M 1 = FOG OR MIST
DPTR FM NORMAL: 0.0 DPTR FM NORMAL: M 2 = FOG REDUCING VISIBILITY
HIGHEST: 95 ON 27 GRTST 24HR M ON M TO 1/4 MILE OR LESS
LOWEST: 34 ON 15,14 3 = THUNDER
SNOW, ICE PELLETS, HAIL 4 = ICE PELLETS
TOTAL MONTH: M 5 = HAIL
GRTST 24HR M ON M 6 = FREEZING RAIN OR DRIZZLE
GRTST DEPTH: M ON M 7 = DUSTSTORM OR SANDSTORM:
VSBY 1/2 MILE OR LESS
8 = SMOKE OR HAZE
[NO. OF DAYS WITH] [WEATHER - DAYS WITH] 9 = BLOWING SNOW
X = TORNADO
MAX 32 OR BELOW: 0 0.01 INCH OR MORE: 0
MAX 90 OR ABOVE: 5 0.10 INCH OR MORE: 0
MIN 32 OR BELOW: 0 0.50 INCH OR MORE: 0
MIN 0 OR BELOW: 0 1.00 INCH OR MORE: 0
[HDD (BASE 65) ]
TOTAL THIS MO. 78 CLEAR (SCALE 0-3) 25
DPTR FM NORMAL M PTCLDY (SCALE 4-7) 5
TOTAL FM JUL 1 2186 CLOUDY (SCALE 8-10) 0
DPTR FM NORMAL M
[CDD (BASE 65) ]
TOTAL THIS MO. 80
DPTR FM NORMAL M [PRESSURE DATA]
TOTAL FM JAN 1 107 HIGHEST SLP M ON M
DPTR FM NORMAL M LOWEST SLP M ON M
[REMARKS]
#FINAL-04-20#