000
CXUS53 KGID 010938
CF6EAR
PRELIMINARY LOCAL CLIMATOLOGICAL DATA (WS FORM: F-6)
STATION: KEARNEY NE
MONTH: MARCH
YEAR: 2023
LATITUDE: 40 43 N
LONGITUDE: 99 0 W
TEMPERATURE IN F: :PCPN: SNOW: WIND :SUNSHINE: SKY :PK WND
================================================================================
1 2 3 4 5 6A 6B 7 8 9 10 11 12 13 14 15 16 17 18
12Z AVG MX 2MIN
DY MAX MIN AVG DEP HDD CDD WTR SNW DPTH SPD SPD DIR MIN PSBL S-S WX SPD DR
================================================================================
1 47 26 37 5 28 0 0.00 M M 12.1 17 10 M M 3 23 290
2 44 23 34 1 31 0 0.00 M M 7.0 15 70 M M 4 M M
3 53 22 38 5 27 0 0.00 M M 8.3 16 350 M M 1 24 350
4 47 30 39 6 26 0 T M M 10.1 23 330 M M 2 27 300
5 57 32 45 11 20 0 0.00 M M 11.6 20 110 M M 3 M M
6 36 27 32 -2 33 0 0.00 M M 14.6 24 360 M M 6 31 360
7 35 28 32 -3 33 0 0.00 M M 13.2 17 50 M M 10 M M
8 35 28 32 -3 33 0 T M M 14.1 18 360 M M 10 1 M M
9 36 26 31 -5 34 0 M M M 11.2 17 350 M M 10 1 21 320
10 36 22 29 -7 36 0 0.00 M M 12.0 20 130 M M 7 M M
11 52 27 40 4 25 0 M M M 11.1 20 10 M M 5 1 27 10
12 37 20 29 -8 36 0 0.00 M M 16.3 28 340 M M 0 35 340
13 38 17 28 -9 37 0 T M M 8.8 15 360 M M 4 M M
14 58 21 40 2 25 0 0.00 M M 18.7 31 190 M M 0 39 200
15 70 37 54 16 11 0 0.00 M M 18.0 27 200 M M 0 33 200
16 52 24 38 0 27 0 M M M 24.1 37 360 M M 5 1 46 350
17 42 19 31 -8 34 0 T M M 15.8 24 350 M M 4 35 330
18 30 13 22 -17 43 0 0.00 M M 14.0 25 350 M M 0 33 350
19 55 15 35 -5 30 0 0.00 M M 16.6 24 180 M M 0 36 190
20 62 26 44 4 21 0 0.00 M M 10.1 20 190 M M 0 8 20 70
21 60 27 44 4 21 0 0.00 M M 8.0 18 160 M M 2 1 16 190
22 51 24 38 -3 27 0 T M M 15.7 24 20 M M 5 12 31 30
23 48 25 37 -4 28 0 T M M 8.9 18 10 M M 5 M M
24 53 26 40 -2 25 0 T M M 4.8 12 200 M M 4 M M
25 54 30 42 0 23 0 M M M 10.8 23 350 M M 4 1 29 340
26 32 22 27 -15 38 0 M M M 10.4 23 360 M M 8 1 30 340
27 28 13 21 -22 44 0 M M M 5.9 10 210 M M 5 1 M M
28 41 13 27 -16 38 0 T M M 7.8 15 220 M M 1 M M
29 38 21 30 -13 35 0 T M M 15.7 23 50 M M 1 28 60
30 74 29 52 8 13 0 0.00 M M 14.3 29 180 M M 2 38 160
31 60 28 44 0 21 0 T M M 22.4 36 310 M M 8 1 52 320
================================================================================
SM 1461 741 903 0 M M 392.4 M 119
================================================================================
AV 47.1 23.9 12.7 FASTST M M 4 MAX(MPH)
MISC ----> 37 360 M M
================================================================================
NOTES:
# LAST OF SEVERAL OCCURRENCES
COLUMN 17 PEAK WIND IN M.P.H.
PRELIMINARY LOCAL CLIMATOLOGICAL DATA (WS FORM: F-6) , PAGE 2
STATION: KEARNEY NE
MONTH: MARCH
YEAR: 2023
LATITUDE: 40 43 N
LONGITUDE: 99 0 W
[TEMPERATURE DATA] [PRECIPITATION DATA] SYMBOLS USED IN COLUMN 16
AVERAGE MONTHLY: 35.5 TOTAL FOR MONTH: M 1 = FOG OR MIST
DPTR FM NORMAL: -2.8 DPTR FM NORMAL: M 2 = FOG REDUCING VISIBILITY
HIGHEST: 74 ON 30 GRTST 24HR M ON M TO 1/4 MILE OR LESS
LOWEST: 13 ON 28,27 3 = THUNDER
SNOW, ICE PELLETS, HAIL 4 = ICE PELLETS
TOTAL MONTH: M 5 = HAIL
GRTST 24HR M ON M 6 = FREEZING RAIN OR DRIZZLE
GRTST DEPTH: M ON M 7 = DUSTSTORM OR SANDSTORM:
VSBY 1/2 MILE OR LESS
8 = SMOKE OR HAZE
[NO. OF DAYS WITH] [WEATHER - DAYS WITH] 9 = BLOWING SNOW
X = TORNADO
MAX 32 OR BELOW: 3 0.01 INCH OR MORE: M
MAX 90 OR ABOVE: 0 0.10 INCH OR MORE: M
MIN 32 OR BELOW: 30 0.50 INCH OR MORE: M
MIN 0 OR BELOW: 0 1.00 INCH OR MORE: M
[HDD (BASE 65) ]
TOTAL THIS MO. 903 CLEAR (SCALE 0-3) 13
DPTR FM NORMAL 57 PTCLDY (SCALE 4-7) 15
TOTAL FM JUL 1 5535 CLOUDY (SCALE 8-10) 3
DPTR FM NORMAL -230
[CDD (BASE 65) ]
TOTAL THIS MO. 0
DPTR FM NORMAL 0 [PRESSURE DATA]
TOTAL FM JAN 1 0 HIGHEST SLP 30.54 ON 18
DPTR FM NORMAL 0 LOWEST SLP M ON M
[REMARKS]
#FINAL-03-23#