000
CXUS56 KOTX 010910
CF6EAT
PRELIMINARY LOCAL CLIMATOLOGICAL DATA (WS FORM: F-6)
STATION: WENATCHEE WA PANGBORN FIELD
MONTH: MAY
YEAR: 2023
LATITUDE: 47 23 N
LONGITUDE: 120 12 W
TEMPERATURE IN F: :PCPN: SNOW: WIND :SUNSHINE: SKY :PK WND
================================================================================
1 2 3 4 5 6A 6B 7 8 9 10 11 12 13 14 15 16 17 18
12Z AVG MX 2MIN
DY MAX MIN AVG DEP HDD CDD WTR SNW DPTH SPD SPD DIR MIN PSBL S-S WX SPD DR
================================================================================
1 62 52 57 1 8 0 0.05 M M 16.4 25 330 M M 5 32 340
2 82 52 67 11 0 2 T M M 9.5 26 270 M M 0 35 280
3 85 58 72 16 0 7 0.00 M M 6.7 14 320 M M 0 8 20 320
4 81 57 69 12 0 4 0.01 M M 14.0 25 320 M M 1 8 35 330
5 60 51 56 -1 9 0 0.03 M M 14.7 23 310 M M 10 27 310
6 66 49 58 1 7 0 0.00 M M 11.0 20 310 M M 7 26 280
7 69 44 57 -1 8 0 0.00 M M 9.7 18 220 M M 0 22 320
8 66 50 58 0 7 0 T M M 8.2 20 220 M M 5 3 25 210
9 69 51 60 2 5 0 T M M 7.5 17 300 M M 6 21 20
10 73 46 60 1 5 0 0.00 M M 6.8 20 300 M M 0 23 290
11 77 48 63 4 2 0 0.00 M M 6.5 14 290 M M 1 16 290
12 82 51 67 8 0 2 0.00 M M 6.6 17 300 M M 0 19 300
13 87 53 70 10 0 5 0.00 M M 7.7 18 80 M M 0 22 80
14 86 58 72 12 0 7 0.00 M M 9.3 21 70 M M 1 28 80
15 87 60 74 14 0 9 0.00 M M 7.9 15 140 M M 2 20 130
16 75 62 69 9 0 4 T M M 7.8 17 80 M M 2 3 21 140
17 83 57 70 9 0 5 0.00 M M 6.3 15 310 M M 0 20 300
18 87 61 74 13 0 9 0.00 M M 6.7 14 340 M M 0 18 150
19 91 60 76 15 0 11 0.03 M M 6.9 29 190 M M 1 3 42 190
20 92 64 78 17 0 13 0.00 M M 10.4 20 300 M M 0 24 340
21 82 58 70 8 0 5 0.00 M M 19.1 31 280 M M 2 37 290
22 70 53 62 0 3 0 0.00 M M 18.8 31 300 M M 1 40 320
23 72 48 60 -2 5 0 0.00 M M 9.0 26 310 M M 1 29 310
24 74 53 64 2 1 0 0.00 M M 9.3 23 310 M M 2 29 50
25 76 53 65 3 0 0 T M M 6.9 18 10 M M 6 22 20
26 77 53 65 2 0 0 0.07 M M 5.8 14 130 M M 6 13 21 240
27 84 57 71 8 0 6 0.00 M M 8.7 25 280 M M 1 3 30 260
28 83 60 72 9 0 7 0.00 M M 10.2 21 300 M M 0 25 310
29 85 59 72 9 0 7 0.00 M M 12.7 25 300 M M 0 8 31 300
30 81 57 69 6 0 4 0.00 M M 15.0 26 300 M M 0 31 300
31 75 53 64 0 1 0 0.00 M M 18.1 30 290 M M 0 37 290
================================================================================
SM 2419 1688 61 107 0.19 M 314.2 M 60
================================================================================
AV 78.0 54.5 10.1 FASTST M M 2 MAX(MPH)
MISC ----> # 31 280 42 190
================================================================================
NOTES:
# LAST OF SEVERAL OCCURRENCES
COLUMN 17 PEAK WIND IN M.P.H.
PRELIMINARY LOCAL CLIMATOLOGICAL DATA (WS FORM: F-6) , PAGE 2
STATION: WENATCHEE WA PANGBORN FIELD
MONTH: MAY
YEAR: 2023
LATITUDE: 47 23 N
LONGITUDE: 120 12 W
[TEMPERATURE DATA] [PRECIPITATION DATA] SYMBOLS USED IN COLUMN 16
AVERAGE MONTHLY: 66.2 TOTAL FOR MONTH: 0.19 1 = FOG OR MIST
DPTR FM NORMAL: 6.1 DPTR FM NORMAL: -0.58 2 = FOG REDUCING VISIBILITY
HIGHEST: 92 ON 20 GRTST 24HR 0.07 ON 26-26 TO 1/4 MILE OR LESS
LOWEST: 44 ON 7 3 = THUNDER
SNOW, ICE PELLETS, HAIL 4 = ICE PELLETS
TOTAL MONTH: M 5 = HAIL
GRTST 24HR M ON M 6 = FREEZING RAIN OR DRIZZLE
GRTST DEPTH: M ON M 7 = DUSTSTORM OR SANDSTORM:
VSBY 1/2 MILE OR LESS
8 = SMOKE OR HAZE
[NO. OF DAYS WITH] [WEATHER - DAYS WITH] 9 = BLOWING SNOW
X = TORNADO
MAX 32 OR BELOW: 0 0.01 INCH OR MORE: 5
MAX 90 OR ABOVE: 2 0.10 INCH OR MORE: 0
MIN 32 OR BELOW: 0 0.50 INCH OR MORE: 0
MIN 0 OR BELOW: 0 1.00 INCH OR MORE: 0
[HDD (BASE 65) ]
TOTAL THIS MO. 61 CLEAR (SCALE 0-3) 24
DPTR FM NORMAL -125 PTCLDY (SCALE 4-7) 6
TOTAL FM JUL 1 6002 CLOUDY (SCALE 8-10) 1
DPTR FM NORMAL 245
[CDD (BASE 65) ]
TOTAL THIS MO. 107
DPTR FM NORMAL 71 [PRESSURE DATA]
TOTAL FM JAN 1 111 HIGHEST SLP M ON M
DPTR FM NORMAL 73 LOWEST SLP 29.56 ON 3
[REMARKS]
#FINAL-05-23#