000
CXUS53 KMPX 042222
CF6EAU
PRELIMINARY LOCAL CLIMATOLOGICAL DATA (WS FORM: F-6)
STATION: EAU CLAIRE WI
MONTH: DECEMBER
YEAR: 2022
LATITUDE: 44 52 N
LONGITUDE: 91 29 W
TEMPERATURE IN F: :PCPN: SNOW: WIND :SUNSHINE: SKY :PK WND
================================================================================
1 2 3 4 5 6A 6B 7 8 9 10 11 12 13 14 15 16 17 18
12Z AVG MX 2MIN
DY MAX MIN AVG DEP HDD CDD WTR SNW DPTH SPD SPD DIR MIN PSBL S-S WX SPD DR
================================================================================
1 32 4 18 -8 47 0 0.00 0.0 3 9.0 23 140 M M 1 28 140
2 41 22 32 6 33 0 0.05 0.2 3 12.1 28 280 M M 3 1 41 290
3 22 4 13 -12 52 0 T T 1 10.1 24 300 M M 2 32 290
4 36 2 19 -6 46 0 0.00 0.0 1 7.2 18 230 M M 0 27 230
5 32 20 26 2 39 0 T T T 5.8 14 330 M M 4 18 330
6 33 12 23 -1 42 0 0.00 0.0 T 5.0 13 150 M M 2 18 16 150
7 23 4 14 -10 51 0 0.02 0.6 T 5.4 13 350 M M 3 8 18 360
8 34 2 18 -5 47 0 0.00 0.0 1 2.9 10 170 M M 1 1 12 130
9 33 24 29 6 36 0 T 0.0 T 9.2 18 110 M M 8 1 24 110
10 34 30 32 10 33 0 T T T 5.2 14 100 M M 10 1 19 110
11 35 31 33 11 32 0 0.00 0.0 T 2.0 10 120 M M 10 1 13 120
12 35 32 34 12 31 0 0.00 0.0 T 8.6 15 110 M M 10 23 130
13 36 33 35 14 30 0 0.06 T T 16.6 25 100 M M 10 16 39 100
14 36 33 35 14 30 0 0.77 1.4 1 13.4 23 100 M M 10 1 36 100
15 33 28 31 10 34 0 0.84 7.4 7 11.9 24 150 M M 7 12 34 180
16 28 18 23 3 42 0 0.23 4.6 9 6.1 17 180 M M 7 18 23 180
17 26 16 21 1 44 0 0.20 1.8 12 10.0 17 270 M M 6 18 23 260
18 17 -1 8 -12 57 0 0.01 0.2 11 7.5 15 280 M M 2 18 21 270
19 16 -5 6 -13 59 0 0.13 1.8 10 3.8 9 250 M M 6 18 16 110
20 15 -8 4 -15 61 0 0.02 0.3 12 8.3 14 270 M M 3 18 21 260
21 5 -13 -4 -23 69 0 0.11 1.2 11 4.3 12 70 M M 7 18 14 60
22 5 -12 -3 -22 68 0 0.15 3.8 16 10.9 17 280 M M 7 18 26 280
23 1 -13 -6 -24 71 0 0.00 0.0 14 16.4 23 290 M M 9 8 33 280
24 7 -5 1 -17 64 0 0.00 0.0 11 14.1 24 290 M M 2 8 34 280
25 6 -7 0 -18 65 0 0.00 0.0 11 7.6 16 280 M M 2 25 270
26 12 -3 5 -13 60 0 0.00 0.0 10 4.6 12 330 M M 4 16 340
27 24 0 12 -5 53 0 0.00 0.0 9 9.3 18 210 M M 3 27 200
28 37 21 29 12 36 0 0.00 0.0 9 8.5 16 160 M M 0 24 160
29 42 25 34 17 31 0 T T 8 4.0 9 270 M M 6 12 14 240
30 32 7 20 3 45 0 T T 8 7.0 16 230 M M 8 18 22 230
31 32 4 18 2 47 0 T T 8 4.9 14 130 M M 6 18 20 140
================================================================================
SM 800 305 1455 0 2.59 23.3 251.7 M 159
================================================================================
AV 25.8 9.8 8.1 FASTST M M 5 MAX(MPH)
MISC ----> 28 280 41 290
================================================================================
NOTES:
# LAST OF SEVERAL OCCURRENCES
COLUMN 17 PEAK WIND IN M.P.H.
PRELIMINARY LOCAL CLIMATOLOGICAL DATA (WS FORM: F-6) , PAGE 2
STATION: EAU CLAIRE WI
MONTH: DECEMBER
YEAR: 2022
LATITUDE: 44 52 N
LONGITUDE: 91 29 W
[TEMPERATURE DATA] [PRECIPITATION DATA] SYMBOLS USED IN COLUMN 16
AVERAGE MONTHLY: 17.8 TOTAL FOR MONTH: 2.59 1 = FOG OR MIST
DPTR FM NORMAL: -2.8 DPTR FM NORMAL: 1.24 2 = FOG REDUCING VISIBILITY
HIGHEST: 42 ON 29 GRTST 24HR 0.85 ON 14-15 TO 1/4 MILE OR LESS
LOWEST: -13 ON 23,21 3 = THUNDER
SNOW, ICE PELLETS, HAIL 4 = ICE PELLETS
TOTAL MONTH: 23.3 INCHES 5 = HAIL
GRTST 24HR 7.4 ON 15-15 6 = FREEZING RAIN OR DRIZZLE
GRTST DEPTH: 16 ON 22 7 = DUSTSTORM OR SANDSTORM:
VSBY 1/2 MILE OR LESS
8 = SMOKE OR HAZE
[NO. OF DAYS WITH] [WEATHER - DAYS WITH] 9 = BLOWING SNOW
X = TORNADO
MAX 32 OR BELOW: 18 0.01 INCH OR MORE: 12
MAX 90 OR ABOVE: 0 0.10 INCH OR MORE: 7
MIN 32 OR BELOW: 29 0.50 INCH OR MORE: 2
MIN 0 OR BELOW: 10 1.00 INCH OR MORE: 0
[HDD (BASE 65) ]
TOTAL THIS MO. 1455 CLEAR (SCALE 0-3) 10
DPTR FM NORMAL 80 PTCLDY (SCALE 4-7) 15
TOTAL FM JUL 1 3042 CLOUDY (SCALE 8-10) 6
DPTR FM NORMAL -50
[CDD (BASE 65) ]
TOTAL THIS MO. 0
DPTR FM NORMAL 0 [PRESSURE DATA]
TOTAL FM JAN 1 636 HIGHEST SLP 30.61 ON 21
DPTR FM NORMAL 69 LOWEST SLP 29.30 ON 15
[REMARKS]
#FINAL-12-22#
THE PRECIPITATION VALUES ON DECEMBER 2ND...7TH...10TH...
AND 13TH THROUGH THE 23RD ARE FROM THE 8" DIAMETER
RAIN GAUGE AT THE SNOW OBSERVING SITE.