000
CXUS52 KAKQ 020352
CLMECG
CLIMATE REPORT
NATIONAL WEATHER SERVICE WAKEFIELD VA
1052 PM EST THU FEB 01 2024
...................................
...THE ELIZABETH CITY NC CLIMATE SUMMARY FOR THE MONTH OF JANUARY 2024...
CLIMATE NORMAL PERIOD: 1991 TO 2020
CLIMATE RECORD PERIOD: 1934 TO 2024
WEATHER OBSERVED NORMAL DEPART LAST YEAR`S
VALUE DATE(S) VALUE FROM VALUE DATE(S)
NORMAL
................................................................
TEMPERATURE (F)
RECORD
HIGH 80 01/30/2002
01/02/1952
01/28/1944
LOW -2 01/21/1985
HIGHEST 77 01/26 71 6 74 01/04
LOWEST 18 01/17 16 2 27 01/16
01/22
AVG. MAXIMUM 54.7 52.3 2.4 59.1
AVG. MINIMUM 33.8 33.1 0.7 38.3
MEAN 44.3 42.7 1.6 48.7
DAYS MAX >= 90 0 0.0 0.0 0
DAYS MAX <= 32 0 1.4 -1.4 0
DAYS MIN <= 32 18 15.7 2.3 12
DAYS MIN <= 0 0 0.0 0.0 0
PRECIPITATION (INCHES)
RECORD
MAXIMUM 10.77 1987
MINIMUM 0.51 2008
TOTALS 2.55 3.30 -0.75 4.02
DAILY AVG. 0.08 0.11 -0.03 0.13
DAYS >= .01 12 9.0 3.0 11
DAYS >= .10 6 6.0 0.0 7
DAYS >= .50 2 2.0 0.0 3
DAYS >= 1.00 1 0.6 0.4 1
GREATEST
24 HR. TOTAL 1.05 01/09 TO 01/10
SNOWFALL (INCHES)
RECORDS
TOTAL 9.5 2014
TOTALS 0.0
SINCE 7/1 0.0 MM MM MM
SNOWDEPTH AVG. 0 0
DAYS >= 1.0 0 MM MM 0
GREATEST
SNOW DEPTH 0 0 MM
24 HR TOTAL 0.0 MM 0.0
DEGREE DAYS
HEATING TOTAL 640 692 -52 502
SINCE 7/1 1659 1794 -135 MM
COOLING TOTAL 6 1 5 4
SINCE 1/1 6 1 5 MM
................................................................
WIND (MPH)
AVERAGE WIND SPEED 9.4
HIGHEST WIND SPEED/DIRECTION 36/170 DATE 01/09
HIGHEST GUST SPEED/DIRECTION 61/160 DATE 01/09
SKY COVER
POSSIBLE SUNSHINE (PERCENT) MM
AVERAGE SKY COVER 0.37
AVERAGE RH (PERCENT) 71
WEATHER CONDITIONS. NUMBER OF DAYS WITH
THUNDERSTORM 0 MIXED PRECIP 0
HEAVY RAIN 3 RAIN 6
LIGHT RAIN 15 FREEZING RAIN 0
LT FREEZING RAIN 0 HAIL 0
HEAVY SNOW 0 SNOW 0
LIGHT SNOW 0 SLEET 0
FOG 11 FOG W/VIS <= 1/4 MILE 1
HAZE 1
- INDICATES NEGATIVE NUMBERS.
R INDICATES RECORD WAS SET OR TIED.
MM INDICATES DATA IS MISSING.
T INDICATES TRACE AMOUNT.
$$