000
CXUS54 KEWX 011011
CF6ECU
PRELIMINARY LOCAL CLIMATOLOGICAL DATA (WS FORM: F-6)
STATION: EDWARDS COUNTY AIRPORT
MONTH: MAY
YEAR: 2023
LATITUDE: 29 57 N
LONGITUDE: 100 10 W
TEMPERATURE IN F: :PCPN: SNOW: WIND :SUNSHINE: SKY :PK WND
================================================================================
1 2 3 4 5 6A 6B 7 8 9 10 11 12 13 14 15 16 17 18
12Z AVG MX 2MIN
DY MAX MIN AVG DEP HDD CDD WTR SNW DPTH SPD SPD DIR MIN PSBL S-S WX SPD DR
================================================================================
1 90 61 76 M 0 11 0.00 M M 10.7 16 170 M M 0 23 170
2 75 63 69 M 0 4 0.00 M M 10.5 18 120 M M 4 25 120
3 82 63 73 M 0 8 0.00 M M 9.0 13 120 M M 5 21 130
4 82 64 73 M 0 8 0.00 M M 13.0 18 160 M M 6 25 160
5 95 66 81 M 0 16 0.00 M M 11.7 17 150 M M 2 1 35 210
6 84 72 78 M 0 13 0.00 M M 12.6 17 150 M M 8 18 29 150
7 86 72 79 M 0 14 0.00 M M 13.2 22 160 M M 5 1 29 150
8 91 61 76 M 0 11 0.78 M M 8.4 14 190 M M 2 1 35 260
9 75 61 68 M 0 3 0.02 M M 8.7 14 100 M M 2 25 70
10 86 59 73 M 0 8 0.00 M M 8.2 14 130 M M 5 12 22 130
11 88 68 78 M 0 13 0.01 M M 10.8 20 140 M M 6 18 27 140
12 86 61 74 M 0 9 1.19 M M 12.4 20 140 M M 8 18 30 150
13 72 59 66 M 0 1 0.34 M M 6.8 21 180 M M 6 26 180
14 81 57 69 M 0 4 0.00 M M 3.2 7 280 M M 3 M M
15 79 66 73 M 0 8 0.02 M M 4.3 12 330 M M 5 13 17 0
16 73 63 68 M 0 3 0.30 M M 2.8 7 280 M M 3 18 0
17 84 61 73 M 0 8 0.00 M M 3.6 8 160 M M 1 M M
18 84 63 74 M 0 9 0.00 M M 8.7 15 180 M M 0 20 180
19 88 68 78 M 0 13 0.09 M M 10.0 16 160 M M 4 23 30
20 73 64 69 M 0 4 0.04 M M 7.0 14 10 M M 8 18 90
21 70 63 67 M 0 2 0.47 M M 4.7 9 130 M M 8 1 M M
22 81 61 71 M 0 6 0.00 M M 7.1 13 150 M M 5 1 18 99
23 86 64 75 M 0 10 0.00 M M 9.4 14 150 M M 3 1 21 170
24 84 64 74 M 0 9 0.00 M M 11.1 17 150 M M 5 24 150
25 81 61 71 M 0 6 0.15 M M 7.6 12 120 M M 5 3 38 99
26 82 66 74 M 0 9 0.00 M M 9.9 14 140 M M 6 1 21 140
27 79 66 73 M 0 8 0.02 M M 11.4 16 140 M M 5 24 140
28 77 61 69 M 0 4 0.75 M M 9.6 25 130 M M 3 3 37 130
29 84 63 74 M 0 9 0.02 M M 6.2 15 110 M M 6 3 22 110
30 86 61 74 M 0 9 0.00 M M 7.6 14 160 M M 2 1 20 160
31 82 66 74 M 0 9 0.00 M M 11.8 16 160 M M 3 24 140
================================================================================
SM 2546 1968 0 249 4.20 M 272.0 M 134
================================================================================
AV 82.1 63.5 8.8 FASTST M M 4 MAX(MPH)
MISC ----> 25 130 38 99
================================================================================
NOTES:
# LAST OF SEVERAL OCCURRENCES
COLUMN 17 PEAK WIND IN M.P.H.
PRELIMINARY LOCAL CLIMATOLOGICAL DATA (WS FORM: F-6) , PAGE 2
STATION: EDWARDS COUNTY AIRPORT
MONTH: MAY
YEAR: 2023
LATITUDE: 29 57 N
LONGITUDE: 100 10 W
[TEMPERATURE DATA] [PRECIPITATION DATA] SYMBOLS USED IN COLUMN 16
AVERAGE MONTHLY: 72.8 TOTAL FOR MONTH: 4.20 1 = FOG OR MIST
DPTR FM NORMAL: 0.0 DPTR FM NORMAL: M 2 = FOG REDUCING VISIBILITY
HIGHEST: 95 ON 5 GRTST 24HR 1.19 ON 12-12 TO 1/4 MILE OR LESS
LOWEST: 57 ON 14 3 = THUNDER
SNOW, ICE PELLETS, HAIL 4 = ICE PELLETS
TOTAL MONTH: M 5 = HAIL
GRTST 24HR M ON M 6 = FREEZING RAIN OR DRIZZLE
GRTST DEPTH: M ON M 7 = DUSTSTORM OR SANDSTORM:
VSBY 1/2 MILE OR LESS
8 = SMOKE OR HAZE
[NO. OF DAYS WITH] [WEATHER - DAYS WITH] 9 = BLOWING SNOW
X = TORNADO
MAX 32 OR BELOW: 0 0.01 INCH OR MORE: 14
MAX 90 OR ABOVE: 3 0.10 INCH OR MORE: 7
MIN 32 OR BELOW: 0 0.50 INCH OR MORE: 3
MIN 0 OR BELOW: 0 1.00 INCH OR MORE: 1
[HDD (BASE 65) ]
TOTAL THIS MO. 0 CLEAR (SCALE 0-3) 11
DPTR FM NORMAL M PTCLDY (SCALE 4-7) 18
TOTAL FM JUL 1 1657 CLOUDY (SCALE 8-10) 2
DPTR FM NORMAL M
[CDD (BASE 65) ]
TOTAL THIS MO. 249
DPTR FM NORMAL M [PRESSURE DATA]
TOTAL FM JAN 1 479 HIGHEST SLP M ON M
DPTR FM NORMAL M LOWEST SLP M ON M
[REMARKS]
#FINAL-05-23#