000
CXUS54 KBMX 011010
CF6EET
PRELIMINARY LOCAL CLIMATOLOGICAL DATA (WS FORM: F-6)
STATION: SHELBY COUNTY AIRPORT
MONTH: SEPTEMBER
YEAR: 2023
LATITUDE: 33 10 N
LONGITUDE: 86 47 W
TEMPERATURE IN F: :PCPN: SNOW: WIND :SUNSHINE: SKY :PK WND
================================================================================
1 2 3 4 5 6A 6B 7 8 9 10 11 12 13 14 15 16 17 18
12Z AVG MX 2MIN
DY MAX MIN AVG DEP HDD CDD WTR SNW DPTH SPD SPD DIR MIN PSBL S-S WX SPD DR
================================================================================
1 82 72 77 -2 0 12 0.22 0.0 0 3.6 13 80 M M 8 1 24 100
2 82 70 76 -3 0 11 0.00 0.0 0 3.6 8 100 M M 8 15 80
3 91 70 81 2 0 16 0.00 0.0 0 1.7 9 160 M M 5 19 130
4 93 71 82 3 0 17 0.00 0.0 M 1.9 8 140 M M 3 14 150
5 93 72 83 5 0 18 0.00 0.0 M 1.2 9 210 M M 1 12 250
6 93 70 82 4 0 17 0.01 0.0 M 2.4 12 240 M M 2 3 20 220
7 90 69 80 2 0 15 0.00 0.0 M 3.5 12 320 M M 0 1 20 350
8 87 63 75 -3 0 10 0.00 0.0 0 2.8 12 320 M M 0 8 19 10
9 89 66 78 0 0 13 0.00 0.0 0 1.9 10 300 M M 1 1 16 10
10 91 66 79 2 0 14 0.00 0.0 0 1.7 10 310 M M 2 14 10
11 93 70 82 5 0 17 0.00 0.0 0 1.7 12 300 M M 2 17 310
12 93 70 82 5 0 17 0.03 0.0 0 2.0 9 220 M M 4 18 16 240
13 88 71 80 3 0 15 0.03 0.0 0 3.2 10 350 M M 3 1 18 340
14 86 72 79 3 0 14 T 0.0 0 3.0 9 10 M M 4 14 360
15 87 71 79 3 0 14 0.00 0.0 0 2.3 9 160 M M 8 15 10
16 84 70 77 1 0 12 0.72 0.0 0 2.3 13 320 M M 9 13 21 340
17 85 63 74 -2 0 9 0.00 0.0 0 3.4 14 300 M M 3 12 22 300
18 83 59 71 -4 0 6 0.00 0.0 0 2.3 13 310 M M 0 1 20 300
19 86 58 72 -3 0 7 0.00 0.0 0 2.0 8 360 M M 0 14 320
20 86 62 74 -1 0 9 0.00 0.0 0 2.4 12 140 M M 0 19 140
21 86 67 77 3 0 12 0.00 0.0 0 2.5 10 130 M M 2 15 120
22 86 63 75 1 0 10 0.00 0.0 0 1.8 9 130 M M 1 16 140
23 88 60 74 0 0 9 0.00 0.0 0 2.3 13 310 M M 1 1 19 300
24 91 60 76 2 0 11 0.00 0.0 0 1.4 9 300 M M 0 15 310
25 89 67 78 5 0 13 0.03 0.0 0 0.4 9 300 M M 4 18 13 280
26 91 68 80 7 0 15 0.00 0.0 0 2.6 9 140 M M 0 1 17 30
27 84 67 76 4 0 11 0.00 0.0 M 3.7 10 80 M M 2 17 80
28 82 63 73 1 0 8 0.00 0.0 M 2.7 8 110 M M 3 14 110
29 88 60 74 2 0 9 0.00 0.0 0 1.3 9 20 M M 0 15 70
30 91 64 78 6 0 13 0.00 0.0 0 1.9 8 50 M M 1 15 40
================================================================================
SM 2638 1994 0 374 1.04 0.0 69.5 M 77
================================================================================
AV 87.9 66.5 2.3 FASTST M M 3 MAX(MPH)
MISC ----> 14 300 24 100
================================================================================
NOTES:
# LAST OF SEVERAL OCCURRENCES
COLUMN 17 PEAK WIND IN M.P.H.
PRELIMINARY LOCAL CLIMATOLOGICAL DATA (WS FORM: F-6) , PAGE 2
STATION: SHELBY COUNTY AIRPORT
MONTH: SEPTEMBER
YEAR: 2023
LATITUDE: 33 10 N
LONGITUDE: 86 47 W
[TEMPERATURE DATA] [PRECIPITATION DATA] SYMBOLS USED IN COLUMN 16
AVERAGE MONTHLY: 77.2 TOTAL FOR MONTH: 1.04 1 = FOG OR MIST
DPTR FM NORMAL: 1.4 DPTR FM NORMAL: -2.53 2 = FOG REDUCING VISIBILITY
HIGHEST: 93 ON 12,11 GRTST 24HR 0.72 ON 16-16 TO 1/4 MILE OR LESS
LOWEST: 58 ON 19 3 = THUNDER
SNOW, ICE PELLETS, HAIL 4 = ICE PELLETS
TOTAL MONTH: 0.0 INCH 5 = HAIL
GRTST 24HR 0.0 6 = FREEZING RAIN OR DRIZZLE
GRTST DEPTH: 0 7 = DUSTSTORM OR SANDSTORM:
VSBY 1/2 MILE OR LESS
8 = SMOKE OR HAZE
[NO. OF DAYS WITH] [WEATHER - DAYS WITH] 9 = BLOWING SNOW
X = TORNADO
MAX 32 OR BELOW: 0 0.01 INCH OR MORE: 6
MAX 90 OR ABOVE: 11 0.10 INCH OR MORE: 2
MIN 32 OR BELOW: 0 0.50 INCH OR MORE: 1
MIN 0 OR BELOW: 0 1.00 INCH OR MORE: 0
[HDD (BASE 65) ]
TOTAL THIS MO. 0 CLEAR (SCALE 0-3) 20
DPTR FM NORMAL -4 PTCLDY (SCALE 4-7) 9
TOTAL FM JUL 1 0 CLOUDY (SCALE 8-10) 1
DPTR FM NORMAL -2
[CDD (BASE 65) ]
TOTAL THIS MO. 374
DPTR FM NORMAL 46 [PRESSURE DATA]
TOTAL FM JAN 1 2191 HIGHEST SLP 30.19 ON 2
DPTR FM NORMAL 128 LOWEST SLP 29.84 ON 7
[REMARKS]
#FINAL-09-23#