000
CXUS54 KSHV 011400
CF6ELD
PRELIMINARY LOCAL CLIMATOLOGICAL DATA (WS FORM: F-6)
STATION: EL DORADO
MONTH: JANUARY
YEAR: 2023
LATITUDE: 33 13 N
LONGITUDE: 92 49 W
TEMPERATURE IN F: :PCPN: SNOW: WIND :SUNSHINE: SKY :PK WND
================================================================================
1 2 3 4 5 6A 6B 7 8 9 10 11 12 13 14 15 16 17 18
12Z AVG MX 2MIN
DY MAX MIN AVG DEP HDD CDD WTR SNW DPTH SPD SPD DIR MIN PSBL S-S WX SPD DR
================================================================================
1 67 50 59 14 6 0 0.00 0.0 0 7.1 13 190 M M 6 1 19 180
2 74 64 69 24 0 4 3.40 0.0 0 8.5 24 190 M M 10 123 37 190
3 71 51 61 16 4 0 0.28 0.0 0 6.5 21 220 M M 4 13 31 210
4 61 39 50 5 15 0 0.00 0.0 0 2.7 14 280 M M 0 8 18 310
5 60 33 47 2 18 0 0.00 0.0 0 3.0 15 280 M M 0 23 290
6 65 30 48 4 17 0 0.00 0.0 0 4.8 15 170 M M 0 20 160
7 66 46 56 12 9 0 T 0.0 0 4.2 14 200 M M 6 12 19 190
8 63 35 49 5 16 0 0.00 0.0 0 4.6 13 340 M M 0 20 330
9 60 30 45 1 20 0 0.00 0.0 0 3.5 12 140 M M 0 16 160
10 66 38 52 8 13 0 0.00 0.0 0 6.0 14 190 M M 2 1 19 190
11 77 60 69 25 0 4 0.00 0.0 0 12.2 21 190 M M 2 1 32 210
12 69 37 53 9 12 0 0.00 0.0 0 12.8 24 290 M M 5 37 310
13 52 29 41 -3 24 0 0.00 0.0 0 5.4 13 320 M M 1 20 320
14 52 23 38 -6 27 0 0.00 0.0 0 2.1 10 160 M M 0 14 150
15 63 31 47 3 18 0 0.00 0.0 0 9.8 20 130 M M 5 28 130
16 73 56 65 21 0 0 0.00 0.0 0 9.8 18 200 M M 7 27 200
17 78 54 66 22 0 1 0.00 0.0 0 4.7 12 200 M M 4 1 18 190
18 70 51 61 16 4 0 1.10 0.0 0 8.1 21 160 M M 8 13 32 160
19 57 36 47 2 18 0 0.00 0.0 0 6.8 17 270 M M 0 28 260
20 58 31 45 0 20 0 0.00 0.0 0 2.3 13 40 M M 1 19 10
21 56 39 48 3 17 0 0.06 0.0 0 5.4 15 110 M M 8 1 22 70
22 53 33 43 -2 22 0 T 0.0 0 6.0 18 270 M M 9 1 26 260
23 54 29 42 -3 23 0 0.00 0.0 0 1.4 12 50 M M 0 17 40
24 43 33 38 -7 27 0 1.88 0.0 0 7.1 25 60 M M 7 13 36 40
25 45 36 41 -4 24 0 T 0.0 0 8.5 16 260 M M 10 1 28 260
26 50 29 40 -5 25 0 0.00 0.0 0 4.6 15 280 M M 0 1 24 320
27 59 27 43 -2 22 0 0.00 0.0 0 6.9 17 210 M M 0 23 250
28 60 37 49 4 16 0 0.43 0.0 0 7.4 18 170 M M 9 1 30 170
29 62 50 56 11 9 0 1.19 0.0 0 5.5 18 180 M M 10 12 26 170
30 54 35 45 -1 20 0 0.06 0.0 0 7.3 13 360 M M 10 12 18 10
31 35 32 34 -12 31 0 1.39 0.0 0 7.0 13 350 M M 10 16 20 350
================================================================================
SM 1873 1204 477 9 9.79 0.0 192.0 M 134
================================================================================
AV 60.4 38.8 6.2 FASTST M M 4 MAX(MPH)
MISC ----> 25 60 # 37 190
================================================================================
NOTES:
# LAST OF SEVERAL OCCURRENCES
COLUMN 17 PEAK WIND IN M.P.H.
PRELIMINARY LOCAL CLIMATOLOGICAL DATA (WS FORM: F-6) , PAGE 2
STATION: EL DORADO
MONTH: JANUARY
YEAR: 2023
LATITUDE: 33 13 N
LONGITUDE: 92 49 W
[TEMPERATURE DATA] [PRECIPITATION DATA] SYMBOLS USED IN COLUMN 16
AVERAGE MONTHLY: 49.6 TOTAL FOR MONTH: 9.79 1 = FOG OR MIST
DPTR FM NORMAL: 4.9 DPTR FM NORMAL: 5.40 2 = FOG REDUCING VISIBILITY
HIGHEST: 78 ON 17 GRTST 24HR 3.40 ON 2- 2 TO 1/4 MILE OR LESS
LOWEST: 23 ON 14 3 = THUNDER
SNOW, ICE PELLETS, HAIL 4 = ICE PELLETS
TOTAL MONTH: 0.0 INCH 5 = HAIL
GRTST 24HR 0.0 6 = FREEZING RAIN OR DRIZZLE
GRTST DEPTH: 0 7 = DUSTSTORM OR SANDSTORM:
VSBY 1/2 MILE OR LESS
8 = SMOKE OR HAZE
[NO. OF DAYS WITH] [WEATHER - DAYS WITH] 9 = BLOWING SNOW
X = TORNADO
MAX 32 OR BELOW: 0 0.01 INCH OR MORE: 9
MAX 90 OR ABOVE: 0 0.10 INCH OR MORE: 7
MIN 32 OR BELOW: 10 0.50 INCH OR MORE: 5
MIN 0 OR BELOW: 0 1.00 INCH OR MORE: 5
[HDD (BASE 65) ]
TOTAL THIS MO. 477 CLEAR (SCALE 0-3) 14
DPTR FM NORMAL -153 PTCLDY (SCALE 4-7) 8
TOTAL FM JUL 1 1503 CLOUDY (SCALE 8-10) 9
DPTR FM NORMAL -168
[CDD (BASE 65) ]
TOTAL THIS MO. 9
DPTR FM NORMAL 6 [PRESSURE DATA]
TOTAL FM JAN 1 9 HIGHEST SLP 30.42 ON 14
DPTR FM NORMAL 6 LOWEST SLP 29.65 ON 18
[REMARKS]
#FINAL-01-23#