000
CXUS55 KLKN 021341
CLSELY
CLIMATE REPORT
NATIONAL WEATHER SERVICE ELKO, NV
641 AM PDT THU SEP 02 2021
...................................
...THE ELY AIRPORT NV CLIMATE SUMMARY FOR THE SEASON, FROM
6/1/2021 TO 8/31/2021...
CLIMATE NORMAL PERIOD 1991 TO 2020
CLIMATE RECORD PERIOD 1893 TO 2021
WEATHER OBSERVED NORMAL DEPART LAST YEAR`S
VALUE DATE(S) VALUE FROM VALUE
NORMAL
..............................................................
TEMPERATURE (F)
RECORD
HIGH 101 07/12/2002
07/18/1998
LOW 18 06/14/1976
HIGHEST 98 07/10 96 2 98
07/11
07/12
LOWEST 24 06/11 28 -4 24
AVG. MAXIMUM 88.2 86.0 2.2 87.5
AVG. MINIMUM 48.9 46.1 2.8 45.2
MEAN 68.6 66.0 2.6 66.3
DAYS MAX >= 90 48 28.3 19.7 44
DAYS MAX <= 32 0 0.0 0.0 0
DAYS MIN <= 32 3 3.6 -0.6 4
DAYS MIN <= 0 0 0.0 0.0 0
PRECIPITATION (INCHES)
RECORD
MAXIMUM 4.88 1983
MINIMUM 0.31 1974
TOTALS 1.50 1.98 -0.48 0.38
DAILY AVG. 0.01 0.02 -0.01 0.00
DAYS >= .01 14 15.2 -1.2 6
DAYS >= .10 3 5.6 -2.6 2
DAYS >= .50 1 0.8 0.2 0
DAYS >= 1.00 1 0.2 0.8 0
SNOWFALL (INCHES)
RECORDS
TOTAL 1.7 1955
TOTALS 0.0 0.0 0.0 T
DAYS >= 1.0 0 0.0 0.0 0
GREATEST
SNOW DEPTH 0 0
DEGREE DAYS
HEATING TOTAL 91 190 -99 178
COOLING TOTAL 440 285 155 329
..............................................................
WIND (MPH)
AVERAGE WIND SPEED 9.7
HIGHEST WIND SPEED/DIRECTION 43/270 DATE 07/13
HIGHEST GUST SPEED/DIRECTION 55/280 DATE 07/13
AVERAGE RH (PERCENT) 36
WEATHER CONDITIONS. NUMBER OF DAYS WITH
THUNDERSTORM 21 MIXED PRECIP 0
HEAVY RAIN 1 RAIN 4
LIGHT RAIN 22 FREEZING RAIN 0
LT FREEZING RAIN 0 HAIL 0
HEAVY SNOW 0 SNOW 0
LIGHT SNOW 0 SLEET 0
FOG 6 FOG W/VIS <= 1/4 MILE 0
HAZE 30
- INDICATES NEGATIVE NUMBERS.
R INDICATES RECORD WAS SET OR TIED.
MM INDICATES DATA IS MISSING.
T INDICATES TRACE AMOUNT.
=====================================================================
...WARMER THAN NORMAL METEOROLOGICAL SUMMER IN ELY...
...DRIER THAN NORMAL METEORLOGICAL SUMMER IN ELY...
...1ST WARMEST METEORLOGICAL SUMMER ON RECORD FOR ELY...
THE AVERAGE TEMPERATURE IN ELY DURING METEOROLOGICAL SUMMER (JUN-
AUG) 2021 WAS 68.6 DEGREES...WHICH IS 2.6 DEGREES ABOVE THE NORMAL
66.0 DEGREES, MAKING METEORLOGICAL SUMMER 2021 1ST WARMEST ON
RECORD. THE TOTAL PRECIPITATION WAS 1.50 INCHES...WHICH IS 0.48
INCHES BELOW OR 75 PERCENT OF THE NORMAL OF 1.98 INCHES. THE TOTAL
SNOWFALL WAS 0.0 INCHES...WHICH IS EQUAL TO 1991-2020 CLIMATOLOGICAL
NORMAL OF 0.0 INCHES. THE PERIOD OF RECORD FOR THE ELY AREA BEGAN IN
1893
$$