000
CXUS53 KTOP 010810
CF6EMP
PRELIMINARY LOCAL CLIMATOLOGICAL DATA (WS FORM: F-6)
STATION: EMPORIA KS
MONTH: OCTOBER
YEAR: 2021
LATITUDE: 38 19 N
LONGITUDE: 96 12 W
TEMPERATURE IN F: :PCPN: SNOW: WIND :SUNSHINE: SKY :PK WND
================================================================================
1 2 3 4 5 6A 6B 7 8 9 10 11 12 13 14 15 16 17 18
12Z AVG MX 2MIN
DY MAX MIN AVG DEP HDD CDD WTR SNW DPTH SPD SPD DIR MIN PSBL S-S WX SPD DR
================================================================================
1 75 58 67 4 0 2 0.00 M M 4.3 10 280 M M 2 1 16 300
2 70 58 64 1 1 0 0.74 M M 3.6 14 330 M M 7 1 19 310
3 80 57 69 7 0 4 0.00 M M 7.0 15 330 M M 2 1 23 340
4 84 50 67 5 0 2 0.00 M M 4.1 10 20 M M 0 14 350
5 80 51 66 4 0 1 0.00 M M 5.1 15 60 M M 2 18 20 70
6 78 58 68 7 0 3 0.00 M M 5.3 12 60 M M 6 16 80
7 82 53 68 7 0 3 0.00 M M 5.0 12 140 M M 3 12 19 140
8 86 61 74 14 0 9 0.00 M M 8.0 18 170 M M 0 27 170
9 94 67 81 21 0 16 0.00 M M 16.5 29 190 M M 0 40 200
10 81 57 69 9 0 4 1.35 M M 9.8 20 290 M M 4 13 28 290
11 75 54 65 6 0 0 2.02 M M 13.5 26 320 M M 5 13 39 330
12 78 50 64 5 1 0 0.07 M M 10.6 22 150 M M 3 30 160
13 73 56 65 7 0 0 0.60 M M 9.9 24 160 M M 3 13 35 170
14 74 47 61 3 4 0 0.00 M M 7.1 17 350 M M 3 3 29 340
15 66 44 55 -3 10 0 0.00 M M 10.9 20 320 M M 2 30 10
16 69 38 54 -3 11 0 0.00 M M 6.9 15 300 M M 0 24 310
17 78 39 59 2 6 0 0.00 M M 4.6 13 170 M M 0 16 180
18 74 47 61 5 4 0 0.00 M M 11.9 25 180 M M 0 35 210
19 77 54 66 10 0 1 0.00 M M 16.7 24 180 M M 0 39 180
20 69 45 57 1 8 0 0.00 M M 11.9 23 180 M M 2 31 170
21 64 40 52 -3 13 0 0.00 M M 7.4 17 330 M M 0 8 24 310
22 78 38 58 3 7 0 0.00 M M 6.9 20 220 M M 1 26 210
23 69 57 63 9 2 0 1.13 M M 9.7 18 90 M M 8 13 24 120
24 75 50 63 9 2 0 0.22 M M 15.2 29 240 M M 4 13 39 240
25 53 46 50 -4 15 0 0.00 M M 8.3 15 10 M M 8 22 10
26 73 45 59 6 6 0 T M M 16.4 26 140 M M 6 39 140
27 65 51 58 5 7 0 0.97 M M 12.4 23 150 M M 10 13 34 160
28 56 49 53 1 12 0 0.40 M M 22.4 35 340 M M 10 1 53 320
29 64 41 53 1 12 0 T M M 15.8 28 330 M M 2 42 330
30 70 36 53 1 12 0 0.00 M M 5.8 13 340 M M 0 19 340
31 60 42 51 0 14 0 0.00 M M 12.1 23 40 M M 1 37 10
================================================================================
SM 2270 1539 147 45 7.50 M 305.1 M 94
================================================================================
AV 73.2 49.6 9.8 FASTST M M 3 MAX(MPH)
MISC ----> 35 340 53 320
================================================================================
NOTES:
# LAST OF SEVERAL OCCURRENCES
COLUMN 17 PEAK WIND IN M.P.H.
PRELIMINARY LOCAL CLIMATOLOGICAL DATA (WS FORM: F-6) , PAGE 2
STATION: EMPORIA KS
MONTH: OCTOBER
YEAR: 2021
LATITUDE: 38 19 N
LONGITUDE: 96 12 W
[TEMPERATURE DATA] [PRECIPITATION DATA] SYMBOLS USED IN COLUMN 16
AVERAGE MONTHLY: 61.4 TOTAL FOR MONTH: 7.50 1 = FOG OR MIST
DPTR FM NORMAL: 4.2 DPTR FM NORMAL: 4.44 2 = FOG REDUCING VISIBILITY
HIGHEST: 94 ON 9 GRTST 24HR 3.37 ON 10-11 TO 1/4 MILE OR LESS
LOWEST: 36 ON 30 3 = THUNDER
SNOW, ICE PELLETS, HAIL 4 = ICE PELLETS
TOTAL MONTH: M 5 = HAIL
GRTST 24HR M ON M 6 = FREEZING RAIN OR DRIZZLE
GRTST DEPTH: M ON M 7 = DUSTSTORM OR SANDSTORM:
VSBY 1/2 MILE OR LESS
8 = SMOKE OR HAZE
[NO. OF DAYS WITH] [WEATHER - DAYS WITH] 9 = BLOWING SNOW
X = TORNADO
MAX 32 OR BELOW: 0 0.01 INCH OR MORE: 9
MAX 90 OR ABOVE: 1 0.10 INCH OR MORE: 8
MIN 32 OR BELOW: 0 0.50 INCH OR MORE: 6
MIN 0 OR BELOW: 0 1.00 INCH OR MORE: 3
[HDD (BASE 65) ]
TOTAL THIS MO. 147 CLEAR (SCALE 0-3) 20
DPTR FM NORMAL -127 PTCLDY (SCALE 4-7) 9
TOTAL FM JUL 1 152 CLOUDY (SCALE 8-10) 2
DPTR FM NORMAL -171
[CDD (BASE 65) ]
TOTAL THIS MO. 45
DPTR FM NORMAL 12 [PRESSURE DATA]
TOTAL FM JAN 1 1705 HIGHEST SLP M ON M
DPTR FM NORMAL 274 LOWEST SLP 29.47 ON 11
[REMARKS]
#FINAL-10-21#