000
CXUS54 KEWX 011010
CF6ERV
PRELIMINARY LOCAL CLIMATOLOGICAL DATA (WS FORM: F-6)
STATION: KERRVILLE
MONTH: MAY
YEAR: 2023
LATITUDE: 29 58 N
LONGITUDE: 99 5 W
TEMPERATURE IN F: :PCPN: SNOW: WIND :SUNSHINE: SKY :PK WND
================================================================================
1 2 3 4 5 6A 6B 7 8 9 10 11 12 13 14 15 16 17 18
12Z AVG MX 2MIN
DY MAX MIN AVG DEP HDD CDD WTR SNW DPTH SPD SPD DIR MIN PSBL S-S WX SPD DR
================================================================================
1 88 56 72 M 0 7 M M M 7.9 13 150 M M 0 20 150
2 79 62 71 M 0 6 M M M 6.5 13 120 M M 6 20 120
3 86 61 74 M 0 9 M M M 6.3 14 150 M M 3 16 140
4 85 67 76 M 0 11 M M M 8.5 14 150 M M 6 21 160
5 96 69 83 M 0 18 M M M 8.6 20 150 M M 4 18 26 150
6 90 69 80 M 0 15 M M M 11.3 15 170 M M 8 18 21 120
7 82 73 78 M 0 13 M M M 11.4 18 150 M M 5 1 28 170
8 92 64 78 M 0 13 0.02 M M 7.9 15 140 M M 3 1 33 150
9 74 60 67 M 0 2 0.38 M M 4.8 24 340 M M 5 3 33 340
10 86 60 73 M 0 8 M M M 4.7 12 150 M M 8 1 M M
11 88 70 79 M 0 14 0.03 M M 9.4 14 170 M M 9 1 20 150
12 88 63 76 M 0 11 1.81 M M 11.6 18 130 M M 9 138 30 260
13 74 63 69 M 0 4 0.01 M M 4.0 13 320 M M 6 3 M M
14 85 58 72 M 0 7 M M M 2.9 7 100 M M 3 1 M M
15 81 64 73 M 0 8 0.14 M M 2.3 13 150 M M 4 13 25 150
16 79 61 70 M 0 5 0.29 M M 3.2 12 320 M M 3 3 18 60
17 86 58 72 M 0 7 M M M 1.5 6 70 M M 3 12 M M
18 87 60 74 M 0 9 M M M 4.5 12 180 M M 1 8 12 160
19 87 66 77 M 0 12 0.41 M M 7.4 15 10 M M 6 18 21 10
20 77 66 72 M 0 7 0.07 M M 5.0 13 360 M M 8 3 22 0
21 69 63 66 M 0 1 0.32 M M 1.0 7 40 M M 9 M M
22 84 61 73 M 0 8 M M M 2.1 8 110 M M 5 12 M M
23 88 65 77 M 0 12 M M M 5.0 10 170 M M 5 M M
24 84 62 73 M 0 8 0.16 M M 3.9 17 20 M M 2 24 20
25 80 64 72 M 0 7 0.02 M M 3.5 15 340 M M 5 20 340
26 83 64 74 M 0 9 M M M 4.8 10 100 M M 4 1 17 80
27 81 64 73 M 0 8 M M M 5.2 15 150 M M 5 M M
28 81 65 73 M 0 8 M M M 8.2 14 160 M M 4 21 160
29 84 58 71 M 0 6 0.82 M M 3.3 14 50 M M 6 3 37 190
30 85 56 71 M 0 6 0.01 M M 2.0 9 130 M M 5 12 M M
31 85 67 76 M 0 11 M M M 6.5 12 140 M M 6 17 140
================================================================================
SM 2594 1959 0 270 4.49 M 175.0 M 156
================================================================================
AV 83.7 63.2 5.6 FASTST M M 5 MAX(MPH)
MISC ----> 24 340 37 190
================================================================================
NOTES:
# LAST OF SEVERAL OCCURRENCES
COLUMN 17 PEAK WIND IN M.P.H.
PRELIMINARY LOCAL CLIMATOLOGICAL DATA (WS FORM: F-6) , PAGE 2
STATION: KERRVILLE
MONTH: MAY
YEAR: 2023
LATITUDE: 29 58 N
LONGITUDE: 99 5 W
[TEMPERATURE DATA] [PRECIPITATION DATA] SYMBOLS USED IN COLUMN 16
AVERAGE MONTHLY: 73.4 TOTAL FOR MONTH: 4.49 1 = FOG OR MIST
DPTR FM NORMAL: 0.0 DPTR FM NORMAL: M 2 = FOG REDUCING VISIBILITY
HIGHEST: 96 ON 5 GRTST 24HR 1.81 ON 12-12 TO 1/4 MILE OR LESS
LOWEST: 56 ON 30, 1 3 = THUNDER
SNOW, ICE PELLETS, HAIL 4 = ICE PELLETS
TOTAL MONTH: M 5 = HAIL
GRTST 24HR M ON M 6 = FREEZING RAIN OR DRIZZLE
GRTST DEPTH: M ON M 7 = DUSTSTORM OR SANDSTORM:
VSBY 1/2 MILE OR LESS
8 = SMOKE OR HAZE
[NO. OF DAYS WITH] [WEATHER - DAYS WITH] 9 = BLOWING SNOW
X = TORNADO
MAX 32 OR BELOW: 0 0.01 INCH OR MORE: 14
MAX 90 OR ABOVE: 3 0.10 INCH OR MORE: 8
MIN 32 OR BELOW: 0 0.50 INCH OR MORE: 2
MIN 0 OR BELOW: 0 1.00 INCH OR MORE: 1
[HDD (BASE 65) ]
TOTAL THIS MO. 0 CLEAR (SCALE 0-3) 5
DPTR FM NORMAL M PTCLDY (SCALE 4-7) 22
TOTAL FM JUL 1 1733 CLOUDY (SCALE 8-10) 4
DPTR FM NORMAL M
[CDD (BASE 65) ]
TOTAL THIS MO. 270
DPTR FM NORMAL M [PRESSURE DATA]
TOTAL FM JAN 1 466 HIGHEST SLP M ON M
DPTR FM NORMAL M LOWEST SLP M ON M
[REMARKS]
#FINAL-05-23#