000
CXUS53 KDMX 011046
CF6EST
PRELIMINARY LOCAL CLIMATOLOGICAL DATA (WS FORM: F-6)
STATION: ESTHERVILLE IA
MONTH: JULY
YEAR: 2021
LATITUDE: 43 24 N
LONGITUDE: 94 45 W
TEMPERATURE IN F: :PCPN: SNOW: WIND :SUNSHINE: SKY :PK WND
================================================================================
1 2 3 4 5 6A 6B 7 8 9 10 11 12 13 14 15 16 17 18
12Z AVG MX 2MIN
DY MAX MIN AVG DEP HDD CDD WTR SNW DPTH SPD SPD DIR MIN PSBL S-S WX SPD DR
================================================================================
1 84 57 71 1 0 6 0.00 0.0 0 4.0 9 50 M M 2 13 140
2 83 56 70 -1 0 5 0.00 0.0 0 4.9 14 40 M M 1 1 19 50
3 85 54 70 -1 0 5 0.00 0.0 0 7.5 15 200 M M 1 21 200
4 88 63 76 5 0 11 0.00 0.0 0 14.0 25 210 M M 0 36 210
5 91 69 80 9 0 15 0.00 0.0 0 5.9 21 290 M M 0 28 290
6 88 66 77 6 0 12 0.08 0.0 0 6.3 20 310 M M 4 13 29 300
7 73 54 64 -7 1 0 0.07 0.0 0 12.0 24 10 M M 6 12 33 360
8 71 48 60 -11 5 0 0.01 0.0 0 4.0 14 80 M M 4 12 20 70
9 77 61 69 -2 0 4 0.17 0.0 0 9.9 20 80 M M 9 13 28 70
10 65 58 62 -9 3 0 0.32 0.0 0 9.5 21 60 M M 9 1 29 50
11 79 54 67 -4 0 2 0.00 0.0 0 6.4 13 80 M M 1 1 19 80
12 77 51 64 -7 1 0 0.00 0.0 0 3.7 9 150 M M 0 1 14 160
13 79 52 66 -5 0 1 0.00 0.0 0 6.5 14 190 M M 1 1 18 170
14 73 60 67 -4 0 2 1.07 0.0 0 6.9 25 250 M M 7 123 42 260
15 77 52 65 -6 0 0 0.00 0.0 0 4.5 12 30 M M 1 128 16 20
16 77 51 64 -7 1 0 0.00 0.0 0 4.7 13 100 M M 1 18 16 100
17 79 56 68 -3 0 3 0.00 0.0 0 4.5 12 160 M M 1 1 16 180
18 80 56 68 -3 0 3 0.00 0.0 0 3.3 10 120 M M 1 12 14 120
19 82 55 69 -2 0 4 0.00 0.0 0 2.7 8 40 M M 1 1 13 40
20 84 59 72 1 0 7 0.00 0.0 0 4.6 10 280 M M 0 15 290
21 85 61 73 2 0 8 0.00 0.0 0 5.9 13 180 M M 1 1 16 160
22 85 64 75 4 0 10 T 0.0 0 12.0 22 210 M M 0 1 32 190
23 91 66 79 9 0 14 0.00 0.0 0 10.8 18 200 M M 0 18 26 210
24 89 68 79 9 0 14 0.12 0.0 0 7.1 22 310 M M 2 1 37 310
25 91 62 77 7 0 12 0.00 0.0 0 5.1 10 180 M M 0 1 13 170
26 88 66 77 7 0 12 0.00 0.0 0 10.0 20 200 M M 1 1 29 250
27 93 66 80 10 0 15 0.00 0.0 0 7.3 16 190 M M 0 23 230
28 95 74 85 15 0 20 0.00 0.0 0 9.7 20 210 M M 0 1 28 210
29 86 66 76 6 0 11 T 0.0 0 10.2 18 360 M M 6 18 25 10
30 72 61 67 -3 0 2 0.43 0.0 0 3.4 10 40 M M 7 128 14 330
31 83 60 72 2 0 7 0.00 0.0 0 6.6 18 350 M M 4 128 25 350
================================================================================
SM 2550 1846 11 205 2.27 0.0 213.9 M 71
================================================================================
AV 82.3 59.5 6.9 FASTST M M 2 MAX(MPH)
MISC ----> # 25 210 42 260
================================================================================
NOTES:
# LAST OF SEVERAL OCCURRENCES
COLUMN 17 PEAK WIND IN M.P.H.
PRELIMINARY LOCAL CLIMATOLOGICAL DATA (WS FORM: F-6) , PAGE 2
STATION: ESTHERVILLE IA
MONTH: JULY
YEAR: 2021
LATITUDE: 43 24 N
LONGITUDE: 94 45 W
[TEMPERATURE DATA] [PRECIPITATION DATA] SYMBOLS USED IN COLUMN 16
AVERAGE MONTHLY: 70.9 TOTAL FOR MONTH: 2.27 1 = FOG OR MIST
DPTR FM NORMAL: 0.3 DPTR FM NORMAL: -1.49 2 = FOG REDUCING VISIBILITY
HIGHEST: 95 ON 28 GRTST 24HR 1.07 ON 14-14 TO 1/4 MILE OR LESS
LOWEST: 48 ON 8 3 = THUNDER
SNOW, ICE PELLETS, HAIL 4 = ICE PELLETS
TOTAL MONTH: 0.0 INCH 5 = HAIL
GRTST 24HR 0.0 6 = FREEZING RAIN OR DRIZZLE
GRTST DEPTH: 0 7 = DUSTSTORM OR SANDSTORM:
VSBY 1/2 MILE OR LESS
8 = SMOKE OR HAZE
[NO. OF DAYS WITH] [WEATHER - DAYS WITH] 9 = BLOWING SNOW
X = TORNADO
MAX 32 OR BELOW: 0 0.01 INCH OR MORE: 8
MAX 90 OR ABOVE: 5 0.10 INCH OR MORE: 5
MIN 32 OR BELOW: 0 0.50 INCH OR MORE: 1
MIN 0 OR BELOW: 0 1.00 INCH OR MORE: 1
[HDD (BASE 65) ]
TOTAL THIS MO. 11 CLEAR (SCALE 0-3) 22
DPTR FM NORMAL -3 PTCLDY (SCALE 4-7) 7
TOTAL FM JUL 1 11 CLOUDY (SCALE 8-10) 2
DPTR FM NORMAL 11
[CDD (BASE 65) ]
TOTAL THIS MO. 205
DPTR FM NORMAL 17 [PRESSURE DATA]
TOTAL FM JAN 1 468 HIGHEST SLP 30.24 ON 18
DPTR FM NORMAL 119 LOWEST SLP 29.82 ON 4
[REMARKS]
#FINAL-07-21#