000
CXUS56 KPQR 162302
CF6EUG
PRELIMINARY LOCAL CLIMATOLOGICAL DATA (WS FORM: F-6)
STATION: EUGENE OR
MONTH: JUNE
YEAR: 2023
LATITUDE: 44 7 N
LONGITUDE: 123 13 W
TEMPERATURE IN F: :PCPN: SNOW: WIND :SUNSHINE: SKY :PK WND
================================================================================
1 2 3 4 5 6A 6B 7 8 9 10 11 12 13 14 15 16 17 18
12Z AVG MX 2MIN
DY MAX MIN AVG DEP HDD CDD WTR SNW DPTH SPD SPD DIR MIN PSBL S-S WX SPD DR
================================================================================
1 73 41 57 -1 8 0 0.00 0.0 0 7.7 16 20 M M 1 21 340
2 78 39 59 1 6 0 0.00 0.0 0 3.8 14 20 M M 1 17 20
3 80 41 61 3 4 0 0.00 0.0 0 5.9 16 320 M M 1 19 330
4 78 45 62 3 3 0 0.00 0.0 0 12.0 24 20 M M 2 31 350
5 85 48 67 8 0 2 0.00 0.0 0 12.4 22 20 M M 3 28 340
6 90 48 69 10 0 4 0.00 0.0 0 8.0 21 220 M M 3 26 210
7 78 53 66 7 0 1 0.00 0.0 0 9.9 18 250 M M 5 23 220
8 77 53 65 6 0 0 0.00 0.0 0 5.7 14 250 M M 8 18 250
9 69 53 61 2 4 0 0.00 0.0 0 4.4 13 240 M M 9 15 240
10 80 57 69 9 0 4 0.00 0.0 0 11.5 23 20 M M 6 30 10
11 84 51 68 8 0 3 0.00 0.0 0 9.3 20 30 M M 3 26 30
12 89 50 70 10 0 5 0.00 0.0 0 5.0 15 360 M M 1 1 20 20
13 83 50 67 7 0 2 0.00 0.0 0 6.9 18 330 M M 3 22 350
14 73 45 59 -1 6 0 0.00 0.0 0 7.1 18 330 M M 5 23 310
15 76 43 60 0 5 0 0.00 0.0 0 8.0 20 10 M M 2 25 30
16 86 48 67 6 0 2 0.00 0.0 0 4.7 13 30 M M 5 17 40
17 74 53 64 3 1 0 T 0.0 0 6.5 20 290 M M 8 23 290
18 66 49 58 -3 7 0 0.12 0.0 0 9.5 22 290 M M 8 1 30 270
19 64 47 56 -5 9 0 0.02 0.0 0 8.6 20 250 M M 7 23 250
20 70 46 58 -4 7 0 0.00 0.0 0 6.0 13 190 M M 6 18 190
21 80 41 61 -1 4 0 0.00 0.0 0 6.8 17 10 M M 2 1 24 360
22 90 48 69 7 0 4 0.00 0.0 0 7.1 17 10 M M 1 22 360
23 78 54 66 4 0 1 0.00 0.0 0 11.3 18 220 M M 3 24 220
24 85 47 66 3 0 1 0.00 0.0 0 6.7 16 360 M M 4 21 350
25 85 45 65 2 0 0 0.00 0.0 0 4.8 15 360 M M 1 19 30
26 85 49 67 4 0 2 0.00 0.0 0 5.2 16 330 M M 2 19 360
27 85 51 68 4 0 3 0.00 0.0 0 4.9 13 360 M M 2 17 360
28 89 53 71 7 0 6 0.00 0.0 0 5.4 16 360 M M 1 18 350
29 92 52 72 8 0 7 0.00 0.0 0 4.3 16 10 M M 1 19 360
30 93 53 73 9 0 8 0.00 0.0 0 7.9 17 10 M M 0 28 20
================================================================================
SM 2415 1453 64 55 0.14 0.0 217.3 M 104
================================================================================
AV 80.5 48.4 7.2 FASTST M M 3 MAX(MPH)
MISC ----> 24 20 31 350
================================================================================
NOTES:
# LAST OF SEVERAL OCCURRENCES
COLUMN 17 PEAK WIND IN M.P.H.
PRELIMINARY LOCAL CLIMATOLOGICAL DATA (WS FORM: F-6) , PAGE 2
STATION: EUGENE OR
MONTH: JUNE
YEAR: 2023
LATITUDE: 44 7 N
LONGITUDE: 123 13 W
[TEMPERATURE DATA] [PRECIPITATION DATA] SYMBOLS USED IN COLUMN 16
AVERAGE MONTHLY: 64.5 TOTAL FOR MONTH: 0.14 1 = FOG OR MIST
DPTR FM NORMAL: 3.6 DPTR FM NORMAL: -1.09 2 = FOG REDUCING VISIBILITY
HIGHEST: 93 ON 30 GRTST 24HR 0.12 ON 17-18 TO 1/4 MILE OR LESS
LOWEST: 39 ON 2 3 = THUNDER
SNOW, ICE PELLETS, HAIL 4 = ICE PELLETS
TOTAL MONTH: 0.0 INCH 5 = HAIL
GRTST 24HR 0.0 6 = FREEZING RAIN OR DRIZZLE
GRTST DEPTH: 0 7 = DUSTSTORM OR SANDSTORM:
VSBY 1/2 MILE OR LESS
8 = SMOKE OR HAZE
[NO. OF DAYS WITH] [WEATHER - DAYS WITH] 9 = BLOWING SNOW
X = TORNADO
MAX 32 OR BELOW: 0 0.01 INCH OR MORE: 2
MAX 90 OR ABOVE: 4 0.10 INCH OR MORE: 1
MIN 32 OR BELOW: 0 0.50 INCH OR MORE: 0
MIN 0 OR BELOW: 0 1.00 INCH OR MORE: 0
[HDD (BASE 65) ]
TOTAL THIS MO. 64 CLEAR (SCALE 0-3) 17
DPTR FM NORMAL -82 PTCLDY (SCALE 4-7) 11
TOTAL FM JUL 1 4439 CLOUDY (SCALE 8-10) 2
DPTR FM NORMAL -175
[CDD (BASE 65) ]
TOTAL THIS MO. 55
DPTR FM NORMAL 32 [PRESSURE DATA]
TOTAL FM JAN 1 104 HIGHEST SLP 30.22 ON 21
DPTR FM NORMAL 77 LOWEST SLP 29.69 ON 6
[REMARKS]
#FINAL-06-23#