000
CXUS53 KPAH 010708
CLMEVV
CLIMATE REPORT
NATIONAL WEATHER SERVICE PADUCAH KY
208 AM CDT THU JUN 01 2023
...................................
...THE EVANSVILLE IN CLIMATE SUMMARY FOR THE MONTH OF MAY 2023...
CLIMATE NORMAL PERIOD 1991 TO 2020
CLIMATE RECORD PERIOD 1896 TO 2023
WEATHER OBSERVED NORMAL DEPART LAST YEAR`S
VALUE DATE(S) VALUE FROM VALUE DATE(S)
NORMAL
................................................................
TEMPERATURE (F)
RECORD
HIGH 98 05/29/1911
05/28/1911
LOW 28 05/01/1963
HIGHEST 89 05/31 91 05/11
LOWEST 39 05/04 47 05/08
AVG. MAXIMUM 78.4 77.3 1.1 79.7
AVG. MINIMUM 55.7 56.6 -0.9 58.8
MEAN 67.0 66.9 0.1 69.3
DAYS MAX >= 90 0 1.1 -1.1 4
DAYS MAX <= 32 0 0.0 0.0 0
DAYS MIN <= 32 0 0.0 0.0 0
DAYS MIN <= 0 0 0.0 0.0 0
PRECIPITATION (INCHES)
RECORD
MAXIMUM 13.51 1995
MINIMUM 0.59 1913
TOTALS 3.59 5.12 -1.53 3.75
DAILY AVG. 0.12 0.17 -0.05 0.12
DAYS >= .01 7 12.6 -5.6 12
DAYS >= .10 6 8.0 -2.0 9
DAYS >= .50 2 3.5 -1.5 4
DAYS >= 1.00 1 1.4 -0.4 0
GREATEST
24 HR. TOTAL 2.49 05/07 TO 05/08
SNOWFALL (INCHES)
RECORDS
TOTAL 0.0 2002
TOTALS 0.0 0.0 0.0 0.0
SINCE 7/1 6.8 10.8 -4.0 MM
SNOWDEPTH AVG. 0 0
DAYS >= TRACE 0
DAYS >= 1.0 0 0.0 0.0 0
GREATEST
SNOW DEPTH 0 0 MM
24 HR TOTAL MM
STORM TOTAL 0.0
(MM/DD(HH))
DEGREE DAYS
HEATING TOTAL 48 73 -25 38
SINCE 7/1 3886 4335 -449 MM
COOLING TOTAL 118 134 -16 177
SINCE 1/1 143 167 -24 MM
FREEZE DATES
EARLIEST 10/19
LATEST 04/03
................................................................
WIND (MPH)
AVERAGE WIND SPEED 5.8
HIGHEST WIND SPEED/DIRECTION 32/260 DATE 05/07
HIGHEST GUST SPEED/DIRECTION 51/270 DATE 05/07
SKY COVER
POSSIBLE SUNSHINE (PERCENT) MM
AVERAGE SKY COVER 0.26
NUMBER OF DAYS FAIR 21
NUMBER OF DAYS PC 9
NUMBER OF DAYS CLOUDY 1
AVERAGE RH (PERCENT) 65
WEATHER CONDITIONS. NUMBER OF DAYS WITH
THUNDERSTORM 6 MIXED PRECIP 0
HEAVY RAIN 4 RAIN 6
LIGHT RAIN 11 FREEZING RAIN 0
LT FREEZING RAIN 0 HAIL 0
HEAVY SNOW 0 SNOW 0
LIGHT SNOW 0 SLEET 0
FOG 12 FOG W/VIS <= 1/4 MILE 0
HAZE 5
- INDICATES NEGATIVE NUMBERS.
R INDICATES RECORD WAS SET OR TIED.
MM INDICATES DATA IS MISSING.
T INDICATES TRACE AMOUNT.
$$