000
CXUS53 KPAH 011556 RRA
CLSEVV
CLIMATE REPORT
NATIONAL WEATHER SERVICE PADUCAH KY
947 AM CST TUE MAR 01 2022
...................................
...THE EVANSVILLE IN CLIMATE SUMMARY FOR THE SEASON, FROM
12/1/2021 TO 2/28/2022...
CLIMATE NORMAL PERIOD 1991 TO 2020
CLIMATE RECORD PERIOD 1896 TO 2022
WEATHER OBSERVED NORMAL DEPART LAST YEAR`S
VALUE DATE(S) VALUE FROM VALUE
NORMAL
..............................................................
TEMPERATURE (F)
RECORD
HIGH 79 02/24/2017
02/13/1962
LOW -23 02/02/1951
HIGHEST 72 12/25 42 30
12/27
LOWEST 5 01/07 24 -19
AVG. MAXIMUM 47.4 44.7 2.7
AVG. MINIMUM 26.9 27.8 -0.9
MEAN 37.1 36.2 0.9
DAYS MAX >= 90 0 0.0 0.0
DAYS MAX <= 32 13 14.7 -1.7
DAYS MIN <= 32 65 62.6 2.4
DAYS MIN <= 0 0 1.0 -1.0
PRECIPITATION (INCHES)
RECORD
MAXIMUM 24.38 1949
MINIMUM 3.76 1976
TOTALS 15.25 10.35 4.90
DAILY AVG. 0.17 0.11 0.06
DAYS >= .01 28 30.5 -2.5
DAYS >= .10 18 18.6 -0.6
DAYS >= .50 10 7.4 2.6
DAYS >= 1.00 6 2.5 3.5
GREATEST
24 HR. TOTAL 2.42
STORM TOTAL 2.25
(MM/DD(HH))
SNOWFALL (INCHES)
TOTALS 4.1
LIQUID EQUIV 0.40
SINCE 7/1 4.1
LIQUID 7/1 0.41
SNOWDEPTH AVG. 0
DAYS >= TRACE 14
DAYS >= 1.0 2
GREATEST
SNOW DEPTH 2 02/04
24 HR TOTAL MM
STORM TOTAL 1.7
(MM/DD(HH))
DEGREE DAYS
HEATING TOTAL 2481 2593 -112
SINCE 7/1 3300 3426 -126
COOLING TOTAL 0 0 0
SINCE 1/1 0 0 0
FREEZE DATES
RECORD
EARLIEST 10/03/1974
LATEST 05/10/1966
EARLIEST 11/03
LATEST 04/22
..............................................................
WIND (MPH)
AVERAGE WIND SPEED 7.4
HIGHEST WIND SPEED/DIRECTION 38/260 DATE 12/06
HIGHEST GUST SPEED/DIRECTION 53/260 DATE 12/06
SKY COVER
POSSIBLE SUNSHINE (PERCENT) MM
AVERAGE SKY COVER 0.44
NUMBER OF DAYS FAIR 31
NUMBER OF DAYS PC 13
NUMBER OF DAYS CLOUDY 15
AVERAGE RH (PERCENT) 70
WEATHER CONDITIONS. NUMBER OF DAYS WITH
THUNDERSTORM 5 MIXED PRECIP 1
HEAVY RAIN 13 RAIN 14
LIGHT RAIN 21 FREEZING RAIN 3
LT FREEZING RAIN 3 HAIL 0
HEAVY SNOW 0 SNOW 4
LIGHT SNOW 12 SLEET 1
FOG 44 FOG W/VIS <= 1/4 MILE 7
HAZE 14
- INDICATES NEGATIVE NUMBERS.
R INDICATES RECORD WAS SET OR TIED.
MM INDICATES DATA IS MISSING.
T INDICATES TRACE AMOUNT.
[REMARKS:] 10TH WETTEST WINTER SEASON
$$