641
CXUS53 KPAH 011657
CLSEVV
CLIMATE REPORT
NATIONAL WEATHER SERVICE PADUCAH
1157 AM CDT MON JUN 01 2020
...................................
...THE EVANSVILLE IN CLIMATE SUMMARY FOR THE SPRING SEASON,
FROM 3/1/2020 TO 5/31/2020...
CLIMATE NORMAL PERIOD 1981 TO 2010
CLIMATE RECORD PERIOD 1896 TO 2020
WEATHER OBSERVED NORMAL DEPART LAST YEAR`S
VALUE DATE(S) VALUE FROM VALUE
NORMAL
..............................................................
TEMPERATURE (F)
RECORD
HIGH 98 05/28/1911
LOW -9 03/06/1960
HIGHEST 90 05/25 67 23
LOWEST 23 03/07 45 -22
AVG. MAXIMUM 65.7 67.1 -1.4
AVG. MINIMUM 45.9 44.8 1.1
MEAN 55.8 56.0 -0.2
DAYS MAX >= 90 1 0.9 0.1
DAYS MAX <= 32 0 0.5 -0.5
DAYS MIN <= 32 8 15.2 -7.2
DAYS MIN <= 0 0 0.0 0.0
PRECIPITATION (INCHES)
RECORD
MAXIMUM 25.48 2008
MINIMUM 4.04 1930
TOTALS 16.98 13.97 3.01
DAILY AVG. 0.18 0.15 0.03
DAYS >= .01 36 34.8 1.2
DAYS >= .10 25 22.7 2.3
DAYS >= .50 13 9.5 3.5
DAYS >= 1.00 6 3.6 2.4
GREATEST
24 HR. TOTAL 2.19
STORM TOTAL 1.87
(MM/DD(HH))
SNOWFALL (INCHES)
TOTALS T
LIQUID EQUIV T
SINCE 7/1 1.1
LIQUID 7/1 0.11
SNOWDEPTH AVG. 0
DAYS >= TRACE 1
DAYS >= 1.0 0
GREATEST
SNOW DEPTH MM
24 HR TOTAL T 03/06 TO 03/06
STORM TOTAL 0.0
(MM/DD(HH))
DEGREE DAYS
HEATING TOTAL 948 967 -19
SINCE 7/1 4280 4541 -261
COOLING TOTAL 125 134 -9
SINCE 1/1 125 135 -10
FREEZE DATES
RECORD
EARLIEST 10/03/1974
LATEST 05/10/1966
EARLIEST 10/31
LATEST 03/31
..............................................................
WIND (MPH)
AVERAGE WIND SPEED 7.2
HIGHEST WIND SPEED/DIRECTION 37/360 DATE 04/08
HIGHEST GUST SPEED/DIRECTION 55/360 DATE 04/08
SKY COVER
POSSIBLE SUNSHINE (PERCENT) MM
AVERAGE SKY COVER 0.46
NUMBER OF DAYS FAIR 40
NUMBER OF DAYS PC 32
NUMBER OF DAYS CLOUDY 19
AVERAGE RH (PERCENT) 66
WEATHER CONDITIONS. NUMBER OF DAYS WITH
THUNDERSTORM 14 MIXED PRECIP 0
HEAVY RAIN 15 RAIN 26
LIGHT RAIN 44 FREEZING RAIN 0
LT FREEZING RAIN 0 HAIL 0
HEAVY SNOW 0 SNOW 0
LIGHT SNOW 1 SLEET 0
FOG 42 FOG W/VIS <= 1/4 MILE 6
HAZE 19
- INDICATES NEGATIVE NUMBERS.
R INDICATES RECORD WAS SET OR TIED.
MM INDICATES DATA IS MISSING.
T INDICATES TRACE AMOUNT.
$$