000
CXUS56 KSLC 011227
CF6EVW
PRELIMINARY LOCAL CLIMATOLOGICAL DATA (WS FORM: F-6)
STATION: EVANSTON WY
MONTH: MAY
YEAR: 2020
LATITUDE: 41 16 N
LONGITUDE: 111 2 W
TEMPERATURE IN F: :PCPN: SNOW: WIND :SUNSHINE: SKY :PK WND
================================================================================
1 2 3 4 5 6A 6B 7 8 9 10 11 12 13 14 15 16 17 18
12Z AVG MX 2MIN
DY MAX MIN AVG DEP HDD CDD WTR SNW DPTH SPD SPD DIR MIN PSBL S-S WX SPD DR
================================================================================
1 47 39 43 -1 22 0 0.23 M 0 6.1 17 10 M M 7 1 22 20
2 60 35 48 4 17 0 T M 0 7.5 23 220 M M 3 27 220
3 56 39 48 3 17 0 0.02 M 0 7.2 23 260 M M 8 28 260
4 54 28 41 -4 24 0 0.03 M 0 10.0 24 320 M M 4 12 32 310
5 63 31 47 2 18 0 0.00 0.0 0 7.6 22 260 M M 0 27 250
6 68 36 52 6 13 0 0.00 0.0 0 16.2 32 280 M M 0 40 260
7 52 25 39 -7 26 0 0.00 0.0 0 13.0 23 320 M M 0 32 330
8 62 29 46 0 19 0 0.00 0.0 0 10.3 24 250 M M 0 29 270
9 65 33 49 2 16 0 0.00 0.0 0 7.9 16 30 M M 0 24 40
10 70 34 52 5 13 0 0.00 0.0 0 10.9 22 80 M M 1 26 90
11 69 41 55 8 10 0 T M 0 12.2 41 220 M M 5 3 53 220
12 67 40 54 6 11 0 0.00 0.0 0 14.2 32 220 M M 2 44 220
13 52 36 44 -4 21 0 0.09 M 0 8.7 24 270 M M 6 1 30 260
14 56 35 46 -2 19 0 0.00 0.0 0 9.8 22 270 M M 9 30 250
15 56 39 48 -1 17 0 0.00 0.0 0 9.3 25 250 M M 7 32 270
16 62 34 48 -1 17 0 0.00 0.0 0 7.0 18 250 M M 2 23 290
17 74 44 59 10 6 0 0.00 0.0 0 14.2 37 220 M M 0 45 210
18 76 52 64 14 1 0 0.00 0.0 0 14.4 35 230 M M 0 46 230
19 74 37 56 6 9 0 0.00 0.0 0 15.6 37 180 M M 0 47 190
20 51 33 42 -8 23 0 0.01 M 0 13.7 39 220 M M 6 1 49 220
21 57 33 45 -5 20 0 0.01 M 0 13.7 25 250 M M 5 1 32 250
22 65 32 49 -2 16 0 0.08 M 0 15.9 37 220 M M 4 12 48 210
23 45 29 37 -14 28 0 0.03 M 0 10.5 25 250 M M 7 12 35 260
24 53 28 41 -10 24 0 0.00 0.0 0 6.4 22 290 M M 5 27 290
25 62 30 46 -5 19 0 0.00 0.0 0 3.8 15 310 M M 1 21 30
26 69 40 55 3 10 0 0.00 0.0 0 9.9 23 270 M M 6 28 270
27 73 49 61 9 4 0 0.02 M 0 8.8 24 260 M M 6 31 250
28 77 44 61 9 4 0 0.00 0.0 0 5.7 20 270 M M 0 24 260
29 84 51 68 16 0 3 0.00 0.0 0 11.4 30 240 M M 1 3 38 240
30 81 54 68 15 0 3 0.02 0.0 0 10.2 40 220 M M 3 3 50 220
31 79 51 65 12 0 0 0.00 0.0 0 12.1 33 210 M M 2 42 210
================================================================================
SM 1979 1161 444 6 0.54 0.0 324.2 M 100
================================================================================
AV 63.8 37.5 10.5 FASTST M M 3 MAX(MPH)
MISC ----> # 41 220 # 53 220
================================================================================
NOTES:
# LAST OF SEVERAL OCCURRENCES
COLUMN 17 PEAK WIND IN M.P.H.
PRELIMINARY LOCAL CLIMATOLOGICAL DATA (WS FORM: F-6) , PAGE 2
STATION: EVANSTON WY
MONTH: MAY
YEAR: 2020
LATITUDE: 41 16 N
LONGITUDE: 111 2 W
[TEMPERATURE DATA] [PRECIPITATION DATA] SYMBOLS USED IN COLUMN 16
AVERAGE MONTHLY: 50.7 TOTAL FOR MONTH: 0.54 1 = FOG OR MIST
DPTR FM NORMAL: 1.9 DPTR FM NORMAL: -1.23 2 = FOG REDUCING VISIBILITY
HIGHEST: 84 ON 29 GRTST 24HR 0.23 ON 1- 1 TO 1/4 MILE OR LESS
LOWEST: 25 ON 7 3 = THUNDER
SNOW, ICE PELLETS, HAIL 4 = ICE PELLETS
TOTAL MONTH: 0.0 INCH 5 = HAIL
GRTST 24HR 0.0 6 = FREEZING RAIN OR DRIZZLE
GRTST DEPTH: 0 7 = DUSTSTORM OR SANDSTORM:
VSBY 1/2 MILE OR LESS
8 = SMOKE OR HAZE
[NO. OF DAYS WITH] [WEATHER - DAYS WITH] 9 = BLOWING SNOW
X = TORNADO
MAX 32 OR BELOW: 0 0.01 INCH OR MORE: 10
MAX 90 OR ABOVE: 0 0.10 INCH OR MORE: 1
MIN 32 OR BELOW: 8 0.50 INCH OR MORE: 0
MIN 0 OR BELOW: 0 1.00 INCH OR MORE: 0
[HDD (BASE 65) ]
TOTAL THIS MO. 444 CLEAR (SCALE 0-3) 16
DPTR FM NORMAL -61 PTCLDY (SCALE 4-7) 14
TOTAL FM JUL 1 8351 CLOUDY (SCALE 8-10) 1
DPTR FM NORMAL 9
[CDD (BASE 65) ]
TOTAL THIS MO. 6
DPTR FM NORMAL 5 [PRESSURE DATA]
TOTAL FM JAN 1 6 HIGHEST SLP 30.30 ON 4
DPTR FM NORMAL 5 LOWEST SLP 29.48 ON 19
[REMARKS]
#FINAL-05-20#