000
CXUS51 KOKX 011010
CF6EWR
PRELIMINARY LOCAL CLIMATOLOGICAL DATA (WS FORM: F-6)
STATION: NEWARK NJ
MONTH: DECEMBER
YEAR: 2021
LATITUDE: 40 42 N
LONGITUDE: 74 10 W
TEMPERATURE IN F: :PCPN: SNOW: WIND :SUNSHINE: SKY :PK WND
================================================================================
1 2 3 4 5 6A 6B 7 8 9 10 11 12 13 14 15 16 17 18
12Z AVG MX 2MIN
DY MAX MIN AVG DEP HDD CDD WTR SNW DPTH SPD SPD DIR MIN PSBL S-S WX SPD DR
================================================================================
1 51 39 45 3 20 0 T 0.0 0 8.4 16 240 M M 7 21 260
2 59 45 52 10 13 0 0.07 0.0 0 11.3 38 320 M M 9 47 320
3 51 38 45 4 20 0 0.00 0.0 0 12.7 24 280 M M 3 33 290
4 51 35 43 2 22 0 0.00 0.0 0 4.6 14 230 M M 5 17 230
5 52 35 44 3 21 0 0.00 0.0 0 4.8 12 120 M M 8 18 110
6 66 44 55 14 10 0 0.25 0.0 0 12.5 39 280 M M 9 1 50 280
7 45 36 41 1 24 0 0.00 0.0 0 9.9 25 300 M M 8 31 290
8 44 34 39 -1 26 0 0.02 T 0 6.4 16 260 M M 10 1 22 290
9 41 32 37 -3 28 0 0.00 0.0 0 8.3 20 320 M M 7 27 300
10 51 39 45 5 20 0 0.00 0.0 0 4.9 15 230 M M 8 18 250
11 69 44 57 18 8 0 0.19 0.0 0 11.4 36 240 M M 10 1 47 250
12 55 39 47 8 18 0 0.00 0.0 0 14.4 30 290 M M 4 38 320
13 55 37 46 7 19 0 0.00 0.0 0 13.1 21 240 M M 3 28 250
14 56 38 47 9 18 0 0.00 0.0 0 7.1 16 290 M M 5 22 310
15 55 34 45 7 20 0 T 0.0 0 6.0 14 150 M M 7 21 100
16 65 54 60 22 5 0 0.00 0.0 0 13.9 23 230 M M 8 28 240
17 62 48 55 17 10 0 0.00 0.0 0 11.3 18 280 M M 7 27 280
18 49 40 45 8 20 0 0.12 0.0 0 6.2 14 10 M M 10 18 18 10
19 47 30 39 2 26 0 0.02 0.0 0 14.9 26 340 M M 6 1 35 310
20 40 23 32 -5 33 0 0.00 0.0 0 7.4 15 340 M M 2 19 350
21 43 26 35 -2 30 0 T 0.0 0 4.9 10 230 M M 7 13 240
22 50 34 42 6 23 0 0.13 0.0 0 13.8 29 320 M M 6 18 37 330
23 39 31 35 -1 30 0 0.00 0.0 0 8.6 20 320 M M 6 25 330
24 42 32 37 1 28 0 0.01 0.1 T 4.8 14 360 M M 10 8 17 360
25 55 38 47 11 18 0 0.16 0.0 0 5.2 13 310 M M 10 1 17 330
26 55 40 48 12 17 0 0.00 0.0 0 13.6 25 330 M M 5 32 290
27 40 35 38 3 27 0 0.05 T 0 5.8 15 20 M M 8 1 18 310
28 48 37 43 8 22 0 0.12 0.0 0 5.9 12 250 M M 9 1 17 270
29 46 42 44 9 21 0 0.04 0.0 0 4.7 10 360 M M 10 18 13 110
30 50 44 47 12 18 0 0.09 0.0 0 4.7 10 350 M M 10 18 14 330
31 54 47 51 17 14 0 0.01 0.0 0 5.0 13 230 M M 10 1 15 240
================================================================================
SM 1586 1170 629 0 1.28 0.1 266.5 M 227
================================================================================
AV 51.2 37.7 8.6 FASTST M M 7 MAX(MPH)
MISC ----> 39 280 50 280
================================================================================
NOTES:
# LAST OF SEVERAL OCCURRENCES
COLUMN 17 PEAK WIND IN M.P.H.
PRELIMINARY LOCAL CLIMATOLOGICAL DATA (WS FORM: F-6) , PAGE 2
STATION: NEWARK NJ
MONTH: DECEMBER
YEAR: 2021
LATITUDE: 40 42 N
LONGITUDE: 74 10 W
[TEMPERATURE DATA] [PRECIPITATION DATA] SYMBOLS USED IN COLUMN 16
AVERAGE MONTHLY: 44.5 TOTAL FOR MONTH: 1.28 1 = FOG OR MIST
DPTR FM NORMAL: 6.5 DPTR FM NORMAL: -2.86 2 = FOG REDUCING VISIBILITY
HIGHEST: 69 ON 11 GRTST 24HR 0.25 ON 6- 6 TO 1/4 MILE OR LESS
LOWEST: 23 ON 20 3 = THUNDER
SNOW, ICE PELLETS, HAIL 4 = ICE PELLETS
TOTAL MONTH: 0.1 INCH 5 = HAIL
GRTST 24HR 0.1 ON 24-24 6 = FREEZING RAIN OR DRIZZLE
GRTST DEPTH: T 7 = DUSTSTORM OR SANDSTORM:
VSBY 1/2 MILE OR LESS
8 = SMOKE OR HAZE
[NO. OF DAYS WITH] [WEATHER - DAYS WITH] 9 = BLOWING SNOW
X = TORNADO
MAX 32 OR BELOW: 0 0.01 INCH OR MORE: 14
MAX 90 OR ABOVE: 0 0.10 INCH OR MORE: 6
MIN 32 OR BELOW: 6 0.50 INCH OR MORE: 0
MIN 0 OR BELOW: 0 1.00 INCH OR MORE: 0
[HDD (BASE 65) ]
TOTAL THIS MO. 629 CLEAR (SCALE 0-3) 2
DPTR FM NORMAL -208 PTCLDY (SCALE 4-7) 17
TOTAL FM JUL 1 1238 CLOUDY (SCALE 8-10) 12
DPTR FM NORMAL -428
[CDD (BASE 65) ]
TOTAL THIS MO. 0
DPTR FM NORMAL 0 [PRESSURE DATA]
TOTAL FM JAN 1 1663 HIGHEST SLP M ON M
DPTR FM NORMAL 393 LOWEST SLP 29.46 ON 25
[REMARKS]
#FINAL-12-21#